pic 9

Clifton PWS

sun

Now
Today
Yesterday
This Month
This Year
Monthly records
All Time Records

Archive Charts Gauges NOAA Style reports Shap Weather Station

NOAA Style reports
Select a Year or Month report

Report for 2021 Sep
                   Monthly Climatological Summary for Sep 2021

Name: Clifton Weather Station   City: Clifton   State: Cumbria
Elevation: 159 m  Lat: N 54° 37' 49"   Lon: W 002° 43' 05"

                  Temperature (°C), Rain (mm), Wind Speed (mph)

                                      Heat  Cool        Avg
    Mean                              Deg   Deg         Wind                 Dom
Day Temp  High   Time   Low    Time   Days  Days  Rain  Speed High   Time    Dir
----------------------------------------------------------------------------------
01  14.5  19.2   14:30  10.5   23:58   3.9   0.0   0.0   1.4  12.1   13:24   NNE
02  14.9  21.8   16:18   9.7   05:31   4.0   0.6   0.0   1.0   9.2   15:01     S
03  13.8  19.1   15:22   7.6   06:29   4.5   0.1   0.0   0.6   9.8   17:28    SE
04  15.0  18.2   15:27  12.6   05:44   3.3   0.0   0.0   0.6   9.8   09:53    SE
05  16.8  23.0   17:05  10.2   06:45   2.5   1.0   0.0   0.8  10.7   14:28     S
06  18.5  22.8   17:57  15.2   23:59   1.1   1.2   1.2   0.9  10.7   11:34    SW
07  18.4  26.7   17:05  12.9   03:19   2.0   2.1   0.0   0.4   6.9   16:00   SSW
08  20.5  28.0   16:05  13.7   06:21   1.3   3.5   0.0   0.7  13.0   13:17   SSE
09  19.5  23.2   15:05  17.0   23:58   0.1   1.3   2.7   0.4   6.9   15:40    SW
10  19.0  22.6   16:56  15.9   05:54   0.6   1.3   0.0   0.7   9.8   14:27   WSW
11  16.7  18.9   15:07  12.5   23:51   1.6   0.0   0.3   3.0  19.7   16:11   WSW
12  13.8  18.2   15:32  10.1   05:47   4.5   0.0   0.0   0.5   9.2   18:50   NNE
13  13.9  16.4   15:33  11.4   03:13   4.4   0.0   0.0   0.5   9.2   09:25    SE
14  15.4  19.5   14:23  12.6   23:58   3.0   0.1   0.0   0.3   9.2   15:14    SE
15  14.1  20.3   14:29   7.3   07:07   4.5   0.3   0.0   0.8   9.2   13:23    NW
16  15.8  20.7   16:56  11.8   07:10   2.8   0.3   0.3   1.4  12.1   17:55   WSW
17  16.3  20.7   14:07  13.0   00:00   2.2   0.3   0.0   1.2  15.2   10:31     S
18  16.4  19.5   14:23  14.0   07:08   2.0   0.1   0.6   0.3   6.9   04:23     W
19  15.3  19.6   13:42   9.9   23:56   3.0   0.0   5.1   1.5  15.9   03:12    SW
20  12.3  18.7   16:02   5.7   07:08   6.1   0.0   0.0   1.2  14.5   21:38     W
21  14.2  20.8   17:02   8.7   07:16   4.4   0.3   0.0   0.7   9.8   16:16    SW
22  15.7  19.2   14:26  10.5   00:00   2.6   0.0   0.3   3.1  17.4   15:05    SW
23  15.3  16.9   13:43  13.2   07:08   3.0   0.0   0.3   4.1  22.8   11:28     W
24  17.1  21.0   15:08  14.4   04:29   1.6   0.4   0.3   4.6  21.3   13:26   WSW
25  17.5  21.3   14:00  13.4   06:52   1.5   0.7   0.0   0.9  10.7   12:45    SW
26  17.2  19.6   14:47  15.6   22:17   1.1   0.1   0.3   2.9  22.8   21:18     S
27  12.5  16.6   00:07   9.5   09:39   5.8   0.0  22.8   3.5  22.8   16:01    SW
28  10.2  13.5   14:00   7.8   23:43   8.1   0.0  23.7   1.5  15.2   13:15     S
29   9.0  12.6   15:55   5.8   23:58   9.3   0.0   1.2   2.3  17.4   13:04   WNW
30  11.7  16.0   13:44   5.3   00:48   6.6   0.0   3.9   3.0  19.0   09:17   SSW
----------------------------------------------------------------------------------
    15.4  28.0     8     5.3    30   101.4  13.7  63.0   1.5  22.8    23      SW

Max >=  27.0  1
Max <=   0.0  0
Min <=   0.0  0
Min <= -18.0  0
Max Rain: 23.7 on day 28
Days of Rain: 14 (>= 0.2 mm)  5 (>= 2.0 mm)  2 (>= 20.0 mm)
Heat Base: 18.3  Cool Base: 18.3  Method: Integration
Update : 09/01/2019 01:15:03
Powered by Cumulus :v3.0.0 (3043)