pic 9

Clifton PWS

sun

Now
Today
Yesterday
This Month
This Year
Monthly records
All Time Records

Archive Charts Gauges NOAA Style reports Shap Weather Station

NOAA Style reports
Select a Year or Month report

Report for 2021 Aug
                   Monthly Climatological Summary for Aug 2021

Name: Clifton Weather Station   City: Clifton   State: Cumbria
Elevation: 159 m  Lat: N 54° 37' 49"   Lon: W 002° 43' 05"

                  Temperature (°C), Rain (mm), Wind Speed (mph)

                                      Heat  Cool        Avg
    Mean                              Deg   Deg         Wind                 Dom
Day Temp  High   Time   Low    Time   Days  Days  Rain  Speed High   Time    Dir
----------------------------------------------------------------------------------
01  15.6  19.3   17:58  12.9   23:57   2.7   0.0   0.6   1.1   9.8   14:54   NNE
02  15.4  20.9   17:31  10.2   23:49   3.3   0.4   0.0   1.5  13.0   12:59    SW
03  14.2  21.2   15:12   6.7   04:21   4.5   0.4   0.0   0.9   9.8   12:31   WSW
04  16.1  23.0   15:26   8.3   05:39   3.5   1.3   0.0   1.9  16.8   14:36   SSW
05  17.1  22.6   13:19  13.1   02:10   2.0   0.8   0.6   1.7  24.4   11:10    SE
06  16.7  19.8   14:06  14.5   23:33   1.7   0.1  12.0   2.3  16.8   19:37   SSW
07  15.8  19.4   18:00  13.1   06:29   2.5   0.0   5.4   1.9  14.5   09:12     S
08  16.0  19.8   15:37  13.3   05:04   2.4   0.1   5.4   2.8  21.3   15:42   WSW
09  15.8  19.2   15:09  13.0   04:45   2.5   0.0   0.3   2.3  14.5   16:06    SW
10  16.6  20.9   16:46  12.8   23:55   2.2   0.5   0.0   1.7  16.8   14:53     W
11  16.1  21.0   15:55  12.0   02:29   2.4   0.2   1.2   2.4  16.8   14:38     S
12  15.6  20.2   13:26  10.6   05:44   2.9   0.2   0.3   3.7  22.8   19:27   SSW
13  16.3  20.6   16:20  13.4   03:24   2.1   0.1   0.0   4.8  23.5   14:02    SW
14  16.1  19.1   17:19  12.6   06:07   2.3   0.1   0.0   2.6  17.4   11:21   WSW
15  14.5  16.9   18:33  12.2   05:45   3.8   0.0   3.0   1.4  14.5   22:37    NW
16  15.1  19.0   16:57  12.7   04:44   3.2   0.0   0.0   3.6  15.9   18:52   WNW
17  16.3  20.2   17:58  13.5   04:54   2.2   0.1   1.8   3.3  15.9   09:57     W
18  15.9  19.4   16:20  13.8   05:46   2.4   0.0   0.0   3.0  18.3   16:54     W
19  15.6  19.5   13:52  13.1   07:07   2.7   0.0   0.6   0.5   7.6   01:04     N
20  17.3  21.0   16:44  14.2   01:18   1.6   0.6   2.7   0.5   8.3   17:46   SSW
21  17.5  21.4   15:38  15.9   05:58   1.2   0.5   5.7   0.6  15.2   18:23     S
22  17.4  21.2   13:22  15.2   01:19   1.3   0.5   7.2   0.7   8.3   11:08   NNW
23  18.2  24.0   16:14  12.6   06:14   1.6   1.4   0.0   0.5   7.6   11:09   SSE
24  17.6  25.1   17:32  11.0   06:34   2.3   1.6   0.0   0.5   8.3   15:12    NE
25  18.0  24.8   16:46  12.4   06:35   2.0   1.7   0.0   0.8  10.7   15:46     N
26  16.0  19.5   17:17  10.0   23:59   2.5   0.1   0.0   2.1  13.6   07:54     N
27  14.1  19.3   17:05   8.9   02:17   4.2   0.1   0.0   1.2   8.3   15:12   NNE
28  14.1  21.4   17:28   6.9   06:30   4.7   0.5   0.0   1.0   9.8   15:48   NNW
29  14.3  19.0   15:42  10.6   03:11   4.0   0.0   0.0   1.2  12.1   17:32     N
30  14.5  19.0   13:55  11.0   03:07   3.8   0.0   0.0   1.5  12.1   13:56   NNE
31  14.2  18.7   15:15  11.4   06:16   4.1   0.0   0.0   1.4  10.7   18:26   NNE
----------------------------------------------------------------------------------
    15.9  25.1    24     6.7     3    84.6  11.3  46.8   1.8  24.4     5     WSW

Max >=  27.0  0
Max <=   0.0  0
Min <=   0.0  0
Min <= -18.0  0
Max Rain: 12.0 on day 6
Days of Rain: 14 (>= 0.2 mm)  7 (>= 2.0 mm)  0 (>= 20.0 mm)
Heat Base: 18.3  Cool Base: 18.3  Method: Integration
Update : 09/01/2019 01:15:03
Powered by Cumulus :v3.0.0 (3043)