pic 9

Clifton PWS

sun

Now
Today
Yesterday
This Month
This Year
Monthly records
All Time Records

Archive Charts Gauges NOAA Style reports Shap Weather Station

NOAA Style reports
Select a Year or Month report

Report for 2021 Jul
                   Monthly Climatological Summary for Jul 2021

Name: Clifton Weather Station   City: Clifton   State: Cumbria
Elevation: 159 m  Lat: N 54° 37' 49"   Lon: W 002° 43' 05"

                  Temperature (°C), Rain (mm), Wind Speed (mph)

                                      Heat  Cool        Avg
    Mean                              Deg   Deg         Wind                 Dom
Day Temp  High   Time   Low    Time   Days  Days  Rain  Speed High   Time    Dir
----------------------------------------------------------------------------------
01  16.4  23.6   16:40   9.2   04:38   3.1   1.2   0.0   1.1  10.7   13:11   NNW
02  17.4  23.5   13:20  13.9   06:08   1.5   0.7   2.7   0.7  13.0   12:12   SSW
03  16.7  19.8   15:40  13.0   05:06   1.8   0.2   6.9   0.4  10.7   12:51   SSE
04  18.0  24.0   14:37  14.7   04:56   1.3   1.0   5.1   0.7  15.9   12:10     S
05  16.6  20.1   16:27  13.2   23:28   2.0   0.2   3.0   2.6  16.8   13:28    SW
06  14.0  17.0   15:29  11.3   23:59   4.3   0.0   6.3   1.6  13.0   14:34   WNW
07  15.9  22.8   13:39   8.3   05:00   3.4   1.1   0.0   2.1  17.4   16:18     W
08  16.1  20.9   15:54  10.3   04:33   2.6   0.4   0.0   1.1   8.3   15:53   WNW
09  17.0  22.3   11:59  13.5   23:54   1.8   0.5   0.0   0.8   8.3   13:17   NNW
10  17.7  25.1   15:42  13.6   03:16   1.8   1.3   1.2   0.5   9.2   17:19   SSE
11  18.3  23.0   14:56  13.9   05:18   1.0   1.1   2.4   0.7  11.4   13:36     S
12  18.2  21.7   11:37  15.3   05:59   1.0   0.9   0.9   0.7   7.6   19:34   NNE
13  18.5  23.1   16:05  15.4   04:45   1.1   1.3   0.0   2.1  10.7   11:51   NNW
14  18.3  22.8   18:31  13.0   04:27   1.4   1.4   0.0   2.0  13.6   17:25    NW
15  19.5  25.6   18:45  15.0   06:17   1.0   2.2   0.0   2.0  11.4   01:32   NNW
16  20.0  25.6   18:04  13.3   04:58   1.1   2.9   0.0   1.8  16.8   13:06    NW
17  21.5  27.7   17:54  14.4   04:36   0.7   3.9   0.0   2.0  14.5   15:30     W
18  21.0  26.2   18:28  15.2   04:51   0.4   3.2   0.0   1.4  15.9   14:50    NW
19  20.5  26.6   17:27  13.7   05:17   1.0   3.2   0.0   1.1   9.8   17:28    NW
20  20.8  27.6   16:27  13.0   05:16   1.1   3.6   0.0   1.3   9.2   13:37    NW
21  22.2  28.9   15:12  14.8   05:42   0.5   4.5   0.0   0.9  13.6   15:53   NNW
22  22.3  30.1   17:48  15.2   04:54   0.5   4.5   0.0   1.1   8.3   13:17    NW
23  21.3  28.3   16:15  15.7   04:04   0.6   3.6   0.0   1.1  13.6   14:11    SE
24  18.8  24.2   17:01  13.7   23:55   1.2   1.6   0.0   1.1  13.6   17:59   SSE
25  17.4  23.7   14:35  10.2   05:23   2.6   1.7   0.0   1.1   9.2   13:18   NNE
26  18.1  24.5   15:13  10.7   05:28   2.3   2.1   0.0   1.1   9.8   18:15   NNW
27  18.3  23.4   13:53  14.7   03:55   1.0   1.0   0.0   0.6   6.9   16:08   NNW
28  15.8  20.2   12:12  13.1   23:39   2.6   0.1  13.8   2.1  15.9   12:30    SW
29  15.9  19.8   13:17  12.6   05:17   2.5   0.1   1.8   3.9  19.0   14:01   WSW
30  15.1  16.7   15:36  14.1   03:18   3.2   0.0   9.3   0.9   8.3   15:41    NW
31  16.1  19.9   14:05  13.9   23:59   2.3   0.1   0.0   1.9  13.6   19:52     W
----------------------------------------------------------------------------------
    18.2  30.1    22     8.3     7    52.7  49.6  53.4   1.4  19.0    29     WNW

Max >=  27.0  5
Max <=   0.0  0
Min <=   0.0  0
Min <= -18.0  0
Max Rain: 13.8 on day 28
Days of Rain: 11 (>= 0.2 mm)  8 (>= 2.0 mm)  0 (>= 20.0 mm)
Heat Base: 18.3  Cool Base: 18.3  Method: Integration
Update : 09/01/2019 01:15:03
Powered by Cumulus :v3.0.0 (3043)