pic 9

Clifton PWS

sun

Now
Today
Yesterday
This Month
This Year
Monthly records
All Time Records

Archive Charts Gauges NOAA Style reports Shap Weather Station

NOAA Style reports
Select a Year or Month report

Report for 2021 May
                   Monthly Climatological Summary for May 2021

Name: Clifton Weather Station   City: Clifton   State: Cumbria
Elevation: 159 m  Lat: N 54° 37' 49"   Lon: W 002° 43' 05"

                  Temperature (°C), Rain (mm), Wind Speed (mph)

                                      Heat  Cool        Avg
    Mean                              Deg   Deg         Wind                 Dom
Day Temp  High   Time   Low    Time   Days  Days  Rain  Speed High   Time    Dir
----------------------------------------------------------------------------------
01   5.4  12.5   16:20  -1.5   05:56  12.9   0.0   0.0   0.7   9.2   13:09   WNW
02   6.9  12.5   14:41   1.6   05:20  11.4   0.0   0.0   1.8  16.8   14:42     W
03   5.9   9.4   18:26   2.0   04:32  12.4   0.0   1.2   1.9  21.3   14:26   SSE
04   5.1   7.8   14:23   1.8   23:59  13.2   0.0  10.5   3.5  22.8   06:45    NW
05   4.9  10.5   16:09   0.0   04:42  13.4   0.0   0.9   2.1  19.0   14:38    NW
06   3.9   8.2   18:24  -1.2   05:23  14.4   0.0   1.8   2.3  15.9   15:11   WNW
07   6.9  12.3   16:38   1.8   03:40  11.4   0.0   0.9   1.2  15.2   14:26   WSW
08   7.0  14.0   17:43   1.8   01:59  11.3   0.0   7.5   2.3  18.3   16:38     S
09  12.2  15.5   18:53   9.5   05:52   6.1   0.0   0.0   3.4  21.3   14:40     S
10  12.0  16.1   16:28   9.4   05:11   6.3   0.0   0.3   4.9  28.2   20:01   SSW
11  11.0  17.1   15:06   6.8   23:54   7.3   0.0   0.0   2.9  26.6   01:11     S
12  10.2  15.2   13:53   5.9   01:25   8.1   0.0   0.3   1.6  13.6   16:50    SW
13   8.9  15.9   12:46   3.0   05:21   9.3   0.0  11.4   0.9  11.4   12:36    NW
14   9.9  14.9   16:43   4.9   03:11   8.4   0.0   0.0   0.2   6.9   16:43    SE
15  11.4  16.4   15:56   7.4   05:22   6.9   0.0   0.3   0.7  11.4   10:11    SE
16  11.5  15.3   10:43   8.2   04:30   6.8   0.0   4.5   0.7  13.0   11:19   NNW
17  11.0  14.8   13:31   8.1   04:15   7.3   0.0  11.4   2.3  16.8   18:08     W
18  11.5  16.3   17:59   7.5   03:04   6.8   0.0   0.3   1.8  14.5   15:15   WNW
19  10.7  16.0   17:02   4.5   04:31   7.6   0.0   0.0   2.3  15.2   14:53     W
20   8.9  12.2   11:15   5.2   04:00   9.4   0.0  17.7   1.4  20.6   15:58   ESE
21  10.1  13.5   09:50   6.2   23:49   8.2   0.0   3.9   3.1  19.0   16:50   NNE
22   8.5  12.3   19:06   5.4   05:26   9.8   0.0   0.0   2.7  14.5   00:10    NW
23   8.5  14.0   14:40   4.6   01:18   9.8   0.0  11.7   2.5  24.4   11:37     S
24  10.1  14.9   15:01   5.7   05:12   8.2   0.0   2.1   3.5  19.7   17:51   WSW
25   9.8  13.2   14:54   7.5   23:46   8.5   0.0   8.1   2.6  16.8   11:25   WNW
26  10.7  15.8   15:26   7.2   03:05   7.6   0.0   0.9   1.8  11.4   15:15    NW
27  12.3  18.1   13:11   5.4   05:26   6.0   0.0   0.0   0.7   6.9   10:56     N
28  13.6  17.8   14:10   9.2   00:41   4.7   0.0   0.3   0.7   9.8   12:14    SW
29  16.7  22.1   15:52  11.3   04:58   2.4   0.8   0.0   0.8   9.8   17:22   NNW
30  17.7  23.9   17:50  10.6   05:08   2.4   1.8   0.0   0.7  10.7   09:43    SE
31  16.3  23.7   18:38   7.3   04:46   3.3   1.4   0.0   1.8  19.0   13:10     S
----------------------------------------------------------------------------------
    10.0  23.9    30    -1.5     1   261.6   4.0  96.0   1.9  28.2    10     WSW

Max >=  27.0  0
Max <=   0.0  0
Min <=   0.0  3
Min <= -18.0  0
Max Rain: 17.7 on day 20
Days of Rain: 20 (>= 0.2 mm)  10 (>= 2.0 mm)  0 (>= 20.0 mm)
Heat Base: 18.3  Cool Base: 18.3  Method: Integration
Update : 09/01/2019 01:15:03
Powered by Cumulus :v3.0.0 (3043)