pic 9

Clifton PWS

sun

Now
Today
Yesterday
This Month
This Year
Monthly records
All Time Records

Archive Charts Gauges NOAA Style reports Shap Weather Station

NOAA Style reports
Select a Year or Month report

Report for 2021 Apr
                   Monthly Climatological Summary for Apr 2021

Name: Clifton Weather Station   City: Clifton   State: Cumbria
Elevation: 159 m  Lat: N 54° 37' 49"   Lon: W 002° 43' 05"

                  Temperature (°C), Rain (mm), Wind Speed (mph)

                                      Heat  Cool        Avg
    Mean                              Deg   Deg         Wind                 Dom
Day Temp  High   Time   Low    Time   Days  Days  Rain  Speed High   Time    Dir
----------------------------------------------------------------------------------
01   8.1  11.7   15:27   3.0   23:58  10.2   0.0   0.0   0.5   8.3   10:40   ESE
02   4.7  11.3   14:35   0.7   03:33  13.5   0.0   0.0   1.8  13.6   13:12    NE
03   6.7  12.3   17:02   2.2   06:27  11.6   0.0   0.0   1.5   9.2   10:10    NW
04   5.9  12.5   14:20   0.0   06:39  12.4   0.0   0.0   4.1  27.3   21:30     W
05   3.2   7.1   00:00  -0.5   07:56  15.1   0.0   0.0   5.4  24.4   00:09   NNW
06   1.6   5.4   14:28  -1.0   05:56  16.7   0.0   0.0   3.8  27.3   15:11   NNW
07   2.3   6.7   16:00  -2.9   04:39  16.0   0.0   0.0   2.2  15.2   12:52   WNW
08   6.8  10.0   13:40   3.9   00:05  11.5   0.0   3.9   5.9  28.2   15:18   WSW
09   5.0   8.5   16:47   0.8   23:41  13.3   0.0   0.3   3.2  22.1   01:45    NW
10   2.3   9.9   14:32  -3.2   06:39  16.0   0.0   0.0   1.0  12.1   15:12   ENE
11   1.8   6.8   13:41  -2.0   03:13  16.4   0.0   0.0   1.8  15.2   14:49   NNW
12   2.1   8.3   18:02  -4.2   06:06  16.1   0.0   0.0   1.0   9.8   17:51    NW
13   4.3  10.5   16:31  -2.4   04:29  13.9   0.0   0.0   1.1  11.4   16:12     W
14   6.6  13.8   17:24  -0.1   06:22  11.7   0.0   0.3   0.6   9.2   17:58     E
15   6.3  13.4   18:22  -1.0   05:59  12.0   0.0   0.0   0.5  10.7   14:23    SE
16   6.1  13.2   13:49  -0.4   05:54  12.2   0.0   0.0   0.8  11.4   17:00   NNW
17   7.1  15.8   16:52  -0.3   06:27  11.2   0.0   0.0   0.8   8.3   16:23   NNW
18   9.1  14.7   14:19   3.1   05:47   9.2   0.0   0.0   0.7   8.3   14:30   WNW
19  10.9  17.4   16:49   5.7   07:01   7.4   0.0   0.0   1.1  12.1   12:28   SSW
20  10.0  16.0   13:34   3.3   06:21   8.3   0.0   0.0   1.2  11.4   13:48     N
21   9.6  14.4   16:14   4.6   23:57   8.7   0.0   0.0   0.9   9.8   15:22   ESE
22   7.4  16.5   17:06  -0.6   05:31  10.9   0.0   0.0   0.6   9.2   15:52   NNE
23  10.2  18.7   17:45   1.2   05:53   8.1   0.0   0.0   0.5  10.7   11:44   SSE
24  10.0  18.3   14:11   4.8   06:06   7.8   0.0   0.0   0.9   9.2   14:50   SSE
25   9.1  15.9   17:24   2.5   06:58   9.2   0.0   0.0   0.8  11.4   14:46    SE
26   8.4  15.0   15:06   0.7   06:01   9.9   0.0   0.0   1.6  13.6   21:09    SW
27   8.8  12.8   15:06   5.4   23:08   9.5   0.0   0.3   2.8  17.4   22:54   ENE
28   6.6   9.9   15:28   2.6   23:57  11.7   0.0   0.0   3.3  15.9   02:01    NE
29   5.0  10.3   17:49   0.6   05:53  13.3   0.0   0.0   1.8  14.5   12:51     N
30   6.2  12.3   16:53   2.1   23:51  12.1   0.0   0.0   1.5  15.2   12:53    NE
----------------------------------------------------------------------------------
     6.4  18.7    23    -4.2    12   355.9   0.0   4.8   1.8  28.2     8     NNW

Max >=  27.0  0
Max <=   0.0  0
Min <=   0.0 13
Min <= -18.0  0
Max Rain: 3.9 on day 8
Days of Rain: 4 (>= 0.2 mm)  1 (>= 2.0 mm)  0 (>= 20.0 mm)
Heat Base: 18.3  Cool Base: 18.3  Method: Integration
Update : 09/01/2019 01:15:03
Powered by Cumulus :v3.0.0 (3043)