pic 9

Clifton PWS

sun

Now
Today
Yesterday
This Month
This Year
Monthly records
All Time Records

Archive Charts Gauges NOAA Style reports Shap Weather Station

NOAA Style reports
Select a Year or Month report

Report for 2021 Jan
                   Monthly Climatological Summary for Jan 2021

Name: Clifton Weather Station   City: Clifton   State: Cumbria
Elevation: 159 m  Lat: N 54° 37' 49"   Lon: W 002° 43' 05"

                  Temperature (°C), Rain (mm), Wind Speed (mph)

                                      Heat  Cool        Avg
    Mean                              Deg   Deg         Wind                 Dom
Day Temp  High   Time   Low    Time   Days  Days  Rain  Speed High   Time    Dir
----------------------------------------------------------------------------------
01   2.6   4.1   13:02   0.2   23:53  15.7   0.0   0.3   1.6  11.4   12:53    NW
02  -0.6   1.1   20:21  -3.5   08:08  18.9   0.0   0.0   1.0   9.8   17:14   WNW
03   1.7   5.0   13:37   0.5   23:40  16.6   0.0   0.6   1.6  12.1   19:53   NNW
04   2.1   3.6   14:48   0.4   01:13  16.2   0.0   0.6   3.6  15.9   18:43    NE
05   1.5   3.0   12:36   0.6   23:53  16.8   0.0   0.3   2.4  19.7   10:43   NNE
06  -0.2   1.9   14:48  -2.3   20:16  18.5   0.0   0.0   1.1   7.6   00:26     W
07  -0.8   1.4   15:12  -3.7   02:15  19.1   0.0   0.6   0.1   4.5   00:12     W
08  -0.3   0.9   00:00  -4.4   23:50  18.6   0.0   0.6   1.1   8.3   03:49   WNW
09  -2.2   1.2   14:26  -5.9   08:32  20.5   0.0   0.0   0.1   3.8   19:07   ESE
10   4.1   6.0   22:46   0.9   00:07  14.2   0.0   1.2   1.7  16.8   23:28   WSW
11   7.3   9.2   13:52   5.8   00:14  11.0   0.0   7.5   7.6  31.1   13:07   WSW
12   0.8   6.8   00:05  -2.0   21:42  17.5   0.0   0.6   0.6   9.8   00:06   WNW
13   0.6   2.3   19:59  -2.0   00:00  17.7   0.0  15.0   0.5  11.4   19:12   ESE
14   1.4   2.6   03:07   0.2   23:57  16.9   0.0   9.3   0.4   9.2   01:06   ESE
15  -1.4   0.7   13:30  -4.4   07:53  19.7   0.0   0.0   0.3  11.4   23:30    SE
16   4.5   7.7   14:05   0.2   00:00  13.8   0.0   3.3   5.1  27.3   16:27   WSW
17   4.8   6.1   13:35   2.9   08:16  13.5   0.0   1.2   4.9  19.0   14:58     W
18   5.7   6.6   11:35   4.7   04:14  12.6   0.0   2.1   3.3  18.3   05:38   WSW
19   6.8   9.0   21:30   5.4   01:59  11.5   0.0  24.6   0.8  16.8   21:41   SSW
20   5.3   9.2   01:23   0.8   22:46  13.0   0.0  13.2   0.9  11.4   01:19   NNW
21   2.9   5.2   13:52   0.9   00:00  15.4   0.0   8.4   6.5  22.8   06:02     W
22   2.4   5.0   14:29  -0.3   23:43  15.9   0.0   0.9   3.8  22.1   00:53     W
23  -0.7   2.9   13:39  -2.9   23:55  19.0   0.0   0.0   0.3   8.3   14:06   WNW
24  -1.7   2.1   14:46  -3.5   05:25  20.0   0.0   0.0   0.2   3.8   00:37   ENE
25   1.0   4.7   13:25  -4.2   03:27  17.3   0.0   0.3   3.3  22.1   15:10     W
26   1.5   3.2   11:59  -0.7   03:28  16.8   0.0   1.8   0.6  13.6   12:33   SSE
27   5.4   8.7   12:45   2.1   01:59  12.9   0.0   0.0   0.7   9.8   06:43     W
28   4.2   6.3   22:33   2.1   08:15  14.1   0.0  20.4   0.8  12.1   06:13   ESE
29   5.5   7.6   03:18   2.4   23:52  12.8   0.0   2.1   1.9  16.8   06:37    NW
30   1.8   3.8   11:24  -1.4   23:53  16.5   0.0   0.0   2.3  21.3   11:47     E
31   0.0   3.3   12:49  -3.2   07:16  18.3   0.0   0.0   0.7  15.2   16:57    SE
----------------------------------------------------------------------------------
     2.1   9.2    11    -5.9     9   501.3   0.0 114.9   1.9  31.1    11       W

Max >=  27.0  0
Max <=   0.0  0
Min <=   0.0 15
Min <= -18.0  0
Max Rain: 24.6 on day 19
Days of Rain: 22 (>= 0.2 mm)  10 (>= 2.0 mm)  2 (>= 20.0 mm)
Heat Base: 18.3  Cool Base: 18.3  Method: Integration
Update : 09/01/2019 01:15:03
Powered by Cumulus :v3.0.0 (3043)