pic 9

Clifton PWS

sun

Now
Today
Yesterday
This Month
This Year
Monthly records
All Time Records

Archive Charts Gauges NOAA Style reports Shap Weather Station

NOAA Style reports
Select a Year or Month report

Report for 2021
                   Annual Climatological Summary for 2021

Name: Clifton Weather Station   City: Clifton   State: Cumbria
Elevation: 159 m  Lat: N 54° 37' 49"   Lon: W 002° 43' 05"

                  Temperature (°C), Heat Base: 18.3  Cool Base: 18.3
                          Dep.  Heat  Cool                       Max  Max  Min  Min
        Mean  Mean        From  Deg   Deg                        >=   <=   <=   <=
 YR MO  Max   Min   Mean  Norm  Days  Days  Hi  Date  Low  Date 27.0  0.0  0.0 -18.0
------------------------------------------------------------------------------------
 21  1   4.6  -0.5   2.1   0.0   501     0   9.2  11  -5.9    9    0    0   15    0
 21  2   6.9   1.7   4.3   0.0   392     0  11.7  21  -7.4   11    0    0    7    0
 21  3  10.6   3.7   7.0   0.0   350     0  19.0  31  -2.6    6    0    0    4    0
 21  4  12.3   1.0   6.4   0.0   356     0  18.7  23  -4.2   12    0    0   13    0
 21  5  14.9   5.4  10.0   0.0   262     4  23.9  30  -1.5    1    0    0    3    0
 21  6  21.0  10.9  16.0   0.0    90    19  25.5   1   5.1   22    0    0    0    0
 21  7  23.5  13.3  18.2   0.0    53    50  30.1  22   8.3    7    5    0    0    0
 21  8  20.5   9.9  15.1   0.0    10     1  21.2   3   6.7    3    0    0    0    0
 21  9
 21 10
 21 11
 21 12
------------------------------------------------------------------------------------
        13.6   5.2   9.3   0.0  2013    73  30.1 Jul  -7.4  Feb    5    0   42    0

                                Precipitation (mm)

              Dep.   Max        Days of Rain
              From   Obs.           >=
 YR MO Total  Norm   Day Date  0.2  2.0 20.0
---------------------------------------------
 21  1 114.9   0.0  24.6  19    22   10    2
 21  2 128.1   0.0  24.9  23    16   12    2
 21  3 104.7   0.0  20.7  28    17   11    1
 21  4   4.8   0.0   3.9   8     4    1    0
 21  5  96.0   0.0  17.7  20    20   10    0
 21  6  22.2   0.0  12.3  25     5    2    0
 21  7  53.4   0.0  13.8  28    11    8    0
 21  8   0.6   0.0   0.6   1     1    0    0
---------------------------------------------
       524.7   0.0  24.9  Feb   96   54    5

                                Wind Speed (mph)
                          Dom
 YR MO   Avg.  Hi   Date  Dir
------------------------------
 21  1   1.9  31.1   11     W
 21  2   3.2  35.8   20   SSE
 21  3   3.8  47.2   10    SW
 21  4   1.8  28.2    8    NW
 21  5   1.9  28.2   10   WSW
 21  6   1.9  24.4   10    SW
 21  7   1.4  19.0   29     W
 21  8   1.2  13.0    2     W
 21  9
 21 10
 21 11
 21 12
------------------------------
         2.2  47.2  Mar   WSW
Update : 09/01/2019 01:15:03
Powered by Cumulus :v3.0.0 (3043)