pic 9

Clifton PWS

sun

Now
Today
Yesterday
This Month
This Year
Monthly records
All Time Records

Archive Charts Gauges NOAA Style reports Shap Weather Station

NOAA Style reports
Select a Year or Month report

Report for 2020 Dec
                   Monthly Climatological Summary for Dec 2020

Name: Clifton Weather Station   City: Clifton   State: Cumbria
Elevation: 159 m  Lat: N 54° 37' 49"   Lon: W 002° 43' 05"

                  Temperature (°C), Rain (mm), Wind Speed (mph)

                                      Heat  Cool        Avg
    Mean                              Deg   Deg         Wind                 Dom
Day Temp  High   Time   Low    Time   Days  Days  Rain  Speed High   Time    Dir
----------------------------------------------------------------------------------
01   2.2   5.0   14:22  -0.7   06:25  16.1   0.0   0.0   0.0   3.1   16:58   ENE
02   4.5   7.5   12:18   1.6   01:45  13.8   0.0   1.8   1.6  15.9   10:28   WSW
03   2.9   3.9   13:11   1.9   22:41  15.4   0.0   3.9   1.0  14.5   23:44     N
04   2.4   5.2   21:30   0.6   03:13  15.9   0.0  18.3   3.2  19.0   21:59     N
05   3.0   5.4   14:13   1.1   23:23  15.3   0.0   0.6   1.7  22.8   00:19    NE
06   3.7   5.6   14:28   1.1   00:03  14.6   0.0   0.3   0.5   6.9   08:58   WNW
07   3.0   4.2   12:04   2.3   02:21  15.3   0.0   0.0   1.0  13.0   22:32     W
08   5.6   7.4   12:06   3.3   00:00  12.7   0.0   3.6   1.9  14.5   05:01   WSW
09   5.5   6.9   11:25   3.5   23:38  12.8   0.0   0.0   0.8   9.2   01:24     W
10   5.6   6.8   11:04   3.4   00:27  12.7   0.0   3.0   0.9  13.6   11:27   SSE
11   6.8   8.0   12:12   5.7   04:08  11.5   0.0   1.5   0.2   8.3   01:15    SE
12   6.6   7.8   12:54   3.7   23:18  11.7   0.0   2.1   0.8   9.8   10:34   WNW
13   6.3   9.8   22:59   3.2   01:06  12.0   0.0  11.1   2.0  19.7   19:51     S
14   8.1   9.4   00:00   7.0   23:43  10.2   0.0  17.4   5.5  27.3   01:09   SSW
15   6.9   8.3   13:45   6.0   04:57  11.4   0.0   1.8   3.7  20.6   15:33     S
16   7.2   8.8   11:37   6.0   00:08  11.1   0.0  13.2   3.6  25.9   18:46     S
17   7.6   9.6   23:39   6.0   05:42  10.7   0.0   6.9   3.7  19.0   17:30   SSW
18  11.2  12.9   14:11   9.6   00:00   7.1   0.0   9.9   6.0  30.4   22:53     S
19   8.3  11.8   00:00   6.3   19:02  10.0   0.0   8.1   6.6  33.6   12:47     S
20   6.3   7.5   10:26   4.4   19:11  12.0   0.0   7.5   3.1  26.6   00:36   SSW
21   6.0   7.4   13:11   4.0   07:15  12.3   0.0   1.5   0.9  13.6   00:01   SSW
22   3.3   5.4   00:05   1.7   07:26  15.0   0.0   0.0   0.5   9.8   00:00   WSW
23   4.0   5.4   17:20   1.9   23:54  14.3   0.0   6.9   2.6  18.3   14:57   NNE
24   1.0   2.6   12:48  -0.9   23:23  17.3   0.0   0.0   2.0  15.2   10:59    NW
25   0.6   6.5   23:47  -3.5   07:07  17.7   0.0   0.0   0.8  13.6   23:48    SW
26   6.6   7.3   03:37   5.8   09:05  11.7   0.0  22.8   8.9  37.4   18:01    SW
27   2.9   6.4   00:00   1.2   19:57  15.4   0.0   6.9   3.4  19.7   00:52   WSW
28  -0.3   1.8   00:12  -2.3   17:42  18.6   0.0   0.0   0.2   8.3   02:47   WSW
29   0.5   3.0   14:12  -1.3   03:04  17.8   0.0   0.3   0.8   8.3   08:01   WNW
30  -1.0   1.1   12:41  -3.0   21:11  19.3   0.0   0.0   0.1   3.8   14:10   ENE
31   0.7   1.8   22:40  -0.7   00:00  17.6   0.0   0.6   0.4   9.8   00:11    NW
----------------------------------------------------------------------------------
     4.5  12.9    18    -3.5    25   429.3   0.0 150.0   2.2  37.4    26     SSW

Max >=  27.0  0
Max <=   0.0  0
Min <=   0.0  7
Min <= -18.0  0
Max Rain: 22.8 on day 26
Days of Rain: 23 (>= 0.2 mm)  15 (>= 2.0 mm)  1 (>= 20.0 mm)
Heat Base: 18.3  Cool Base: 18.3  Method: Integration
Update : 09/01/2019 01:15:03
Powered by Cumulus :v3.0.0 (3043)