pic 9

Clifton PWS

sun

Now
Today
Yesterday
This Month
This Year
Monthly records
All Time Records

Archive Charts Gauges NOAA Style reports Shap Weather Station

NOAA Style reports
Select a Year or Month report
V/Λ2021 > Jan Feb Mar Apr May Jun Jul Aug Sep Oct Nov Dec
V/Λ2020 > Jan Feb Mar Apr May Jun Jul Aug Sep Oct Nov Dec
V/Λ2019 > Jan Feb Mar Apr May Jun Jul Aug Sep Oct Nov Dec
V/Λ2018 > Jan Feb Mar Apr May Jun Jul Aug Sep Oct Nov Dec
V/Λ2017 > Jan Feb Mar Apr May Jun Jul Aug Sep Oct Nov Dec
V/Λ2016 > Jan Feb Mar Apr May Jun Jul Aug Sep Oct Nov Dec
V/Λ2015 > Jan Feb Mar Apr May Jun Jul Aug Sep Oct Nov Dec
V/Λ2014 > Jan Feb Mar Apr May Jun Jul Aug Sep Oct Nov Dec
V/Λ2013 > Jan Feb Mar Apr May Jun Jul Aug Sep Oct Nov Dec
V/Λ2012 > Jan Feb Mar Apr May Jun Jul Aug Sep Oct Nov Dec
V/Λ2011 > Jan Feb Mar Apr May Jun Jul Aug Sep Oct Nov Dec
V/Λ2010 > Jan Feb Mar Apr May Jun Jul Aug Sep Oct Nov Dec
V/Λ2009 > Jan Feb Mar Apr May Jun Jul Aug Sep Oct Nov Dec

Report for 2021 Mar
                   Monthly Climatological Summary for Mar 2021

Name: Clifton Weather Station   City: Clifton   State: Cumbria
Elevation: 159 m  Lat: N 54° 37' 49"   Lon: W 002° 43' 05"

                  Temperature (°C), Rain (mm), Wind Speed (mph)

                                      Heat  Cool        Avg
    Mean                              Deg   Deg         Wind                 Dom
Day Temp  High   Time   Low    Time   Days  Days  Rain  Speed High   Time    Dir
----------------------------------------------------------------------------------
01   3.6  11.4   15:23  -1.2   06:21  14.7   0.0   0.0   0.4   6.9   12:53    SE
02   3.0  10.3   15:51  -2.0   06:45  15.3   0.0   0.3   0.3   5.4   16:44    NE
03   2.1   6.9   15:09  -2.2   02:58  16.2   0.0   0.0   0.4   6.0   12:56   ENE
04   3.1   6.3   11:27   0.6   06:42  15.2   0.0   0.0   2.5  19.0   16:07    NE
05   3.7   6.5   15:13   1.4   23:55  14.6   0.0   0.0   0.7   6.9   08:35   NNE
06   2.2   6.3   13:58  -2.6   04:54  16.1   0.0   0.0   1.1  10.7   13:42    SW
07   4.5   9.6   15:07   0.1   04:12  13.8   0.0   0.0   0.6   8.3   15:06    NW
08   6.7   9.4   12:55   3.7   04:08  11.6   0.0   0.9   2.8  19.7   13:41     W
09   7.2   9.2   13:38   4.7   23:49  11.1   0.0   5.4   3.8  29.8   23:10     S
10   7.8  10.7   17:17   4.5   00:18  10.5   0.0  17.4   8.2  47.2   20:15   SSW
11   6.6   8.3   00:00   4.5   17:36  11.7   0.0  12.6  10.9  39.6   01:06   WSW
12   5.2   7.7   14:17   3.5   22:18  13.1   0.0   8.1   6.7  25.1   00:42    SW
13   4.2   6.3   13:26   2.4   04:50  14.1   0.0   5.4   4.8  25.1   13:34     W
14   6.2   8.2   17:54   4.3   02:44  12.1   0.0   1.2   5.3  25.9   04:46     W
15   8.0  10.8   14:26   6.0   06:46  10.3   0.0   1.2   2.3  13.0   03:08    NW
16   9.8  14.2   14:04   5.2   23:57   8.5   0.0   3.0   2.7  15.9   09:58    NW
17   7.0  12.3   15:05   2.9   04:03  11.3   0.0   0.0   1.3  11.4   10:34     N
18   8.5  14.9   16:40   2.7   01:52   9.7   0.0   0.0   1.2  12.1   14:55     N
19   8.9  11.4   12:43   6.9   06:23   9.4   0.0   0.0   3.1  13.6   12:35   NNE
20   9.3  13.2   15:49   6.6   23:26   9.0   0.0   0.0   2.0  14.5   15:57   WNW
21   8.5  12.7   12:00   3.3   23:44   9.8   0.0   0.0   1.1  11.4   18:38    NW
22   7.2  11.9   13:39   1.7   01:53  11.1   0.0   0.0   1.7  14.5   15:52     W
23   8.1   9.7   15:15   6.7   06:47  10.2   0.0   0.3   5.8  35.8   15:34   SSW
24   8.3  10.9   15:37   5.4   04:44  10.0   0.0   3.3   4.6  28.9   15:06    SW
25   8.4  10.0   15:20   5.7   02:34   9.9   0.0   0.3   6.0  31.1   23:51   SSW
26   6.6   9.0   00:09   2.6   22:26  11.7   0.0  11.1   8.5  32.7   06:56    SW
27   5.9   9.0   13:38   2.0   05:25  12.4   0.0   8.1   8.7  29.8   19:40    SW
28  10.4  12.5   14:16   7.6   00:00   7.6   0.0  20.7   9.3  37.4   18:27    SW
29  12.0  14.1   13:41  10.6   23:55   6.3   0.0   5.4   8.4  30.4   02:11    SW
30  11.8  16.7   16:16   8.8   06:44   6.5   0.0   0.0   2.6  22.1   01:08   SSW
31  12.3  19.0   15:55   7.5   07:09   6.0   0.0   0.0   1.0   8.3   12:46    NE
----------------------------------------------------------------------------------
     7.0  19.0    31    -2.6     6   349.8   0.0 104.7   3.8  47.2    10      SW

Max >=  27.0  0
Max <=   0.0  0
Min <=   0.0  4
Min <= -18.0  0
Max Rain: 20.7 on day 28
Days of Rain: 17 (>= 0.2 mm)  11 (>= 2.0 mm)  1 (>= 20.0 mm)
Heat Base: 18.3  Cool Base: 18.3  Method: Integration
Update : 09/01/2019 01:15:03
Powered by Cumulus :v3.0.0 (3043)