pic 9

Clifton PWS

sun

Now
Today
Yesterday
This Month
This Year
Monthly records
All Time Records

Archive Charts Gauges NOAA Style reports Shap Weather Station

NOAA Style reports
Select a Year or Month report
V/Λ2021 > Jan Feb Mar Apr May Jun Jul Aug Sep Oct Nov Dec
V/Λ2020 > Jan Feb Mar Apr May Jun Jul Aug Sep Oct Nov Dec
V/Λ2019 > Jan Feb Mar Apr May Jun Jul Aug Sep Oct Nov Dec
V/Λ2018 > Jan Feb Mar Apr May Jun Jul Aug Sep Oct Nov Dec
V/Λ2017 > Jan Feb Mar Apr May Jun Jul Aug Sep Oct Nov Dec
V/Λ2016 > Jan Feb Mar Apr May Jun Jul Aug Sep Oct Nov Dec
V/Λ2015 > Jan Feb Mar Apr May Jun Jul Aug Sep Oct Nov Dec
V/Λ2014 > Jan Feb Mar Apr May Jun Jul Aug Sep Oct Nov Dec
V/Λ2013 > Jan Feb Mar Apr May Jun Jul Aug Sep Oct Nov Dec
V/Λ2012 > Jan Feb Mar Apr May Jun Jul Aug Sep Oct Nov Dec
V/Λ2011 > Jan Feb Mar Apr May Jun Jul Aug Sep Oct Nov Dec
V/Λ2010 > Jan Feb Mar Apr May Jun Jul Aug Sep Oct Nov Dec
V/Λ2009 > Jan Feb Mar Apr May Jun Jul Aug Sep Oct Nov Dec

Report for 2021 Feb
                   Monthly Climatological Summary for Feb 2021

Name: Clifton Weather Station   City: Clifton   State: Cumbria
Elevation: 159 m  Lat: N 54° 37' 49"   Lon: W 002° 43' 05"

                  Temperature (°C), Rain (mm), Wind Speed (mph)

                                      Heat  Cool        Avg
    Mean                              Deg   Deg         Wind                 Dom
Day Temp  High   Time   Low    Time   Days  Days  Rain  Speed High   Time    Dir
----------------------------------------------------------------------------------
01   1.3   4.9   14:31  -2.8   07:10  17.0   0.0   0.3   0.5  11.4   22:45    SE
02   2.1   3.1   17:49   0.7   04:05  16.2   0.0  10.5   2.2  22.8   10:03   ESE
03   3.4   4.7   12:18   2.5   07:50  14.9   0.0   7.2   0.3   8.3   02:21   SSE
04   4.0   5.2   21:51   2.6   00:00  14.3   0.0   7.2   1.5  16.8   11:36    SE
05   5.9   8.7   14:04   4.8   04:24  12.3   0.0   0.6   0.7  13.6   01:09   ESE
06   4.7   6.3   10:11   2.2   23:50  13.7   0.0   0.0   3.9  19.0   22:22     E
07   1.0   2.9   01:21   0.1   23:39  17.3   0.0   0.0   6.7  21.3   22:51   ENE
08  -0.4   1.5   14:08  -2.0   23:10  18.7   0.0   0.0   6.6  19.0   03:40   ENE
09  -1.1   1.3   14:44  -3.6   08:18  19.4   0.0   0.0   3.2  15.9   11:35   ENE
10  -1.9   1.1   14:59  -5.5   23:48  20.2   0.0   0.0   1.7  13.0   13:30    NE
11  -3.2   2.0   14:12  -7.4   07:20  21.5   0.0   0.0   0.7  12.1   12:22    SE
12  -1.5   2.1   14:19  -3.7   02:02  19.8   0.0   0.0   2.0  19.0   18:36   ESE
13  -1.1   0.9   13:42  -3.7   05:46  19.3   0.0   0.0   3.7  22.8   01:40   ESE
14   3.5   5.6   20:07   0.3   01:06  14.8   0.0   7.5   3.8  29.8   12:26   SSE
15   6.8   9.0   17:13   4.1   03:52  11.5   0.0   0.0   2.8  23.5   18:53   SSW
16   7.5  10.0   12:07   4.5   21:51  10.8   0.0   8.7   4.6  28.2   03:58   SSW
17   7.2   9.2   12:27   4.5   00:00  11.1   0.0   6.3   4.4  29.8   06:51   SSW
18   7.0   9.2   02:44   5.4   20:29  11.3   0.0   6.0   6.1  34.2   07:28   SSW
19   7.4  10.2   19:49   4.1   04:22  10.9   0.0  20.4   5.8  29.8   19:56     S
20  10.2  11.4   17:31   8.4   23:32   8.1   0.0  15.9   6.4  35.8   19:27     S
21   8.5  11.7   15:06   6.7   06:20   9.8   0.0   0.6   4.8  34.2   00:25   SSW
22   7.2  10.0   14:08   4.6   21:58  11.1   0.0   3.3   1.0  12.1   14:14   SSW
23   8.7  10.8   20:11   5.8   00:00   9.6   0.0  24.9   6.8  28.9   12:00     S
24   9.4  10.5   00:00   7.8   21:03   8.9   0.0   8.4   3.3  25.9   01:54   SSW
25   6.2   9.1   14:38   3.0   23:06  12.1   0.0   0.0   2.8  18.3   14:12   WSW
26   4.7   9.9   15:03   0.1   06:06  13.6   0.0   0.3   1.2  13.0   12:20    SW
27   7.1  11.3   14:19   3.9   01:50  11.2   0.0   0.0   0.5   6.9   11:57   WSW
28   5.4   9.5   15:29   0.9   23:55  12.9   0.0   0.0   0.6   5.4   11:58     W
----------------------------------------------------------------------------------
     4.3  11.7    21    -7.4    11   392.3   0.0 128.1   3.2  35.8    20     SSE

Max >=  27.0  0
Max <=   0.0  0
Min <=   0.0  7
Min <= -18.0  0
Max Rain: 24.9 on day 23
Days of Rain: 16 (>= 0.2 mm)  12 (>= 2.0 mm)  2 (>= 20.0 mm)
Heat Base: 18.3  Cool Base: 18.3  Method: Integration
Update : 09/01/2019 01:15:03
Powered by Cumulus :v3.0.0 (3043)