pic 9

Clifton PWS

sun

Now
Today
Yesterday
This Month
This Year
Monthly records
All Time Records

Archive Charts Gauges NOAA Style reports Shap Weather Station

NOAA Style reports
Select a Year or Month report
V/Λ2021 > Jan Feb Mar Apr May Jun Jul Aug Sep Oct Nov Dec
V/Λ2020 > Jan Feb Mar Apr May Jun Jul Aug Sep Oct Nov Dec
V/Λ2019 > Jan Feb Mar Apr May Jun Jul Aug Sep Oct Nov Dec
V/Λ2018 > Jan Feb Mar Apr May Jun Jul Aug Sep Oct Nov Dec
V/Λ2017 > Jan Feb Mar Apr May Jun Jul Aug Sep Oct Nov Dec
V/Λ2016 > Jan Feb Mar Apr May Jun Jul Aug Sep Oct Nov Dec
V/Λ2015 > Jan Feb Mar Apr May Jun Jul Aug Sep Oct Nov Dec
V/Λ2014 > Jan Feb Mar Apr May Jun Jul Aug Sep Oct Nov Dec
V/Λ2013 > Jan Feb Mar Apr May Jun Jul Aug Sep Oct Nov Dec
V/Λ2012 > Jan Feb Mar Apr May Jun Jul Aug Sep Oct Nov Dec
V/Λ2011 > Jan Feb Mar Apr May Jun Jul Aug Sep Oct Nov Dec
V/Λ2010 > Jan Feb Mar Apr May Jun Jul Aug Sep Oct Nov Dec
V/Λ2009 > Jan Feb Mar Apr May Jun Jul Aug Sep Oct Nov Dec

Report for 2020 Nov
                   Monthly Climatological Summary for Nov 2020

Name: Clifton Weather Station   City: Clifton   State: Cumbria
Elevation: 159 m  Lat: N 54° 37' 49"   Lon: W 002° 43' 05"

                  Temperature (°C), Rain (mm), Wind Speed (mph)

                                      Heat  Cool        Avg
    Mean                              Deg   Deg         Wind                 Dom
Day Temp  High   Time   Low    Time   Days  Days  Rain  Speed High   Time    Dir
----------------------------------------------------------------------------------
01  10.5  14.9   21:27   7.7   05:03   7.8   0.0  15.6   0.2  22.1   13:07   SSW
02   8.3  10.9   00:00   6.2   22:04  10.0   0.0  16.8   0.0   0.7   21:52     N
03   5.3   8.7   12:40   2.0   22:53  13.0   0.0   1.5   0.0   1.6   08:56     N
04   5.9  10.2   13:47   1.3   02:11  12.4   0.0   0.3   0.0   0.0   00:00     N
05   9.2  13.2   13:50   6.5   05:07   9.1   0.0   0.0   0.0   0.0   00:00     N
06   7.5  11.1   12:30   5.2   07:51  10.8   0.0   0.0   0.0   0.0   00:00     N
07   6.7  12.1   14:00   1.5   07:43  11.6   0.0   0.0   0.0   0.0   00:00     N
08  10.1  11.8   15:08   6.8   00:26   8.2   0.0   1.8   0.0   0.7   13:40     N
09  11.5  14.7   13:35   9.8   04:18   6.8   0.0   0.0   0.0   7.6   10:56     N
10  11.4  13.8   12:48  10.0   23:54   6.9   0.0   0.3   0.0   6.0   07:18     S
11  10.6  12.1   13:05   9.3   03:37   7.7   0.0   6.3   0.0  14.5   08:06    SE
12   9.7  10.9   14:01   7.9   08:49   8.6   0.0   3.9   0.0   9.2   01:26   SSW
13   8.6  10.6   12:19   6.8   08:16   9.7   0.0   5.7   0.0   1.6   03:52     N
14   9.8  13.0   17:15   7.5   03:55   8.5   0.0   7.2   0.0   1.6   12:21     N
15   8.8  10.5   00:08   6.3   14:56   9.5   0.0  13.5   0.0   0.7   03:39     N
16   9.9  13.4   23:36   7.7   07:37   8.4   0.0   1.2   0.0   0.7   04:38     N
17  13.4  14.8   12:07  11.6   23:45   4.9   0.0   0.3   0.0   0.7   22:15     N
18  10.0  13.1   11:49   7.1   21:23   8.3   0.0  13.2   0.0   0.7   05:12     N
19   4.8   8.0   00:04   1.8   21:55  13.5   0.0   1.8   0.0   0.0   00:00     N
20   7.5  11.8   21:50   0.8   01:16  10.8   0.0   0.0   0.0   0.0   00:00     N
21   9.8  11.5   00:00   7.2   22:15   8.5   0.0   1.8   0.0   0.0   00:00     N
22   6.5   8.4   11:29   4.4   23:54  11.8   0.0   0.0   0.0   0.7   15:31     N
23   7.3  11.4   22:14   3.5   05:20  11.0   0.0   2.1   0.0   0.7   20:18     N
24  10.4  11.3   00:27   8.7   23:57   7.9   0.0   7.2   0.0   0.7   07:00     N
25   5.8   8.7   00:00   3.0   20:33  12.5   0.0   1.8   0.0   0.0   00:00     N
26   6.3   8.5   12:49   4.8   00:02  12.0   0.0   0.0   0.0   0.0   00:00     N
27   5.8   7.9   12:58   3.1   23:57  12.5   0.0   0.0   0.0   0.0   00:00     N
28   3.1   7.2   21:38  -0.6   06:19  15.2   0.0   0.0   0.0   6.9   21:54   SSE
29   7.7   9.1   11:35   6.9   00:00  10.6   0.0   0.0   0.0   1.6   00:13     N
30   7.1  10.4   12:24   2.0   23:50  11.2   0.0   1.8   3.2  22.8   11:38     W
----------------------------------------------------------------------------------
     8.3  14.9     1    -0.6    28   299.7   0.0 104.1   0.1  22.8    30       W

Max >=  27.0  0
Max <=   0.0  0
Min <=   0.0  1
Min <= -18.0  0
Max Rain: 16.8 on day 2
Days of Rain: 20 (>= 0.2 mm)  10 (>= 2.0 mm)  0 (>= 20.0 mm)
Heat Base: 18.3  Cool Base: 18.3  Method: Integration
Update : 09/01/2019 01:15:03
Powered by Cumulus :v3.0.0 (3043)