pic 9

Clifton PWS

sun

Now
Today
Yesterday
This Month
This Year
Monthly records
All Time Records

Archive Charts Gauges NOAA Style reports Shap Weather Station

NOAA Style reports
Select a Year or Month report

Report for 2020 Sep
                   Monthly Climatological Summary for Sep 2020

Name: Clifton Weather Station   City: Clifton   State: Cumbria
Elevation: 159 m  Lat: N 54° 37' 49"   Lon: W 002° 43' 05"

                  Temperature (°C), Rain (mm), Wind Speed (mph)

                                      Heat  Cool        Avg
    Mean                              Deg   Deg         Wind                 Dom
Day Temp  High   Time   Low    Time   Days  Days  Rain  Speed High   Time    Dir
----------------------------------------------------------------------------------
01  12.6  19.9   13:30   5.7   04:04   5.9   0.1   0.0   1.5  13.6   17:22     S
02  13.6  16.6   10:41  10.7   02:32   4.7   0.0  12.0   2.2  17.4   13:45   SSE
03  15.7  19.6   17:11  12.9   05:47   2.6   0.1   1.2   2.7  20.6   15:59    SW
04  13.7  16.9   15:36  11.5   02:56   4.6   0.0   1.5   3.5  21.3   15:15    SW
05  12.0  15.2   13:40  10.3   04:52   6.3   0.0   6.3   3.0  19.0   10:01     W
06  13.4  18.1   16:43  11.0   01:30   4.9   0.0   9.0   0.6   8.3   02:22     W
07  14.7  18.0   16:26  11.1   02:42   3.6   0.0   6.3   3.0  16.8   11:51    SW
08  18.4  21.4   13:55  15.9   04:14   0.6   0.7   0.3   2.9  16.8   22:03   SSW
09  14.8  18.7   00:58  10.5   23:35   3.5   0.0   0.0   4.2  19.0   15:17     W
10  10.7  14.4   13:25   5.6   07:21   7.6   0.0   0.0   1.0   9.8   14:56   SSW
11  13.3  15.7   13:00  11.5   00:00   4.9   0.0   3.0   3.9  23.5   10:10   SSW
12  13.7  17.2   15:17  11.0   06:58   4.6   0.0   0.9   5.6  28.2   22:54    SW
13  16.8  20.7   15:45  14.6   00:01   1.7   0.2   0.0   7.4  28.9   04:27   SSW
14  17.5  24.2   15:43  12.3   06:10   2.0   1.2   0.0   1.2  17.4   00:50     S
15  18.7  25.5   15:09  13.1   06:14   1.5   1.9   0.0   0.6   9.8   14:59   SSW
16  14.7  17.6   14:55  11.0   23:52   3.6   0.0   0.0   0.7   7.6   12:23    SE
17  13.4  19.8   15:01   8.3   06:25   5.0   0.2   0.0   1.0   8.3   01:44    SE
18  12.1  18.3   15:12   6.9   04:27   6.2   0.0   0.0   1.0  10.7   18:52    SE
19  11.9  18.4   14:53   6.3   07:10   6.4   0.0   0.0   1.0  11.4   12:29   ESE
20  11.5  18.1   16:11   6.4   06:47   6.8   0.0   0.0   0.8   9.8   13:46   SSE
21  11.4  19.3   16:25   4.0   06:52   7.0   0.1   0.0   0.8   9.2   17:50   SSW
22  13.7  16.4   10:31   9.4   02:09   4.6   0.0   0.0   3.7  28.9   13:27   SSW
23  10.6  14.0   00:00   7.2   23:55   7.7   0.0   9.9   0.9   9.2   16:33   NNW
24   7.5  11.2   12:57   4.2   07:34  10.8   0.0   5.4   0.6   9.2   14:24     N
25   8.1  11.6   14:18   5.1   07:47  10.2   0.0   1.2   3.5  18.3   11:11    NW
26   7.3  12.1   17:15   3.2   04:09  11.0   0.0   0.0   2.7  15.9   14:11   NNW
27   8.0  13.5   17:16   4.6   23:50  10.3   0.0   0.0   1.6   8.3   01:35    NW
28   8.6  15.8   14:23   2.5   03:16   9.7   0.0   0.6   0.3   8.3   13:10     S
29   8.7  15.3   16:18   3.0   07:32   9.6   0.0   0.0   0.6  10.7   16:24     S
30  10.8  13.0   15:33   7.4   01:54   7.5   0.0   6.0   3.2  22.1   10:12   SSE
----------------------------------------------------------------------------------
    12.6  25.5    15     2.5    28   175.4   4.5  63.6   2.2  28.9    13      SW

Max >=  27.0  0
Max <=   0.0  0
Min <=   0.0  0
Min <= -18.0  0
Max Rain: 12.0 on day 2
Days of Rain: 14 (>= 0.2 mm)  8 (>= 2.0 mm)  0 (>= 20.0 mm)
Heat Base: 18.3  Cool Base: 18.3  Method: Integration
Update : 09/01/2019 01:15:03
Powered by Cumulus :v3.0.0 (3043)