pic 9

Clifton PWS

sun

Now
Today
Yesterday
This Month
This Year
Monthly records
All Time Records

Archive Charts Gauges NOAA Style reports Shap Weather Station

NOAA Style reports
Select a Year or Month report

Report for 2020 Aug
                   Monthly Climatological Summary for Aug 2020

Name: Clifton Weather Station   City: Clifton   State: Cumbria
Elevation: 159 m  Lat: N 54° 37' 49"   Lon: W 002° 43' 05"

                  Temperature (°C), Rain (mm), Wind Speed (mph)

                                      Heat  Cool        Avg
    Mean                              Deg   Deg         Wind                 Dom
Day Temp  High   Time   Low    Time   Days  Days  Rain  Speed High   Time    Dir
----------------------------------------------------------------------------------
01  17.3  20.1   14:26  15.0   23:10   1.2   0.2   0.0   2.3  15.2   14:11   WSW
02  15.5  19.3   16:59  12.9   23:41   2.8   0.0   0.3   2.4  18.3   14:47   WSW
03  14.2  17.8   15:57  10.6   04:31   4.1   0.0   0.0   1.9  13.0   15:20     W
04  13.7  18.5   17:14   8.7   03:06   4.6   0.0   5.7   5.2  29.8   18:57     S
05  18.0  20.7   16:41  16.4   00:29   0.6   0.3   0.6   4.6  25.9   13:26   SSW
06  19.2  24.3   14:56  14.0   06:21   0.9   1.7   0.0   1.2  15.9   14:51     S
07  20.2  24.6   18:13  15.9   01:57   0.6   2.5   0.0   1.9  15.2   15:22     S
08  18.0  24.7   15:55  13.0   05:55   1.7   1.4   0.0   0.9   7.6   13:05   NNW
09  17.6  25.2   14:36  11.7   04:43   2.2   1.6   0.0   1.4  10.7   17:02    SE
10  20.1  27.5   15:10  14.0   06:03   1.0   2.8   0.0   0.7   9.8   16:14    SE
11  22.0  28.6   15:55  16.1   05:16   0.4   4.1  16.2   1.0   9.8   02:15   SSE
12  22.4  29.9   15:09  17.5   06:03   0.0   4.1   2.1   0.8   7.6   16:24   WSW
13  20.8  25.5   15:45  15.9   23:53   0.2   2.8   0.0   0.8   7.6   01:24    NW
14  18.6  25.2   16:08  14.5   02:39   1.4   1.7   0.0   1.2   9.2   14:15   SSE
15  18.1  23.6   17:29  13.3   05:48   1.6   1.4   0.0   1.5  10.7   13:30    SE
16  16.6  19.4   11:13  14.1   05:51   1.8   0.0   1.5   0.6   7.6   02:22    SE
17  16.9  21.8   18:24  13.5   07:20   2.0   0.6  12.9   0.4   7.6   21:04     W
18  16.6  19.6   13:03  13.9   04:13   1.8   0.1   2.7   1.5  16.8   15:25     S
19  18.0  23.5   12:47  12.9   06:35   1.4   1.0   2.1   1.3  15.9   18:21   ESE
20  18.2  21.6   16:52  14.6   06:19   0.8   0.7   3.6   4.6  28.2   03:11     S
21  16.1  17.9   13:09  13.9   05:44   2.3   0.0  11.7   7.2  41.2   16:42     S
22  15.5  18.3   13:29  13.2   23:50   2.8   0.0   2.7   2.7  19.0   16:11    SW
23  15.0  18.1   15:42  12.0   01:20   3.3   0.0   9.3   2.1  16.8   14:38   WSW
24  13.6  18.2   18:21   9.1   06:43   4.7   0.0   0.9   1.6  11.4   09:38   WNW
25  14.6  19.0   13:56  11.6   00:35   3.7   0.0  24.9   2.3  21.3   09:43    SE
26  14.7  18.2   16:39  12.0   07:07   3.6   0.0   2.1   2.2  17.4   03:30    NW
27  14.1  19.3   14:25  11.0   23:46   4.2   0.0  14.4   0.5  18.3   15:34   SSE
28  11.8  15.8   14:45   9.2   22:30   6.5   0.0  22.2   1.3  13.0   14:10   NNW
29  10.6  14.1   17:04   7.0   05:52   7.7   0.0   0.3   2.5  15.2   13:20    NW
30  11.5  16.4   15:54   6.4   01:20   6.8   0.0   0.0   1.0   8.3   10:12    NW
31  13.1  19.0   15:27   8.1   23:52   5.2   0.0   0.0   1.2  12.1   17:46   SSW
----------------------------------------------------------------------------------
    16.5  29.9    12     6.4    30    81.9  27.0 136.2   2.0  41.2    21     SSW

Max >=  27.0  3
Max <=   0.0  0
Min <=   0.0  0
Min <= -18.0  0
Max Rain: 24.9 on day 25
Days of Rain: 19 (>= 0.2 mm)  14 (>= 2.0 mm)  2 (>= 20.0 mm)
Heat Base: 18.3  Cool Base: 18.3  Method: Integration
Update : 09/01/2019 01:15:03
Powered by Cumulus :v3.0.0 (3043)