pic 9

Clifton PWS

sun

Now
Today
Yesterday
This Month
This Year
Monthly records
All Time Records

Archive Charts Gauges NOAA Style reports Shap Weather Station

NOAA Style reports
Select a Year or Month report

Report for 2020 Jul
                   Monthly Climatological Summary for Jul 2020

Name: Clifton Weather Station   City: Clifton   State: Cumbria
Elevation: 159 m  Lat: N 54° 37' 49"   Lon: W 002° 43' 05"

                  Temperature (°C), Rain (mm), Wind Speed (mph)

                                      Heat  Cool        Avg
    Mean                              Deg   Deg         Wind                 Dom
Day Temp  High   Time   Low    Time   Days  Days  Rain  Speed High   Time    Dir
----------------------------------------------------------------------------------
01  14.7  20.0   14:03  11.7   05:37   3.7   0.1   6.6   0.6   7.6   13:47    NW
02  14.2  19.7   14:29  10.7   07:33   4.2   0.1   6.9   0.6   7.6   13:20   SSE
03  15.1  20.2   15:21  11.8   04:28   3.3   0.1   3.0   4.1  25.9   17:38   SSW
04  15.9  19.0   11:02  13.3   05:11   2.5   0.0   5.1   1.8  29.8   23:37   SSW
05  14.1  16.7   13:07  11.3   20:25   4.2   0.0   9.6   7.6  28.9   04:22    SW
06  13.8  17.4   15:18  10.8   04:54   4.5   0.0   0.9   4.4  25.1   01:32     W
07  13.4  16.7   17:15  10.6   00:48   4.9   0.0   0.0   1.4  12.1   11:34    SW
08  14.1  19.9   12:40   9.3   05:15   4.3   0.1   2.1   0.8  13.6   15:45   ESE
09  14.9  20.4   16:52  10.8   01:15   3.7   0.3  14.7   0.9   9.8   20:54   SSE
10  13.6  18.2   16:03   9.5   05:48   4.7   0.0   3.3   2.5  18.3   17:33   WNW
11  13.8  17.5   15:21  10.6   04:02   4.5   0.0   0.0   2.9  15.2   16:46   WSW
12  15.0  20.5   13:24   8.6   04:25   3.7   0.4   0.0   2.8  17.4   17:21   SSW
13  16.2  19.8   11:05  13.3   01:20   2.3   0.1   0.9   2.6  16.8   14:28   WSW
14  14.6  18.0   14:32  10.4   03:22   3.7   0.0   0.0   2.8  18.3   14:36     W
15  14.5  16.4   19:19  12.2   05:28   3.8   0.0   1.5   2.6  17.4   10:55     W
16  17.4  23.2   17:30  13.3   05:01   1.8   0.9   0.0   2.8  18.3   16:28     W
17  18.0  20.6   12:11  15.0   03:09   0.8   0.5   0.0   3.3  24.4   14:27   SSW
18  16.7  20.0   15:56  13.6   23:57   1.6   0.0   2.7   2.2  13.0   13:58     W
19  14.0  18.1   16:37   9.5   05:53   4.3   0.0   0.0   2.8  16.8   15:54   WNW
20  13.6  18.0   16:23   8.8   02:31   4.7   0.0   0.0   2.6  17.4   15:58     W
21  14.9  21.5   18:38  10.3   02:07   3.6   0.3   0.0   1.4  10.7   11:22     W
22  15.5  19.9   17:39  12.1   04:24   2.9   0.0   0.0   2.2  19.0   13:42   SSW
23  16.7  21.4   17:39  14.3   23:49   1.9   0.3   6.0   1.5  14.5   19:29    SW
24  17.2  21.9   15:52  13.2   03:56   1.7   0.7   0.0   1.6  13.0   17:03   SSW
25  15.8  16.5   00:00  15.8   01:04   2.5   0.0   0.3   1.4   6.9   00:29   SSE
26  16.2  18.3   16:08  14.8   23:28   2.1   0.0   0.0   3.0  18.3   15:40     S
27  15.1  19.2   15:21  12.2   23:58   3.2   0.0   9.6   4.7  29.8   17:40    SW
28  13.6  17.0   17:44  11.2   22:45   4.7   0.0   0.0   6.1  26.6   17:09     W
29  14.1  17.4   16:44  11.6   04:43   4.2   0.0   0.0   3.5  19.0   11:51     W
30  16.2  22.2   17:32  11.2   01:20   2.9   0.8   6.0   0.9  13.0   13:44   SSE
31  21.9  30.2   16:37  13.0   04:33   0.9   4.5   0.3   2.6  19.0   14:06     S
----------------------------------------------------------------------------------
    15.3  30.2    31     8.6    12   101.8   9.2  79.5   2.6  29.8     4      SW

Max >=  27.0  1
Max <=   0.0  0
Min <=   0.0  0
Min <= -18.0  0
Max Rain: 14.7 on day 9
Days of Rain: 17 (>= 0.2 mm)  12 (>= 2.0 mm)  0 (>= 20.0 mm)
Heat Base: 18.3  Cool Base: 18.3  Method: Integration
Update : 09/01/2019 01:15:03
Powered by Cumulus :v3.0.0 (3043)