pic 9

Clifton PWS

sun

Now
Today
Yesterday
This Month
This Year
Monthly records
All Time Records

Archive Charts Gauges NOAA Style reports Shap Weather Station

NOAA Style reports
Select a Year or Month report

Report for 2020 Jun
                   Monthly Climatological Summary for Jun 2020

Name: Clifton Weather Station   City: Clifton   State: Cumbria
Elevation: 159 m  Lat: N 54° 37' 49"   Lon: W 002° 43' 05"

                  Temperature (°C), Rain (mm), Wind Speed (mph)

                                      Heat  Cool        Avg
    Mean                              Deg   Deg         Wind                 Dom
Day Temp  High   Time   Low    Time   Days  Days  Rain  Speed High   Time    Dir
----------------------------------------------------------------------------------
01  17.5  24.9   16:51   8.7   04:55   2.8   1.9   0.0   1.2   9.2   11:33    SE
02  17.2  24.8   15:52  10.2   05:32   2.6   1.5   0.0   1.4  10.7   13:30    NW
03  12.6  15.5   00:00   9.1   23:45   5.7   0.0  10.2   1.1  13.6   12:31   NNW
04  11.1  16.2   14:32   8.2   01:26   7.2   0.0  16.2   1.1  11.4   16:17   WNW
05   9.8  14.3   16:55   6.5   04:43   8.5   0.0   2.1   4.4  25.9   18:05   WNW
06  11.8  17.6   17:59   6.9   00:44   6.5   0.0  12.3   3.8  23.5   11:57    NW
07  13.5  17.9   16:37   9.8   01:06   4.8   0.0   2.4   1.1   9.8   10:49   NNW
08  13.2  17.7   17:27   9.7   02:39   5.2   0.0   0.0   0.9   9.2   19:55   ENE
09  12.7  17.5   14:50   8.0   04:33   5.6   0.0   0.3   0.8   7.6   13:00   NNW
10  12.1  15.1   12:41   9.7   04:55   6.2   0.0  12.9   0.6  10.7   23:26    SE
11  13.0  17.9   14:23  10.6   03:45   5.3   0.0   0.0   1.5  19.7   20:03   NNE
12  13.1  17.4   14:28  11.3   05:14   5.2   0.0   4.2   0.9  13.0   11:43     N
13  16.8  23.5   16:52  11.5   02:03   2.8   1.4   3.6   1.1  12.1   14:53   SSE
14  19.2  26.7   15:20  11.2   04:53   1.8   2.7   0.0   0.9   8.3   00:37    SE
15  18.0  25.4   15:48  13.4   05:13   1.7   1.4  10.8   0.9  15.2   16:22    NW
16  17.0  22.9   13:30  12.3   05:10   2.0   0.7  13.2   0.5  10.7   14:20    NW
17  19.3  25.1   16:32  14.3   04:44   1.2   2.2   0.0   0.8   9.2   19:57   ESE
18  16.6  23.3   15:09  12.3   05:05   2.4   0.7   3.9   0.8   7.6   01:51    NW
19  15.5  20.3   11:48  12.5   04:34   2.9   0.1  16.5   1.4  15.2   11:29     S
20  17.0  21.1   18:09  13.2   04:49   1.9   0.6   0.0   3.0  20.6   09:35     S
21  15.7  19.0   16:44  12.8   23:50   2.6   0.0   3.0   4.4  20.6   03:41   SSW
22  14.9  19.2   15:52   9.6   03:33   3.5   0.0   0.6   4.8  28.9   13:41     S
23  18.5  23.2   17:25  15.1   04:25   1.2   1.4   0.6   5.1  22.8   13:04     S
24  20.9  28.2   17:26  12.7   04:31   1.2   3.8   0.0   1.6  11.4   14:25    SW
25  23.0  29.6   15:34  15.8   04:31   0.4   5.1   0.0   1.3  15.2   12:30   ESE
26  20.9  26.7   18:14  16.7   04:56   0.1   2.7   3.9   1.2  11.4   13:33   SSW
27  16.5  21.6   12:20  12.3   23:42   2.0   0.2   7.8   3.2  19.7   13:18     S
28  12.4  15.4   15:16  11.0   04:20   5.9   0.0  20.1   6.3  27.3   14:17   SSW
29  13.5  17.0   18:33  11.2   03:56   4.8   0.0  11.1   6.6  23.5   22:47    SW
30  14.6  17.5   13:34  12.0   05:52   3.7   0.0   0.0   2.4  17.4   00:27   WSW
----------------------------------------------------------------------------------
    15.6  29.6    25     6.5     5   107.7  26.4 155.7   2.2  28.9    22      SW

Max >=  27.0  2
Max <=   0.0  0
Min <=   0.0  0
Min <= -18.0  0
Max Rain: 20.1 on day 28
Days of Rain: 20 (>= 0.2 mm)  17 (>= 2.0 mm)  1 (>= 20.0 mm)
Heat Base: 18.3  Cool Base: 18.3  Method: Integration
Update : 09/01/2019 01:15:03
Powered by Cumulus :v3.0.0 (3043)