pic 9

Clifton PWS

sun

Now
Today
Yesterday
This Month
This Year
Monthly records
All Time Records

Archive Charts Gauges NOAA Style reports Shap Weather Station

NOAA Style reports
Select a Year or Month report

Report for 2020 Apr
                   Monthly Climatological Summary for Apr 2020

Name: Clifton Weather Station   City: Clifton   State: Cumbria
Elevation: 159 m  Lat: N 54 37 49   Lon: W 002 43 05

                  Temperature (°C), Rain (mm), Wind Speed (mph)

                                      Heat  Cool        Avg
    Mean                              Deg   Deg         Wind                 Dom
Day Temp  High   Time   Low    Time   Days  Days  Rain  Speed High   Time    Dir
----------------------------------------------------------------------------------
01   7.7  10.5   16:49   5.7   07:11  10.6   0.0   0.0   0.0   0.0   00:00     N
02   8.0  10.9   14:35   5.1   22:37  10.3   0.0   0.3   0.0   0.7   07:42     N
03   6.8  10.0   16:16   4.3   07:03  11.5   0.0   1.2   0.0   0.0   00:00     N
04   8.9  12.2   16:01   5.4   04:38   9.4   0.0   0.6   0.0   0.0   00:00     N
05  12.8  20.1   17:17   4.7   05:32   5.7   0.2   0.3   0.0   0.0   00:00     N
06  11.1  14.2   00:03   7.3   23:54   7.2   0.0   4.2   0.0   0.0   00:00     N
07  10.0  15.8   16:43   5.0   03:59   8.3   0.0   0.0   0.0   0.0   00:00     N
08  10.7  16.9   17:01   4.7   06:10   7.5   0.0   0.0   0.0   0.0   00:00     N
09  10.3  16.1   14:31   4.7   05:44   8.0   0.0   0.0   0.0   0.0   00:00     N
10  14.3  22.2   14:14   7.7   05:26   4.7   0.7   0.0   0.0   0.0   00:00     N
11  14.6  18.8   12:16   8.6   23:58   3.8   0.0   0.0   0.0   0.0   00:00     N
12  11.1  17.6   15:32   6.2   23:55   7.2   0.0   0.0   0.0   0.0   00:00     N
13   6.2  10.4   17:50   2.5   23:47  12.1   0.0   0.0   0.0   4.5   13:00     N
14   6.0  14.4   16:32  -1.4   06:26  12.3   0.0   0.0   0.0   0.0   00:00     N
15   8.8  17.1   16:46   1.3   06:30   9.4   0.0   0.0   0.0   4.5   18:51   NNW
16   9.9  17.0   15:08   2.9   06:10   8.4   0.0   0.0   0.0   0.0   00:00     N
17   9.3  14.5   15:53   4.7   23:53   9.0   0.0   0.0   0.0   0.0   00:00     N
18   8.7  15.6   15:34   2.9   06:11   9.6   0.0   0.0   0.0   2.2   08:16     N
19   9.7  16.4   16:08   3.8   05:07   8.5   0.0   0.0   0.0   0.0   00:00     N
20   9.3  15.3   15:25   4.0   06:22   9.0   0.0   0.0   1.2  16.8   11:55    NE
21  10.4  16.8   14:53   4.4   05:59   7.9   0.0   0.0   2.7  18.3   12:42     E
22  11.4  19.2   15:10   3.6   05:31   7.0   0.1   0.0   2.2  15.2   19:01    SE
23  12.3  21.1   15:43   4.2   06:13   6.4   0.3   0.0   1.2  12.1   00:17   SSE
24  12.3  21.2   18:20   3.4   06:07   6.4   0.3   0.0   1.0  11.4   19:27   SSE
25  13.5  21.4   14:30   6.5   06:18   5.0   0.2   0.0   1.4  13.6   15:09   SSW
26  10.1  15.6   11:08   5.0   05:53   8.2   0.0   0.3   1.3  11.4   18:43   WNW
27   9.3  15.3   16:51   3.2   05:27   9.0   0.0   0.0   1.2   9.8   19:08    NW
28   8.2  12.6   13:12   4.0   05:42  10.1   0.0   0.3   0.7   9.2   11:17    SE
29   7.4  11.0   19:08   3.7   23:55  10.9   0.0   1.8   1.2  14.5   15:18    SE
30   8.5  12.6   15:47   3.8   00:21   9.8   0.0   3.6   1.8  17.4   13:08     S
----------------------------------------------------------------------------------
     9.9  22.2    10    -1.4    14   253.2   1.8  12.6   0.5  18.3    21      SE

Max >=  27.0  0
Max <=   0.0  0
Min <=   0.0  1
Min <= -18.0  0
Max Rain: 4.2 on day 6
Days of Rain: 9 (>= 0.2 mm)  2 (>= 2.0 mm)  0 (>= 20.0 mm)
Heat Base: 18.3  Cool Base: 18.3  Method: Integration
Update : 09/01/2019 01:15:03
Powered by Cumulus :v3.0.0 (3043)