pic 9

Clifton PWS

sun

Now
Today
Yesterday
This Month
This Year
Monthly records
All Time Records

Archive Charts Gauges NOAA Style reports Shap Weather Station

NOAA Style reports
Select a Year or Month report

Report for 2020 Feb
                   Monthly Climatological Summary for Feb 2020

Name: Clifton Weather Station   City: Clifton   State: Cumbria
Elevation: 159 m  Lat: N 54 37 50   Lon: W 002 43 05

                  Temperature (°C), Rain (mm), Wind Speed (mph)

                                      Heat  Cool        Avg
    Mean                              Deg   Deg         Wind                 Dom
Day Temp  High   Time   Low    Time   Days  Days  Rain  Speed High   Time    Dir
----------------------------------------------------------------------------------
01   7.5  10.1   00:02   4.9   23:18  10.7   0.0   4.8   9.1  34.9   00:25   SSW
02   6.6  10.3   14:04   4.1   01:50  11.7   0.0   5.7   3.0  19.0   16:49     S
03   6.0   8.6   01:48   2.5   22:30  12.3   0.0   3.0   7.9  32.0   21:44   SSW
04   6.3  10.1   14:13   1.9   02:19  12.0   0.0   2.7   5.0  32.0   06:14   WSW
05   4.0   7.9   14:42   0.7   23:54  14.3   0.0   0.0   0.4   8.3   13:58   SSW
06   1.9   7.3   15:03  -1.2   07:53  16.3   0.0   0.0   0.0   5.4   23:46   SSW
07   4.4   9.1   13:50  -0.2   00:05  13.9   0.0   0.6   1.5  17.4   19:35   ESE
08   6.7   8.4   01:09   4.7   06:44  11.6   0.0  18.0  11.5  45.6   02:30   SSE
09   8.4  10.7   09:10   5.1   23:59   9.7   0.0  31.5  13.6  46.3   07:42     S
10   4.2   5.8   14:19   2.9   20:17  14.1   0.0   7.8  13.4  43.4   20:34    SW
11   3.0   4.0   13:30   1.8   16:20  15.3   0.0   9.0  14.5  39.6   17:19    SW
12   3.1   5.4   13:46   0.9   19:53  15.2   0.0   1.8   7.5  35.8   03:14    SW
13   3.3   5.0   19:37   1.0   05:53  14.9   0.0  10.5   0.8  11.4   04:38    NW
14   5.5   9.1   15:50   2.0   01:39  12.8   0.0   3.3   4.0  31.1   12:39     S
15   7.6  10.0   11:39   5.1   04:18  10.6   0.0  27.9   7.9  42.5   13:17     S
16   6.5   9.0   01:58   5.1   06:09  11.8   0.0  12.6   9.1  46.3   15:59     S
17   6.1   8.5   12:59   3.3   21:40  12.2   0.0   3.3   0.0   0.7   01:33     N
18   4.7   7.0   14:17   3.0   21:16  13.6   0.0   5.4   0.0   0.0   00:00     N
19   5.6   8.6   21:09   2.8   04:12  12.7   0.0   7.2   0.0   0.0   00:00     N
20   6.0   8.7   05:16   2.9   15:38  12.3   0.0  11.1   0.0   0.0   00:00     N
21   7.7   9.9   23:58   4.8   00:02  10.5   0.0  13.8   0.0   0.0   00:00     N
22   6.3  10.2   00:31   3.5   13:48  12.0   0.0  14.4   0.0   0.0   00:00     N
23   4.3   5.7   15:19   2.6   23:52  13.9   0.0   8.4   0.0   0.0   00:00     N
24   3.6   9.4   13:54   0.7   07:07  14.7   0.0  17.4   0.0   0.0   00:00     N
25   3.0   5.4   12:12   1.4   22:07  15.3   0.0   3.6   0.0   0.0   00:00     N
26   2.5   5.8   14:17   1.1   20:49  15.7   0.0   1.5   0.0   0.0   00:00     N
27   2.7   5.8   15:31   0.8   02:31  15.6   0.0   4.8   0.0   0.0   00:00     N
28   4.6   8.6   21:51   1.4   01:03  13.7   0.0   3.6   0.0   0.0   00:00     N
29   5.7   9.4   02:57   2.3   17:41  12.6   0.0  15.3   0.0   0.7   20:15     N
----------------------------------------------------------------------------------
     5.1  10.7     9    -1.2     6   382.0   0.0 249.0   3.8  46.3     9     SSW

Max >=  27.0  0
Max <=   0.0  0
Min <=   0.0  2
Min <= -18.0  0
Max Rain: 31.5 on day 9
Days of Rain: 27 (>= 0.2 mm)  24 (>= 2.0 mm)  2 (>= 20.0 mm)
Heat Base: 18.3  Cool Base: 18.3  Method: Integration
Update : 09/01/2019 01:15:03
Powered by Cumulus :v3.0.0 (3043)