pic 9

Clifton PWS

sun

Now
Today
Yesterday
This Month
This Year
Monthly records
All Time Records

Archive Charts Gauges NOAA Style reports Shap Weather Station

NOAA Style reports
Select a Year or Month report
V/Λ2021 > Jan Feb Mar Apr May Jun Jul Aug Sep Oct Nov Dec
V/Λ2020 > Jan Feb Mar Apr May Jun Jul Aug Sep Oct Nov Dec
V/Λ2019 > Jan Feb Mar Apr May Jun Jul Aug Sep Oct Nov Dec
V/Λ2018 > Jan Feb Mar Apr May Jun Jul Aug Sep Oct Nov Dec
V/Λ2017 > Jan Feb Mar Apr May Jun Jul Aug Sep Oct Nov Dec
V/Λ2016 > Jan Feb Mar Apr May Jun Jul Aug Sep Oct Nov Dec
V/Λ2015 > Jan Feb Mar Apr May Jun Jul Aug Sep Oct Nov Dec
V/Λ2014 > Jan Feb Mar Apr May Jun Jul Aug Sep Oct Nov Dec
V/Λ2013 > Jan Feb Mar Apr May Jun Jul Aug Sep Oct Nov Dec
V/Λ2012 > Jan Feb Mar Apr May Jun Jul Aug Sep Oct Nov Dec
V/Λ2011 > Jan Feb Mar Apr May Jun Jul Aug Sep Oct Nov Dec
V/Λ2010 > Jan Feb Mar Apr May Jun Jul Aug Sep Oct Nov Dec
V/Λ2009 > Jan Feb Mar Apr May Jun Jul Aug Sep Oct Nov Dec

Report for 2020
                   Annual Climatological Summary for 2020

Name: Clifton Weather Station   City: Clifton   State: Cumbria
Elevation: 159 m  Lat: N 54° 37' 49"   Lon: W 002° 43' 05"

                  Temperature (°C), Heat Base: 18.3  Cool Base: 18.3
                          Dep.  Heat  Cool                       Max  Max  Min  Min
        Mean  Mean        From  Deg   Deg                        >=   <=   <=   <=
 YR MO  Max   Min   Mean  Norm  Days  Days  Hi  Date  Low  Date 27.0  0.0  0.0 -18.0
------------------------------------------------------------------------------------
 20  1   8.3   3.7   6.0   0.0   378     0  12.2   7  -3.0   19    0    0    4    0
 20  2   8.1   2.5   5.1   0.0   382     0  10.7   9  -1.2    6    0    0    2    0
 20  3  10.0   2.4   6.1   0.0   376     0  17.1  26  -1.4   20    0    0    5    0
 20  4  15.8   4.4   9.9   0.0   253     2  22.2  10  -1.4   14    0    0    1    0
 20  5  18.7   6.7  12.6   0.0   188    13  26.7  29  -0.7   14    0    0    1    0
 20  6  20.8  11.3  15.6   0.0   108    26  29.6  25   6.5    5    2    0    0    0
 20  7  19.5  11.8  15.3   0.0   102     9  30.2  31   8.6   12    1    0    0    0
 20  8  21.2  12.6  16.5   0.0    82    27  29.9  12   6.4   30    3    0    0    0
 20  9  17.2   8.6  12.6   0.0   175     4  25.5  15   2.5   28    0    0    0    0
 20 10  12.6   6.2   9.4   0.0   276     0  15.7   4   1.2    2    0    0    0    0
 20 11  11.1   5.6   8.3   0.0   300     0  14.9   1  -0.6   28    0    0    1    0
 20 12   6.5   2.5   4.5   0.0   429     0  12.9  18  -3.5   25    0    0    7    0
------------------------------------------------------------------------------------
        14.1   6.5  10.2   0.0  3049    81  30.2 Jul  -3.5  Dec    6    0   21    0

                                Precipitation (mm)

              Dep.   Max        Days of Rain
              From   Obs.           >=
 YR MO Total  Norm   Day Date  0.2  2.0 20.0
---------------------------------------------
 20  1 101.4   0.0  14.1  14    22   14    0
 20  2 249.0   0.0  31.5   9    27   24    2
 20  3  80.7   0.0  12.6  11    16   10    0
 20  4  12.6   0.0   4.2   6     9    2    0
 20  5  33.9   0.0  18.0  22    10    4    0
 20  6 155.7   0.0  20.1  28    20   17    1
 20  7  79.5   0.0  14.7   9    17   12    0
 20  8 136.2   0.0  24.9  25    19   14    2
 20  9  63.6   0.0  12.0   2    14    8    0
 20 10 144.6   0.0  37.5   3    25   16    1
 20 11 104.1   0.0  16.8   2    20   10    0
 20 12 150.0   0.0  22.8  26    23   15    1
---------------------------------------------
      1311.3   0.0  37.5  Oct  222  146    7

                                Wind Speed (mph)
                          Dom
 YR MO   Avg.  Hi   Date  Dir
------------------------------
 20  1   4.2  47.9   11     S
 20  2   3.8  46.3    9   SSW
 20  3   0.0   3.1    6   ENE
 20  4   0.5  18.3   21    SE
 20  5   2.5  41.2   22    SW
 20  6   2.2  28.9   22   SSW
 20  7   2.6  29.8    4   WSW
 20  8   2.0  41.2   21   SSW
 20  9   2.2  28.9   13    SW
 20 10   2.3  45.6   31    SW
 20 11   0.1  22.8   30     W
 20 12   2.2  37.4   26   SSW
------------------------------
         2.1  47.9  Jan   SSW
Update : 09/01/2019 01:15:03
Powered by Cumulus :v3.0.0 (3043)