pic 9

Clifton PWS

sun

Now
Today
Yesterday
This Month
This Year
Monthly records
All Time Records

Archive Charts Gauges NOAA Style reports Shap Weather Station

NOAA Style reports
Select a Year or Month report

Report for 2019 Nov
                   Monthly Climatological Summary for Nov 2019

Name: Clifton Weather Station   City: Clifton   State: Cumbria
Elevation: 159 m  Lat: N 54 37 50   Lon: W 002 43 05

                  Temperature (°C), Rain (mm), Wind Speed (mph)

                                      Heat  Cool        Avg
    Mean                              Deg   Deg         Wind                 Dom
Day Temp  High   Time   Low    Time   Days  Days  Rain  Speed High   Time    Dir
----------------------------------------------------------------------------------
01   9.9  12.6   14:52   7.0   00:04   8.4   0.0  15.9   0.8  11.4   16:57     E
02   9.9  12.2   00:04   6.6   23:42   8.4   0.0   0.6   1.1  16.8   05:49   SSE
03   8.0  10.5   15:05   6.2   01:13  10.3   0.0   3.6   2.0  13.6   07:23    SW
04   8.8  11.6   13:47   7.3   05:24   9.5   0.0   3.3   0.4  11.4   23:12     N
05   7.4  10.1   12:40   2.5   23:56  10.9   0.0   0.3   1.5  14.5   01:09   NNW
06   3.7   6.5   12:07   0.3   02:52  14.6   0.0   0.9   0.4   6.9   21:57   ESE
07   6.1   8.6   13:31   4.4   23:19  12.2   0.0   3.3   1.4  18.3   14:51   NNE
08   3.8   6.3   13:57   1.6   08:00  14.5   0.0   0.3   1.8  15.9   02:15   WNW
09   3.3   5.5   12:17   0.5   02:32  15.0   0.0   0.0   0.7  13.0   11:39   ENE
10   3.2   6.3   14:43   0.0   06:38  15.1   0.0   4.5   1.1  17.4   22:18   SSW
11   5.3   6.9   13:47   3.0   00:10  13.0   0.0  12.3   5.5  26.6   13:31    SW
12   5.9   7.8   13:06   4.1   07:51  12.4   0.0   4.5   4.4  28.9   01:49     W
13   2.3   7.0   12:49  -0.7   06:27  16.0   0.0   0.0   0.4   8.3   12:24   SSE
14   3.8   5.7   12:10   0.5   00:07  14.5   0.0   0.0   2.3  14.5   17:33    NW
15   5.8   8.4   13:54   3.8   00:00  12.5   0.0   0.6   1.8  13.6   04:21   NNW
16   6.1   7.7   12:43   5.0   00:27  12.2   0.0   0.9   1.9   9.8   02:34     W
17   5.3   7.4   12:33   1.5   23:52  13.0   0.0   4.5   1.1   6.9   13:14     W
18   0.3   1.9   14:43  -3.0   23:55  18.0   0.0   0.3   0.4   6.9   03:24   WSW
19   0.5   5.4   23:27  -4.5   03:33  17.8   0.0   0.0   0.2   8.3   23:10     E
20   5.1   8.1   11:33   2.9   22:37  13.2   0.0   0.0   1.2  14.5   18:31     E
21   4.1   6.1   13:15   2.3   05:49  14.2   0.0   0.0   2.4  19.7   04:10   ESE
22   6.2   7.7   13:58   4.7   00:00  12.1   0.0   2.7   1.1  13.6   23:57     E
23   8.4  10.1   12:26   6.8   03:10   9.9   0.0   4.5   0.8  13.0   05:39   ENE
24   8.4  10.3   12:48   6.6   03:06   9.9   0.0   0.9   0.2   6.0   09:51    SE
25   8.5   9.8   13:01   6.6   02:29   9.8   0.0   2.1   0.6  13.6   13:05     E
26   8.5   9.6   01:39   5.2   23:52   9.8   0.0   3.9   0.5  12.1   15:20     E
27   5.9   8.2   13:49   2.6   08:20  12.4   0.0   4.5   1.6  13.6   23:09   WNW
28   5.9   8.0   06:23   1.2   22:50  12.4   0.0   1.2   1.9  16.8   00:50    NW
29   0.7   3.9   13:47  -3.2   23:50  17.6   0.0   0.0   0.8   7.6   11:50   WSW
30  -1.8   3.0   13:50  -4.9   07:51  20.1   0.0   0.0   0.1   6.0   13:38     S
----------------------------------------------------------------------------------
     5.3  12.6     1    -4.9    30   389.7   0.0  75.6   1.3  28.9    12       W

Max >=  27.0  0
Max <=   0.0  0
Min <=   0.0  6
Min <= -18.0  0
Max Rain: 15.9 on day 1
Days of Rain: 22 (>= 0.2 mm)  13 (>= 2.0 mm)  0 (>= 20.0 mm)
Heat Base: 18.3  Cool Base: 18.3  Method: Integration
Update : 09/01/2019 01:15:03
Powered by Cumulus :v3.0.0 (3043)