pic 9

Clifton PWS

sun

Now
Today
Yesterday
This Month
This Year
Monthly records
All Time Records

Archive Charts Gauges NOAA Style reports Shap Weather Station

NOAA Style reports
Select a Year or Month report

Report for 2019 Oct
                   Monthly Climatological Summary for Oct 2019

Name: Clifton Weather Station   City: Clifton   State: Cumbria
Elevation: 159 m  Lat: N 54 37 50   Lon: W 002 43 05

                  Temperature (°C), Rain (mm), Wind Speed (mph)

                                      Heat  Cool        Avg
    Mean                              Deg   Deg         Wind                 Dom
Day Temp  High   Time   Low    Time   Days  Days  Rain  Speed High   Time    Dir
----------------------------------------------------------------------------------
01   9.0  11.4   15:14   5.2   21:34   9.3   0.0  12.0   0.5   9.8   08:00     N
02   7.4  11.7   16:20   2.9   07:52  10.9   0.0   0.0   1.1  11.4   12:25   WNW
03   6.8  11.5   16:46   1.7   07:57  11.5   0.0   2.4   0.8  12.1   16:30     E
04  11.1  15.6   13:45   8.0   23:19   7.2   0.0   1.8   0.3   9.2   15:55     E
05  11.4  14.5   13:04   8.4   01:08   6.9   0.0   6.3   0.7  10.7   13:33     E
06  11.1  14.1   14:48   9.2   04:22   7.2   0.0   9.6   0.8  13.0   04:21     E
07  11.4  14.2   17:25   9.8   20:28   6.9   0.0   2.4   3.0  21.3   11:27   SSE
08  11.4  13.8   14:47  10.3   01:53   6.9   0.0   1.5   4.6  25.1   17:19   SSW
09  10.9  12.6   12:50   9.9   23:23   7.4   0.0   3.6   3.7  19.0   14:34   SSW
10  11.6  13.8   19:24   9.6   07:26   6.7   0.0   9.3   4.6  24.4   14:00   SSW
11  11.9  13.9   13:39  10.7   21:23   6.4   0.0   5.1   4.1  21.3   02:57   SSW
12  11.0  13.9   13:11   8.6   21:04   7.3   0.0   0.6   2.3  16.8   02:35     S
13   9.6  11.7   13:59   6.7   05:14   8.7   0.0  13.5   0.5   9.8   20:43    SE
14   9.8  14.0   13:27   6.2   04:54   8.5   0.0   0.0   0.3  10.7   14:48    SE
15  10.5  13.4   13:07   8.8   04:26   7.8   0.0   0.6   0.5   8.3   15:51     S
16  10.2  13.1   15:27   5.6   22:54   8.1   0.0   1.5   2.0  19.0   11:44   SSW
17   8.8  12.9   14:06   5.2   02:34   9.5   0.0   2.1   1.6  15.2   12:35    SE
18   8.7  12.7   14:35   4.0   23:51   9.6   0.0   1.5   0.3  10.7   14:19   SSE
19   6.8  10.7   12:51   2.7   04:20  11.5   0.0   3.0   1.2   9.8   16:19     W
20   7.9   9.8   13:40   6.0   07:49  10.4   0.0   0.0   1.8  13.0   13:12   WNW
21   7.5  11.0   14:31   4.2   22:48  10.8   0.0   0.0   1.5  10.7   03:18   WNW
22   8.4  12.1   14:27   4.5   03:12   9.9   0.0   0.0   1.8  15.2   14:17     S
23  10.4  12.8   13:13   9.5   07:07   7.9   0.0   0.0   2.3  15.9   16:14   SSE
24  10.3  13.9   12:04   7.9   23:59   8.0   0.0   0.3   2.3  21.3   01:44     S
25   5.3   7.9   00:00   2.6   06:35  13.0   0.0  11.4   0.4   5.4   11:05   WSW
26   5.6   7.8   15:12   4.6   00:00  12.7   0.0   1.5   1.6  15.9   21:17    SW
27   7.2  10.9   14:23   2.2   23:58  11.5   0.0   0.0   3.6  20.6   07:49   WSW
28   2.9   7.7   14:55  -1.5   07:13  15.4   0.0   0.3   0.3   7.6   12:44    NW
29   4.4  10.5   14:14   0.7   23:38  13.9   0.0   0.0   0.5   9.8   12:11   SSW
30   3.5  10.0   14:03  -1.3   07:05  14.8   0.0   0.3   0.5   9.8   14:03    SE
31   5.7   9.7   14:05   2.0   00:07  12.6   0.0   0.3   0.9  12.1   14:14   ESE
----------------------------------------------------------------------------------
     8.7  15.6     4    -1.5    28   299.2   0.0  90.9   1.6  25.1     8     SSW

Max >=  27.0  0
Max <=   0.0  0
Min <=   0.0  2
Min <= -18.0  0
Max Rain: 13.5 on day 13
Days of Rain: 23 (>= 0.2 mm)  12 (>= 2.0 mm)  0 (>= 20.0 mm)
Heat Base: 18.3  Cool Base: 18.3  Method: Integration
Update : 09/01/2019 01:15:03
Powered by Cumulus :v3.0.0 (3043)