pic 9

Clifton PWS

sun

Now
Today
Yesterday
This Month
This Year
Monthly records
All Time Records

Archive Charts Gauges NOAA Style reports Shap Weather Station

NOAA Style reports
Select a Year or Month report

Report for 2019 Aug
                   Monthly Climatological Summary for Aug 2019

Name: Clifton Weather Station   City: Clifton   State: Cumbria
Elevation: 159 m  Lat: N 54 37 50   Lon: W 002 43 05

                  Temperature (°C), Rain (mm), Wind Speed (mph)

                                      Heat  Cool        Avg
    Mean                              Deg   Deg         Wind                 Dom
Day Temp  High   Time   Low    Time   Days  Days  Rain  Speed High   Time    Dir
----------------------------------------------------------------------------------
01  18.5  23.4   18:11  14.7   23:57   1.2   1.4   0.0   0.9   7.6   09:27   WNW
02  18.5  24.7   16:27  12.3   03:29   1.6   1.8   0.0   0.7   6.9   17:03   WSW
03  19.9  25.7   13:38  14.1   05:38   0.8   2.4   0.0   0.5   7.6   13:22     S
04  20.0  26.1   13:22  16.3   23:39   0.5   2.1   3.3   1.0  16.8   13:09    SE
05  17.8  21.3   16:32  15.8   05:10   1.0   0.6   0.9   3.3  18.3   13:45     S
06  16.0  19.2   16:51  14.2   22:40   2.3   0.0  11.7   2.5  19.7   17:39   SSE
07  16.5  20.8   15:54  13.1   04:55   2.2   0.4   2.1   3.3  17.4   14:57   SSW
08  17.7  23.6   18:05  12.2   05:13   1.8   1.3   0.0   1.2  12.1   00:22   SSW
09  17.4  22.4   14:40  14.5   06:17   1.7   0.8  19.2   2.3  19.0   07:59    SE
10  17.5  20.9   16:19  15.3   23:22   1.3   0.5  23.7   3.7  20.6   13:35     S
11  14.5  15.7   14:57  11.7   23:54   3.8   0.0   5.1   2.5  19.0   20:23   SSW
12  13.0  17.2   17:55  10.0   06:16   5.3   0.0   7.5   2.2  13.6   02:35   WSW
13  13.4  18.1   15:26   8.7   06:12   4.9   0.0   4.8   2.0  16.8   13:48    SW
14  14.1  17.4   16:11  10.7   01:13   4.2   0.0   5.1   0.8  11.4   12:09   ESE
15  15.5  18.1   16:08  12.9   23:44   2.8   0.0   1.2   3.9  24.4   13:08   WSW
16  15.7  18.1   17:10  13.3   00:00   2.6   0.0   2.1   4.7  26.6   13:08   SSE
17  15.9  19.3   17:10  13.6   07:13   2.4   0.0   3.0   4.4  20.6   15:35     S
18  14.7  17.3   16:39  13.1   05:39   3.6   0.0   4.8   4.8  22.1   11:02     S
19  14.0  17.5   12:08  11.4   23:33   4.3   0.0   8.4   3.0  16.8   09:37   SSW
20  14.1  17.9   17:27  11.5   00:00   4.2   0.0   1.8   2.3  15.9   15:32   SSW
21  14.9  18.5   12:50  11.9   04:36   3.4   0.0   2.7   4.3  27.3   17:20   SSE
22  16.1  19.4   15:04  13.2   04:03   2.3   0.1   4.2   3.5  19.7   13:47     S
23  18.5  21.8   17:43  15.8   06:52   0.7   0.8   0.3   2.3  18.3   00:47     S
24  18.8  25.4   16:57  12.7   06:03   1.7   2.2   0.0   0.9  12.1   15:15    SE
25  20.4  28.8   16:24  12.8   05:40   1.6   3.7   0.0   0.6   9.8   18:51   ESE
26  18.6  23.9   17:05  14.9   07:24   1.2   1.6   0.0   0.9   9.8   15:43   SSW
27  17.7  25.7   14:39  12.5   06:44   1.9   1.3   0.0   0.8  12.1   12:41     S
28  15.9  18.7   15:18  12.2   22:42   2.4   0.0   0.3   2.9  24.4   10:13     S
29  15.3  18.6   17:03  11.8   01:41   3.0   0.0   0.3   4.1  22.8   17:08   SSE
30  16.5  17.7   11:32  15.6   05:18   1.8   0.0   2.1   7.8  27.3   19:13   SSE
31  14.7  17.1   15:51  10.3   22:04   3.6   0.0   5.7   4.9  25.1   01:55     S
----------------------------------------------------------------------------------
    16.5  28.8    25     8.7    13    76.1  21.0 120.3   2.7  27.3    21       S

Max >=  27.0  1
Max <=   0.0  0
Min <=   0.0  0
Min <= -18.0  0
Max Rain: 23.7 on day 10
Days of Rain: 23 (>= 0.2 mm)  17 (>= 2.0 mm)  1 (>= 20.0 mm)
Heat Base: 18.3  Cool Base: 18.3  Method: Integration
Update : 09/01/2019 01:15:03
Powered by Cumulus :v3.0.0 (3043)