pic 9

Clifton PWS

sun

Now
Today
Yesterday
This Month
This Year
Monthly records
All Time Records

Archive Charts Gauges NOAA Style reports Shap Weather Station

NOAA Style reports
Select a Year or Month report

Report for 2019 Jul
                   Monthly Climatological Summary for Jul 2019

Name: Clifton Weather Station   City: Clifton   State: Cumbria
Elevation: 159 m  Lat: N 54 37 50   Lon: W 002 43 05

                  Temperature (°C), Rain (mm), Wind Speed (mph)

                                      Heat  Cool        Avg
    Mean                              Deg   Deg         Wind                 Dom
Day Temp  High   Time   Low    Time   Days  Days  Rain  Speed High   Time    Dir
----------------------------------------------------------------------------------
01  15.1  17.7   11:46  12.6   22:59   3.2   0.0   0.3   4.4  20.6   11:13    SW
02  15.1  19.5   15:44  11.2   01:54   3.3   0.1   0.0   2.7  14.5   12:01   WNW
03  14.8  20.9   18:15   8.1   05:44   3.9   0.4   0.0   1.4  10.7   19:52   WNW
04  15.1  19.6   12:26   9.5   04:42   3.3   0.1   0.0   1.9  16.8   13:18    SW
05  17.0  21.1   13:06  13.9   04:44   1.8   0.5   0.0   3.0  20.6   21:31    SW
06  16.6  21.3   18:08  12.9   23:52   2.1   0.5   0.0   2.7  13.0   00:03     W
07  16.1  20.9   17:17  11.4   04:35   2.6   0.5   0.0   1.1  12.1   13:48   NNW
08  16.3  22.0   13:38  10.2   04:54   2.6   0.6   0.0   0.7   7.6   12:01     S
09  16.1  19.0   13:33  13.6   04:45   2.2   0.0   1.5   0.3   6.0   14:49    SW
10  18.2  23.0   15:15  14.1   04:57   1.3   1.3   0.3   1.9  13.6   10:50   SSE
11  18.7  23.2   16:30  15.6   04:47   0.9   1.3   0.9   2.0  16.8   14:01   SSW
12  18.0  23.1   16:52  14.6   05:24   1.5   1.2   0.0   2.4  13.6   13:28     W
13  17.7  23.2   15:51  12.6   04:27   1.8   1.3   0.0   1.7  13.6   18:37   WNW
14  18.4  22.9   14:32  14.2   01:50   1.3   1.3   0.0   0.4   5.4   15:09   ENE
15  17.4  23.6   14:31   9.8   05:36   2.6   1.7   0.0   0.4   6.9   14:38   SSW
16  18.6  24.6   15:59  11.7   04:17   1.6   2.0   0.0   1.5  13.6   13:01   SSW
17  17.1  21.3   10:45  13.7   04:29   1.8   0.6   1.2   3.3  19.0   20:31     S
18  16.7  21.4   17:08  12.7   04:52   2.0   0.4   0.6   3.3  18.3   16:19   SSW
19  17.0  21.2   13:31  14.0   04:36   1.5   0.2   3.6   2.4  20.6   21:17   SSE
20  17.1  20.2   18:58  13.9   23:55   1.5   0.3  15.0   3.1  20.6   16:43    SW
21  17.1  21.7   13:44  12.6   01:01   1.7   0.5   5.7   3.5  21.3   16:22   SSE
22  19.8  23.2   15:26  15.7   00:00   0.1   1.7   3.3   7.2  29.8   06:07     S
23  22.5  28.9   18:37  17.5   05:43   0.1   4.3   0.0   2.4  14.5   00:21   SSE
24  21.5  24.2   18:24  18.5   23:49   0.0   3.2   6.3   2.2  17.4   17:08     S
25  23.6  32.0   15:07  16.6   03:11   0.2   5.6   3.6   1.2  15.2   11:57    SE
26  20.8  25.6   12:59  17.4   05:46   0.1   2.6   0.6   0.8  13.0   12:43     S
27  15.9  17.9   00:00  14.4   20:48   2.4   0.0  29.4   1.1  10.7   16:43     W
28  19.5  25.6   15:15  14.8   00:00   1.1   2.3   2.7   0.8   8.3   15:11   WNW
29  18.4  23.0   17:35  14.2   23:49   0.9   1.0   2.4   0.3   7.6   18:37   SSW
30  17.2  24.7   14:38  12.7   05:11   2.1   1.0   8.1   0.5  13.6   13:23   SSW
31  17.1  20.7   15:55  15.4   23:22   1.4   0.1   6.9   1.7  10.7   11:22   WNW
----------------------------------------------------------------------------------
    17.8  32.0    25     8.1     3    52.9  36.6  92.4   2.0  29.8    22     SSW

Max >=  27.0  2
Max <=   0.0  0
Min <=   0.0  0
Min <= -18.0  0
Max Rain: 29.4 on day 27
Days of Rain: 18 (>= 0.2 mm)  11 (>= 2.0 mm)  1 (>= 20.0 mm)
Heat Base: 18.3  Cool Base: 18.3  Method: Integration
Update : 09/01/2019 01:15:03
Powered by Cumulus :v3.0.0 (3043)