pic 9

Clifton PWS

sun

Now
Today
Yesterday
This Month
This Year
Monthly records
All Time Records

Archive Charts Gauges NOAA Style reports Shap Weather Station

NOAA Style reports
Select a Year or Month report

Report for 2019 May
                   Monthly Climatological Summary for May 2019

Name: Clifton Weather Station   City: Clifton   State: Cumbria
Elevation: 159 m  Lat: N 54 37 50   Lon: W 002 43 05

                  Temperature (°C), Rain (mm), Wind Speed (mph)

                                      Heat  Cool        Avg
    Mean                              Deg   Deg         Wind                 Dom
Day Temp  High   Time   Low    Time   Days  Days  Rain  Speed High   Time    Dir
----------------------------------------------------------------------------------
01  11.1  14.5   17:34   7.8   23:52   7.2   0.0   2.4   0.3   6.0   16:22   WSW
02   9.3  15.1   16:24   5.4   06:22   9.0   0.0   3.3   1.0  13.6   15:48   WNW
03   7.6  11.3   13:01   4.9   23:59  10.7   0.0   3.3   1.0   9.8   14:17    NW
04   6.4  12.3   15:58   1.1   05:48  11.9   0.0   0.0   2.0  14.5   09:17    NW
05   7.5  10.9   13:55   2.7   02:24  10.8   0.0   0.0   1.7  12.1   16:23   WNW
06   6.5  11.4   12:21   2.5   04:37  11.8   0.0   9.3   0.6  10.7   12:44     W
07   7.6  12.2   13:37   4.7   05:33  10.7   0.0   4.2   0.6  13.6   12:09     E
08   7.9  10.6   13:34   5.8   04:39  10.4   0.0   1.8   1.3  15.9   09:55   ENE
09   7.8  11.1   13:33   3.3   23:29  10.5   0.0   0.6   1.0   9.2   00:41     N
10   7.4  12.5   16:32   1.1   04:41  10.9   0.0   0.3   0.8  10.7   11:00   ESE
11   8.9  14.3   15:29   2.2   06:01   9.4   0.0   0.3   1.8  12.1   18:17   WNW
12   9.2  16.5   14:43   1.2   05:31   9.1   0.0   0.0   1.1  11.4   13:02     W
13  11.7  19.5   13:54   3.1   05:13   6.7   0.0   0.0   1.2   9.2   12:01   WNW
14  14.6  23.5   15:36   6.2   05:06   4.7   1.1   0.0   1.0   9.8   14:14   SSE
15  15.8  24.5   16:59   7.6   04:30   3.8   1.3   0.0   0.6   9.8   13:47    SE
16  13.3  19.2   16:04   7.8   05:36   5.0   0.0   0.0   1.5  15.9   14:00     E
17  13.5  20.0   15:04   8.6   05:28   4.9   0.1   0.6   1.2   9.8   21:52   NNW
18  13.0  17.2   15:48  10.1   23:59   5.3   0.0   0.3   0.6   8.3   14:09    NW
19  12.6  17.4   15:04   7.0   03:11   5.7   0.0   0.0   1.3  12.1   14:30   WSW
20  13.5  18.6   16:31   9.5   23:58   4.8   0.0   0.0   1.2  12.1   16:59   WNW
21  11.9  17.7   15:34   5.9   05:04   6.4   0.0   0.0   2.4  16.8   16:55   WSW
22  11.8  17.5   15:47   5.7   05:23   6.5   0.0   0.0   3.0  17.4   18:16    SW
23  12.9  17.9   15:43   7.2   05:09   5.4   0.0   0.0   3.2  19.7   16:23    SW
24  12.5  18.2   15:05   5.4   05:43   5.8   0.0   0.0   3.2  19.7   18:28   WSW
25  12.8  18.1   11:38   6.2   05:26   5.5   0.0   2.7   1.6  14.5   21:07   SSW
26  14.3  16.4   11:06  11.0   23:37   4.0   0.0   6.0   4.5  23.5   10:24    SW
27  12.3  15.2   17:27   9.8   23:57   6.0   0.0   0.3   3.9  28.9   03:14   WSW
28  11.0  15.7   13:19   6.9   04:14   7.3   0.0   2.1   0.9   9.8   12:31    NW
29  10.1  14.7   13:46   4.6   03:48   8.2   0.0   2.4   1.6  16.8   13:47   SSE
30  15.6  18.9   13:42  13.3   00:00   2.7   0.0   4.5   6.2  21.3   20:51   SSW
31  15.1  18.3   17:06  13.4   23:57   3.2   0.0   0.3   4.8  34.2   18:30     S
----------------------------------------------------------------------------------
    11.1  24.5    15     1.1     4   224.3   2.5  44.7   1.8  34.2    31      SW

Max >=  27.0  0
Max <=   0.0  0
Min <=   0.0  0
Min <= -18.0  0
Max Rain: 9.3 on day 6
Days of Rain: 18 (>= 0.2 mm)  10 (>= 2.0 mm)  0 (>= 20.0 mm)
Heat Base: 18.3  Cool Base: 18.3  Method: Integration
Update : 09/01/2019 01:15:03
Powered by Cumulus :v3.0.0 (3043)