pic 9

Clifton PWS

sun

Now
Today
Yesterday
This Month
This Year
Monthly records
All Time Records

Archive Charts Gauges NOAA Style reports Shap Weather Station

NOAA Style reports
Select a Year or Month report

Report for 2019 Apr
                   Monthly Climatological Summary for Apr 2019

Name: Clifton Weather Station   City: Clifton   State: Cumbria
Elevation: 159 m  Lat: N 54 37 50   Lon: W 002 43 05

                  Temperature (°C), Rain (mm), Wind Speed (mph)

                                      Heat  Cool        Avg
    Mean                              Deg   Deg         Wind                 Dom
Day Temp  High   Time   Low    Time   Days  Days  Rain  Speed High   Time    Dir
----------------------------------------------------------------------------------
01   5.1   9.7   15:31  -0.5   05:28  13.2   0.0   5.1   1.6  19.0   13:21    SE
02   5.2   8.9   15:21   2.1   23:30  13.1   0.0   8.4   2.3  19.0   13:45     W
03   3.7   7.7   14:20   0.9   03:44  14.6   0.0  14.1   1.9  15.9   11:00   WSW
04   5.5   9.7   16:21   1.6   05:49  12.8   0.0   0.6   2.0  19.0   20:45     E
05   8.2  13.7   16:27   4.1   06:47  10.1   0.0   0.0   2.3  25.9   11:32     E
06   7.4  12.6   14:57   2.6   05:41  10.9   0.0   0.0   1.1   8.3   16:35   NNW
07  10.0  16.5   17:26   6.7   23:57   8.3   0.0   0.0   0.6   8.3   14:08   ESE
08   8.9  15.0   16:08   3.6   06:30   9.4   0.0   0.0   0.9  12.1   14:17   ESE
09   7.7  12.4   16:19   3.0   23:21  10.6   0.0   0.0   1.5  13.0   13:05   ENE
10   5.7  11.9   17:08  -0.4   07:01  12.6   0.0   0.0   1.0  10.7   12:50   ESE
11   5.8  11.4   16:46   0.8   04:11  12.5   0.0   0.0   0.9  10.7   13:19     E
12   5.6  11.6   14:50   0.7   04:01  12.7   0.0   0.0   1.2  13.0   14:41     E
13   4.6  11.3   15:42  -1.2   06:24  13.7   0.0   0.0   1.6  16.8   11:09     E
14   4.8   9.8   12:36   0.3   06:27  13.5   0.0   0.0   1.9  20.6   12:07     E
15   7.1  12.5   16:26   2.1   04:24  11.2   0.0   0.0   3.5  27.3   12:12     E
16   9.8  14.6   16:10   5.9   05:33   8.5   0.0   0.0   1.7  14.5   03:21     E
17  11.2  18.1   15:51   6.7   05:54   7.1   0.0   0.0   1.8  12.1   12:06   ESE
18  12.5  19.6   15:59   6.3   06:47   5.9   0.1   0.0   1.5  15.2   13:08     E
19  14.1  22.3   15:35   5.1   06:04   5.2   1.0   0.0   1.4  12.1   13:19   SSE
20  15.6  23.3   16:39   8.4   06:47   4.0   1.3   0.0   1.0  10.7   15:37   SSE
21  15.5  22.6   16:04   8.8   04:46   3.9   1.1   0.0   2.2  16.8   10:49   SSE
22  14.7  22.3   16:28   6.5   06:18   4.4   0.8   0.0   1.4  18.3   11:57   ESE
23  14.9  20.8   16:47  10.0   04:38   3.8   0.4   0.0   1.9  11.4   10:09    SE
24  12.8  20.4   16:56   6.5   06:02   5.6   0.1   0.9   1.3  15.2   21:42    SE
25  10.9  16.8   14:46   7.4   05:40   7.4   0.0   2.4   1.1  15.9   10:38   ESE
26   9.5  12.4   10:06   7.1   00:31   8.8   0.0   3.0   3.9  19.7   12:46    SE
27   8.0  11.5   15:21   6.4   23:57  10.3   0.0  13.8   2.4  22.1   13:34   WSW
28   9.7  15.1   15:07   4.0   02:41   8.5   0.0   0.0   0.9   7.6   15:14   WNW
29  10.6  17.6   15:57   3.0   06:00   7.7   0.0   0.0   0.9   9.8   17:42    SE
30  11.8  17.7   16:06   5.3   05:09   6.5   0.0   0.0   1.1   9.2   17:40   SSW
----------------------------------------------------------------------------------
     9.2  23.3    20    -1.2    13   276.8   4.8  48.3   1.6  27.3    15     ESE

Max >=  27.0  0
Max <=   0.0  0
Min <=   0.0  3
Min <= -18.0  0
Max Rain: 14.1 on day 3
Days of Rain: 8 (>= 0.2 mm)  6 (>= 2.0 mm)  0 (>= 20.0 mm)
Heat Base: 18.3  Cool Base: 18.3  Method: Integration
Update : 09/01/2019 01:15:03
Powered by Cumulus :v3.0.0 (3043)