pic 9

Clifton PWS

sun

Now
Today
Yesterday
This Month
This Year
Monthly records
All Time Records

Archive Charts Gauges NOAA Style reports Shap Weather Station

NOAA Style reports
Select a Year or Month report

Report for 2019 Mar
                   Monthly Climatological Summary for Mar 2019

Name: Clifton Weather Station   City: Clifton   State: Cumbria
Elevation: 159 m  Lat: N 54 37 50   Lon: W 002 43 05

                  Temperature (°C), Rain (mm), Wind Speed (mph)

                                      Heat  Cool        Avg
    Mean                              Deg   Deg         Wind                 Dom
Day Temp  High   Time   Low    Time   Days  Days  Rain  Speed High   Time    Dir
----------------------------------------------------------------------------------
01   7.3  10.1   14:03   5.6   05:52  11.0   0.0   0.0   0.9  13.6   16:18   SSE
02   8.6  11.2   12:58   7.1   22:24   9.7   0.0   7.5   6.4  32.7   22:33     S
03   5.9   9.2   11:48   0.9   22:19  12.4   0.0  19.5   5.7  31.1   00:21   SSW
04   4.9   8.5   13:51   1.8   00:03  13.4   0.0   3.6   6.0  31.1   02:03    SW
05   5.9  10.0   15:17   2.9   00:00  12.3   0.0   6.3   3.6  25.1   16:37     S
06   7.9  11.3   14:19   5.1   03:04  10.4   0.0  17.1   2.7  19.7   10:43   SSE
07   5.8   7.1   15:29   2.9   23:57  12.5   0.0   5.7   3.1  19.7   16:31     W
08   3.9   7.4   19:10  -1.1   06:31  14.4   0.0   4.8   4.1  35.8   21:43   SSW
09   4.3   7.1   14:57   1.1   07:41  14.0   0.0   9.9   5.5  31.1   00:35    SW
10   2.9   5.2   13:28   1.4   10:39  15.4   0.0   5.1   5.6  30.4   14:47    SW
11   4.7   7.7   14:55   1.3   00:34  13.6   0.0   8.7   7.2  26.6   01:08    SW
12   5.9   8.7   04:31   3.9   08:05  12.4   0.0  20.7  10.0  51.7   22:46   SSW
13   7.0   9.6   13:34   5.6   04:26  11.3   0.0   7.2  10.8  52.6   02:02   WSW
14   7.7   9.6   14:23   6.3   23:45  10.6   0.0  11.1   8.1  35.8   05:51    SW
15   6.9  10.2   04:06   4.4   15:13  11.4   0.0   6.0   9.5  35.8   04:00    SW
16   6.2  10.6   13:20   2.5   04:39  12.1   0.0  24.9   6.6  37.4   12:46   SSW
17   4.9   8.2   15:25   2.2   06:31  13.4   0.0   0.3   5.8  28.2   12:02   WSW
18   5.7   9.8   14:14   1.0   05:26  12.6   0.0   0.0   1.4  13.6   09:51   SSW
19   8.8  12.5   15:57   4.0   02:20   9.5   0.0   0.0   2.1  16.8   11:51     S
20  11.1  15.4   11:42   8.4   07:10   7.2   0.0   0.0   1.6  15.2   16:15   SSE
21  11.5  15.7   14:26   9.0   22:03   6.8   0.0   0.0   2.2  15.9   15:54     S
22   9.7  11.4   10:30   5.9   22:54   8.6   0.0   0.3   6.4  34.2   08:56     S
23   6.6  10.1   14:45   3.8   04:25  11.7   0.0   0.0   2.7  13.6   05:09    SW
24   6.5   9.4   14:15   4.2   05:18  11.8   0.0   2.7   6.0  26.6   16:27    SW
25   6.7  10.9   14:37   2.4   06:42  11.6   0.0   0.0   2.5  14.5   01:22   WNW
26   8.3  10.5   12:01   5.7   02:14  10.0   0.0   0.0   3.5  18.3   11:34   WSW
27   9.5  11.9   14:37   7.9   05:40   8.8   0.0   0.0   4.1  15.2   10:50    SW
28   9.4  14.2   15:30   3.6   23:57   8.9   0.0   0.0   2.2  13.6   11:29     S
29   7.1  13.6   15:50   1.4   06:08  11.2   0.0   0.0   1.4  11.4   10:18    SW
30   6.6  11.9   12:30   0.9   05:00  11.7   0.0   1.2   0.9  13.0   12:17   WSW
31   6.0  10.8   15:21   1.6   07:08  11.8   0.0   0.0   0.8  11.4   18:33     E
----------------------------------------------------------------------------------
     6.9  15.7    21    -1.1     8   352.5   0.0 162.6   4.5  52.6    13      SW

Max >=  27.0  0
Max <=   0.0  0
Min <=   0.0  1
Min <= -18.0  0
Max Rain: 24.9 on day 16
Days of Rain: 19 (>= 0.2 mm)  16 (>= 2.0 mm)  2 (>= 20.0 mm)
Heat Base: 18.3  Cool Base: 18.3  Method: Integration
Update : 09/01/2019 01:15:03
Powered by Cumulus :v3.0.0 (3043)