pic 9

Clifton PWS

sun

Now
Today
Yesterday
This Month
This Year
Monthly records
All Time Records

Archive Charts Gauges NOAA Style reports Shap Weather Station

NOAA Style reports
Select a Year or Month report

Report for 2019 Feb
                   Monthly Climatological Summary for Feb 2019

Name: Clifton Weather Station   City: Clifton   State: Cumbria
Elevation: 159 m  Lat: N 54 37 50   Lon: W 002 43 05

                  Temperature (°C), Rain (mm), Wind Speed (mph)

                                      Heat  Cool        Avg
    Mean                              Deg   Deg         Wind                 Dom
Day Temp  High   Time   Low    Time   Days  Days  Rain  Speed High   Time    Dir
----------------------------------------------------------------------------------
01  -0.9   2.1   15:14  -4.9   03:31  19.2   0.0   0.0   1.8   9.8   08:44     W
02  -0.8   2.7   14:24  -4.6   23:59  19.1   0.0   0.0   1.7  11.4   12:57     W
03   0.2   5.7   21:52  -6.2   03:29  18.1   0.0   2.1   1.7  15.9   11:04   ESE
04   4.7   7.0   08:30   0.0   23:59  13.6   0.0   1.8   3.8  22.8   11:45   SSW
05   3.5   8.0   21:36  -1.3   03:32  14.8   0.0   2.7   1.1  13.0   16:59   ESE
06   5.3   8.6   15:16   1.3   07:54  13.0   0.0   0.3   2.2  19.7   13:44   SSE
07   4.8   6.7   13:41   3.2   07:35  13.5   0.0   2.1   2.9  24.4   13:19    SW
08   7.3   9.3   12:18   4.7   00:00  11.0   0.0  19.2  10.5  38.0   11:39     S
09   6.0   8.0   13:02   4.0   22:40  12.3   0.0  14.7  10.3  41.8   05:55   SSW
10   4.0   6.2   14:23   2.4   04:13  14.3   0.0   0.9   2.4  18.3   15:09    SW
11   3.9   8.0   13:46   1.6   20:46  14.4   0.0   0.0   1.3  10.7   00:48   SSW
12   7.6  11.3   14:04   2.5   00:00  10.7   0.0   0.0   3.9  24.4   07:38     S
13   8.6   9.5   02:26   7.8   07:28   9.7   0.0   0.3   6.1  28.2   21:54   SSE
14   8.0  12.2   14:57   3.4   23:56  10.3   0.0   0.0   2.8  20.6   02:50   SSE
15   7.1  11.2   14:02   2.6   07:03  11.2   0.0   0.0   1.8  25.1   18:55    SE
16   9.6  11.2   14:44   8.4   07:29   8.7   0.0   0.3   6.0  33.6   02:31     S
17   9.4  12.4   14:17   7.1   05:37   8.9   0.0   0.3   6.4  34.9   00:37   SSE
18   7.5   9.4   14:06   6.5   17:57  10.8   0.0   3.3   8.9  32.0   02:44     S
19   7.2   8.4   11:41   6.3   07:28  11.1   0.0   0.6   3.9  18.3   20:58   SSW
20   9.2  10.3   22:09   7.0   00:00   9.1   0.0   0.6   5.3  27.3   13:54   SSE
21  10.5  13.2   11:51   7.3   23:18   7.8   0.0   0.0   3.5  24.4   12:46     S
22  10.5  15.1   14:14   6.7   05:08   7.8   0.0   0.3   1.9  13.0   16:01    SE
23  10.6  15.2   13:44   7.0   23:58   7.6   0.0   0.0   4.1  22.1   10:30   SSE
24   8.1  14.7   13:38   1.3   07:20  10.2   0.0   0.0   0.9  10.7   12:23   SSE
25   8.5  16.2   15:15   3.3   06:49   9.8   0.0   0.0   0.8   9.8   13:32    SE
26   7.6  16.7   14:29   1.5   07:16  10.7   0.0   0.0   0.7   8.3   14:44    SE
27   7.4  13.9   15:28   2.4   05:42  10.9   0.0   0.0   0.8   7.6   14:01    SW
28   6.2   8.8   15:03   3.0   06:56  12.1   0.0   0.0   0.7   7.6   21:05   WSW
----------------------------------------------------------------------------------
     6.5  16.7    26    -6.2     3   330.7   0.0  49.5   3.5  41.8     9       S

Max >=  27.0  0
Max <=   0.0  0
Min <=   0.0  5
Min <= -18.0  0
Max Rain: 19.2 on day 8
Days of Rain: 15 (>= 0.2 mm)  6 (>= 2.0 mm)  0 (>= 20.0 mm)
Heat Base: 18.3  Cool Base: 18.3  Method: Integration
Update : 09/01/2019 01:15:03
Powered by Cumulus :v3.0.0 (3043)