pic 9

Clifton PWS

sun

Now
Today
Yesterday
This Month
This Year
Monthly records
All Time Records

Archive Charts Gauges NOAA Style reports Shap Weather Station

NOAA Style reports
Select a Year or Month report

Report for 2019 Jan
                   Monthly Climatological Summary for Jan 2019

Name: Clifton Weather Station   City: Clifton   State: Cumbria
Elevation: 159 m  Lat: N 54 37 51   Lon: W 002 43 06

                  Temperature (°C), Rain (mm), Wind Speed (mph)

                                      Heat  Cool        Avg
    Mean                              Deg   Deg         Wind                 Dom
Day Temp  High   Time   Low    Time   Days  Days  Rain  Speed High   Time    Dir
----------------------------------------------------------------------------------
01   6.2  10.5   01:34   0.9   22:33  12.1   0.0   0.0   3.0  25.9   01:46     W
02   1.9   4.4   13:13  -0.9   02:23  16.4   0.0   0.0   1.1   8.3   23:56   SSW
03   2.6   3.9   13:27   1.5   03:10  15.7   0.0   0.0   0.4   7.6   00:18    SE
04   4.5   6.6   12:46   2.9   00:01  13.8   0.0   0.0   0.9  10.7   18:01     W
05   4.7   9.3   14:09   3.2   08:13  13.6   0.0   0.0   0.6   7.6   01:31   WNW
06   6.6   9.0   23:44   4.5   08:25  11.7   0.0   0.0   0.3   9.2   22:05     S
07   9.0  11.0   09:31   7.2   23:09   9.3   0.0   2.7   6.9  29.8   11:53    SW
08   4.8   7.2   00:00   0.5   22:26  13.5   0.0   0.0   3.3  21.3   00:05     W
09   1.1   3.3   13:45  -0.2   19:17  17.2   0.0   0.0   1.0   6.9   00:49   WSW
10   3.5   6.2   21:58   0.4   00:00  14.8   0.0   0.3   0.3   6.0   21:10     W
11   6.7   8.5   13:52   4.3   05:42  11.6   0.0   0.0   2.0  20.6   22:29   WSW
12   8.8  10.4   20:34   7.7   07:37   9.5   0.0   1.2   8.1  28.9   17:44   WSW
13   8.7  10.1   00:31   6.6   20:30   9.6   0.0   0.3   8.4  33.6   02:34   WSW
14   6.4   7.7   12:16   5.3   08:08  11.9   0.0   0.3   3.8  21.3   21:28    SW
15   8.4   9.7   13:15   7.1   00:30   9.9   0.0   1.5   5.0  21.3   07:32   SSW
16   5.9   8.8   00:25   2.6   21:21  12.4   0.0   3.6   4.8  21.3   13:06    SW
17   0.8   3.3   00:02  -1.9   23:56  17.5   0.0   0.0   2.9  14.5   08:06   WNW
18   0.3   3.5   13:00  -2.8   06:44  18.0   0.0   0.9   0.8  14.5   13:09     E
19   3.1   5.0   12:11   2.0   00:00  15.2   0.0   0.0   0.5   7.6   14:19     E
20   3.9   6.3   14:49   1.8   23:59  14.4   0.0   0.3   0.5   8.3   18:40     W
21   1.4   3.9   18:47  -1.9   08:00  16.9   0.0   7.2   2.3  22.8   22:17   SSE
22   1.2   2.9   12:19  -1.3   23:24  17.1   0.0   1.5   1.4  12.1   00:51    SW
23  -1.3   0.3   13:47  -3.4   09:17  19.6   0.0   0.0   0.2   6.0   14:14   SSE
24   2.2   4.7   14:56   0.0   00:01  16.1   0.0   0.3   0.1   4.5   19:31     E
25   8.6  11.0   13:51   3.5   00:00   9.7   0.0   0.9   6.0  28.2   13:19    SW
26   7.9   9.3   00:34   4.0   23:32  10.2   0.0   9.3   4.5  27.3   13:23     S
27   3.1   5.2   13:28   1.0   23:59  15.3   0.0   1.2   6.7  28.2   12:22   WNW
28   0.7   3.3   14:06  -2.3   08:16  17.7   0.0   0.0   2.0  14.5   21:39   WSW
29   1.2   2.2   10:42  -0.3   22:55  17.1   0.0  10.5   1.6  12.1   18:03   SSW
30  -0.2   3.2   14:18  -4.0   23:50   9.7   0.0   0.3   0.4   9.2   14:33   SSW
31  -3.4   1.1   14:05  -6.6   07:09  21.6   0.0   0.0   0.6   9.8   15:55    SE
----------------------------------------------------------------------------------
     3.8  11.0     7    -6.6    31   439.1   0.0  42.3   2.6  33.6    13      SW

Max >=  27.0  0
Max <=   0.0  0
Min <=   0.0 12
Min <= -18.0  0
Max Rain: 10.5 on day 29
Days of Rain: 17 (>= 0.2 mm)  5 (>= 2.0 mm)  0 (>= 20.0 mm)
Heat Base: 18.3  Cool Base: 18.3  Method: Integration
Update : 09/01/2019 01:15:03
Powered by Cumulus :v3.0.0 (3043)