pic 9

Clifton PWS

sun

Now
Today
Yesterday
This Month
This Year
Monthly records
All Time Records

Archive Charts Gauges NOAA Style reports Shap Weather Station

NOAA Style reports
Select a Year or Month report

Report for 2018 Dec
                   Monthly Climatological Summary for Dec 2018

Name: Clifton Weather Station   City: Clifton   State: Cumbria
Elevation: 159 m  Lat: N 54 37 51   Lon: W 002 43 06

                  Temperature (°C), Rain (mm), Wind Speed (mph)

                                      Heat  Cool        Avg
    Mean                              Deg   Deg         Wind                 Dom
Day Temp  High   Time   Low    Time   Days  Days  Rain  Speed High   Time    Dir
----------------------------------------------------------------------------------
01   6.2   7.7   23:59   4.4   03:15  12.1   0.0   3.3   1.0  15.9   06:51    SE
02   9.3  11.4   13:13   7.3   01:02   9.0   0.0   2.4   2.7  20.6   23:07   SSW
03   5.6  10.4   00:17   0.3   23:59  12.7   0.0   0.6   2.5  25.9   02:34   WSW
04   0.8   4.8   13:24  -2.3   06:33  17.5   0.0   0.3   0.3   5.4   23:27     E
05   3.9   6.1   21:19   1.2   01:23  14.4   0.0   6.9   0.8  13.0   08:52     E
06   9.3  12.7   12:54   5.7   02:34   9.0   0.0   0.9   3.2  25.1   10:23     S
07   8.1  11.3   04:01   5.9   15:01  10.2   0.0  10.2   8.4  42.5   21:49   SSW
08   7.8   8.9   00:30   6.3   16:19  10.5   0.0   5.4   9.0  35.8   01:40    SW
09   5.6   7.5   00:05   3.6   23:53  12.7   0.0   0.6   2.5  16.8   12:19   WSW
10   4.1   5.6   02:49   2.9   08:14  14.2   0.0   0.0   0.5   9.2   04:02   WSW
11   6.5   8.8   13:55   3.7   00:32  11.8   0.0   0.0   0.7  11.4   19:21     E
12   5.7   7.9   12:23   2.6   22:17  12.6   0.0   0.0   2.2  15.9   23:26     E
13   3.0   4.6   13:09   0.8   23:35  15.3   0.0   0.0   2.4  19.0   10:16     E
14   0.5   2.7   14:15  -1.6   08:39  17.8   0.0   0.0   1.0  11.4   23:31   ESE
15   1.7   6.1   23:47   0.6   13:03  16.6   0.0  15.0   4.3  28.2   23:53     E
16   5.4   7.0   03:37   3.8   08:55  12.9   0.0   5.1   4.1  34.9   01:11   SSW
17   5.1   9.5   23:58   1.3   08:49  13.2   0.0   0.3   1.3  19.7   23:56   ESE
18   8.4  10.5   06:45   6.0   22:22   9.9   0.0  12.3   4.1  31.1   10:09    SE
19   6.0   6.9   12:55   5.4   07:57  12.3   0.0   1.8   2.4  18.3   18:57    SE
20   6.2   8.1   12:48   5.2   04:09  12.1   0.0   6.3   1.5  15.9   17:52   SSE
21   6.4   7.5   14:48   5.4   09:20  11.9   0.0   2.4   0.8   9.8   04:11     S
22   7.2   8.4   14:01   5.8   03:14  11.1   0.0   1.2   2.7  14.5   12:25    SW
23   5.9   7.3   00:49   2.4   23:55  12.4   0.0   1.2   0.6   6.0   00:25     W
24   0.5   3.4   14:37  -1.8   23:59  17.8   0.0   0.0   0.4   4.5   01:16   SSE
25   4.3   8.3   23:17  -1.8   00:00  14.0   0.0   0.0   0.2   5.4   17:57   ESE
26   8.4  11.0   12:22   5.2   22:24   9.9   0.0   0.0   1.2  13.0   07:05     S
27   7.1   9.3   13:45   4.4   03:01  11.2   0.0   0.0   0.3   6.0   15:34   WSW
28   7.7  10.9   13:27   3.9   20:02  10.6   0.0   0.0   1.8  13.6   10:31   SSW
29   8.9  11.4   08:31   4.9   21:49   9.4   0.0   3.0   4.5  29.8   09:17    SW
30   8.6  11.5   13:50   5.4   00:18   9.7   0.0   2.4   1.6  13.6   12:40    SW
31   9.7  10.6   11:53   9.1   06:35   8.6   0.0   0.0   5.4  23.5   18:28    SW
----------------------------------------------------------------------------------
     5.9  12.7     6    -2.3     4   383.4   0.0  81.6   2.4  42.5     7       S

Max >=  27.0  0
Max <=   0.0  0
Min <=   0.0  4
Min <= -18.0  0
Max Rain: 15.0 on day 15
Days of Rain: 20 (>= 0.2 mm)  12 (>= 2.0 mm)  0 (>= 20.0 mm)
Heat Base: 18.3  Cool Base: 18.3  Method: Integration
Update : 09/01/2019 01:15:03
Powered by Cumulus :v3.0.0 (3043)