pic 9

Clifton PWS

sun

Now
Today
Yesterday
This Month
This Year
Monthly records
All Time Records

Archive Charts Gauges NOAA Style reports Shap Weather Station

NOAA Style reports
Select a Year or Month report

Report for 2018 Nov
                   Monthly Climatological Summary for Nov 2018

Name: Clifton Weather Station   City: Clifton   State: Cumbria
Elevation: 159 m  Lat: N 54 37 51   Lon: W 002 43 06

                  Temperature (°C), Rain (mm), Wind Speed (mph)

                                      Heat  Cool        Avg
    Mean                              Deg   Deg         Wind                 Dom
Day Temp  High   Time   Low    Time   Days  Days  Rain  Speed High   Time    Dir
----------------------------------------------------------------------------------
01   6.3   9.1   13:41   2.6   22:47  12.0   0.0   4.5   1.9  14.5   12:04    SW
02   6.0   9.8   12:14   1.8   07:41  12.3   0.0   0.0   1.7  13.0   19:23   SSE
03  10.0  12.0   13:10   7.3   03:29   8.3   0.0  10.8   5.7  28.9   11:06    SE
04  11.1  12.5   15:09  10.2   07:44   7.2   0.0   6.3   3.1  24.4   00:47   SSE
05   9.8  12.2   14:35   8.4   21:17   8.6   0.0   0.3   0.6   9.2   07:20     E
06  11.1  13.2   14:10   8.5   01:07   7.2   0.0   0.6   1.9  15.9   14:51   ESE
07  10.9  13.7   12:00   7.5   22:02   7.4   0.0   2.4   2.1  20.6   08:19   ESE
08   8.4  10.5   12:58   5.7   06:03   9.9   0.0   3.0   1.9  15.9   14:13   ESE
09   9.1  10.5   12:50   7.0   06:21   9.2   0.0  12.0   3.6  22.8   23:28   ESE
10   9.2  11.2   12:24   7.6   07:06   9.1   0.0   4.8   3.4  18.3   03:34    SE
11   8.1   9.8   13:54   7.0   03:19  10.2   0.0   6.6   2.3  24.4   22:07    SE
12   8.8  10.6   12:35   8.0   20:07   9.5   0.0   8.1   5.3  21.3   12:19   SSE
13   9.5  10.9   11:34   7.7   00:36   8.8   0.0   6.6   4.8  21.3   09:23     S
14  11.0  13.9   14:05   9.6   04:14   7.3   0.0   1.5   5.9  28.9   09:34   SSE
15   9.7  12.1   13:48   6.9   06:36   8.7   0.0   0.0   2.1  19.0   20:23    SE
16  11.3  13.6   11:04   8.7   20:02   7.0   0.0   0.0   0.9  13.0   01:52   ESE
17   7.5  10.4   00:18   5.4   04:30  10.8   0.0   0.0   2.2  19.0   19:30     E
18   5.3   9.6   14:10   1.8   23:54  13.0   0.0   0.3   0.8  14.5   03:47   ESE
19   6.1   8.8   13:05   1.8   00:00  12.2   0.0   0.3   1.6  11.4   15:07   NNE
20   5.4   7.3   13:29   4.3   19:53  12.9   0.0   3.0   5.6  18.3   08:19   NNE
21   4.1   5.6   12:37   1.5   23:55  14.2   0.0   1.5   2.1  19.0   15:36   ENE
22   2.5   5.0   23:50  -0.8   07:43  15.8   0.0   0.3   0.4   9.2   00:47     S
23   5.0   6.8   11:02   3.4   17:42  13.3   0.0   0.0   0.3   8.3   13:07     E
24   5.6   8.5   13:05   3.1   19:30  12.7   0.0   0.0   0.6   6.9   04:27    SW
25   4.9   7.6   13:38   2.6   08:41  13.4   0.0   0.3   0.8   9.2   13:46   NNE
26   1.7   4.3   15:16  -1.4   08:29  16.6   0.0   0.3   1.1   6.0   12:00    SW
27   3.9   6.0   22:30   1.1   04:51  14.4   0.0  11.1   1.9  22.8   15:23   ENE
28   9.5  13.1   13:37   5.7   00:00   8.7   0.0   9.3   6.7  46.3   16:01   SSE
29   9.3  13.1   10:25   7.5   22:26   9.0   0.0  20.1   8.4  30.4   09:54   SSE
30   6.5   8.2   00:00   4.4   21:35  11.8   0.0   8.7   6.3  25.1   19:26   SSW
----------------------------------------------------------------------------------
     7.6  13.9    14    -1.4    26   321.5   0.0 122.7   2.9  46.3    28      SE

Max >=  27.0  0
Max <=   0.0  0
Min <=   0.0  2
Min <= -18.0  0
Max Rain: 20.1 on day 29
Days of Rain: 24 (>= 0.2 mm)  15 (>= 2.0 mm)  1 (>= 20.0 mm)
Heat Base: 18.3  Cool Base: 18.3  Method: Integration
Update : 09/01/2019 01:15:03
Powered by Cumulus :v3.0.0 (3043)