pic 9

Clifton PWS

sun

Now
Today
Yesterday
This Month
This Year
Monthly records
All Time Records

Archive Charts Gauges NOAA Style reports Shap Weather Station

NOAA Style reports
Select a Year or Month report

Report for 2018 Oct
                   Monthly Climatological Summary for Oct 2018

Name: Clifton Weather Station   City: Clifton   State: Cumbria
Elevation: 159 m  Lat: N 54 37 51   Lon: W 002 43 06

                  Temperature (°C), Rain (mm), Wind Speed (mph)

                                      Heat  Cool        Avg
    Mean                              Deg   Deg         Wind                 Dom
Day Temp  High   Time   Low    Time   Days  Days  Rain  Speed High   Time    Dir
----------------------------------------------------------------------------------
01   7.8  12.5   14:35   1.8   07:29  10.5   0.0   1.8   1.5  13.0   15:55   SSW
02  11.9  13.7   15:45   9.8   22:25   6.4   0.0   0.3   5.4  30.4   15:25     W
03  12.3  15.3   14:59   9.4   03:20   6.0   0.0   0.0   2.1  15.9   16:15    SW
04  14.4  16.5   13:58  11.2   23:51   3.9   0.0   4.2   2.5  17.4   12:02     S
05   9.3  11.5   15:13   7.6   08:29   9.0   0.0  16.8   1.2   9.2   08:06   WNW
06   7.6  11.6   16:30   3.2   23:54  10.7   0.0   0.0   1.6  12.1   14:40   WNW
07   7.6  12.6   22:56   0.9   06:19  10.7   0.0   0.0   4.9  34.2   22:29     S
08  13.6  14.7   15:17  12.4   00:14   4.7   0.0   0.6   8.0  27.3   07:01     S
09  13.9  15.4   14:31  12.0   21:38   4.4   0.0   0.0   9.1  34.2   12:06     S
10  14.6  21.1   15:23   8.8   07:56   4.1   0.4   0.0   1.2  12.1   23:04     E
11  13.9  17.4   13:12  10.1   23:58   4.4   0.0   3.6   1.6  25.1   12:54    SE
12  13.2  16.9   18:55   9.5   03:56   3.8   0.0  28.2   5.6  38.7   15:50   SSE
13  15.1  18.1   13:12  13.1   03:06   3.2   0.0  35.7   5.3  34.9   23:04   SSE
14   9.9  14.5   00:00   4.0   23:57   8.4   0.0   0.3   1.8  27.3   00:05    SW
15   5.7  12.0   17:00   1.1   07:14  12.6   0.0   0.0   0.3   6.9   17:54   WSW
16  11.2  14.6   14:37   5.3   00:00   7.1   0.0   0.3   2.8  23.5   14:58   SSE
17  10.3  14.5   15:22   6.7   23:12   8.0   0.0   0.3   1.2  10.7   12:54    SW
18   5.3  11.3   15:30   0.9   08:12  13.0   0.0   0.0   0.4   4.5   11:08    SW
19   8.6  15.1   14:50   1.9   02:15   9.7   0.0   0.3   1.7  15.2   15:56     S
20  13.1  15.6   12:20  10.3   04:34   5.2   0.0   0.0   1.5  13.0   13:32   SSE
21  12.5  15.6   10:39   7.0   23:44   5.8   0.0   0.3   2.7  19.0   18:31   WSW
22   8.5  11.8   14:44   3.9   07:23   9.8   0.0   0.0   3.9  23.5   15:01    SW
23  11.6  12.9   14:40  10.1   00:00   6.7   0.0   0.0   6.6  26.6   05:38   WSW
24  11.2  13.0   12:21   9.8   23:23   7.1   0.0   0.0   4.8  21.3   04:53   WSW
25  11.0  13.1   11:29   9.6   23:52   7.3   0.0   0.0   3.5  16.8   14:07    SW
26   6.7   9.8   00:00   3.3   23:58  11.6   0.0   1.2   3.8  19.0   16:01   WNW
27   3.7   6.2   14:26   1.8   07:29  14.6   0.0   0.3   3.1  15.2   05:08   WNW
28   3.7   8.4   14:11  -0.3   23:42  15.2   0.0   0.0   1.3   9.2   12:43   WNW
29   0.7   7.1   14:58  -2.6   07:08  17.6   0.0   0.3   0.8   8.3   13:24   SSW
30   2.9   7.9   13:55  -2.9   02:08  15.4   0.0   1.2   1.2   8.3   10:54   WSW
31   5.7   8.4   11:23   1.1   01:07  12.6   0.0   0.9   1.8  21.3   11:12    SE
----------------------------------------------------------------------------------
     9.6  21.1    10    -2.9    30   269.5   0.4  96.6   3.0  38.7    12     SSW

Max >=  27.0  0
Max <=   0.0  0
Min <=   0.0  3
Min <= -18.0  0
Max Rain: 35.7 on day 13
Days of Rain: 18 (>= 0.2 mm)  5 (>= 2.0 mm)  2 (>= 20.0 mm)
Heat Base: 18.3  Cool Base: 18.3  Method: Integration
Update : 09/01/2019 01:15:03
Powered by Cumulus :v3.0.0 (3043)