pic 9

Clifton PWS

sun

Now
Today
Yesterday
This Month
This Year
Monthly records
All Time Records

Archive Charts Gauges NOAA Style reports Shap Weather Station

NOAA Style reports
Select a Year or Month report

Report for 2018 Aug
                   Monthly Climatological Summary for Aug 2018

Name: Clifton Weather Station   City: Clifton   State: Cumbria
Elevation: 159 m  Lat: N 54 37 51   Lon: W 002 43 06

                  Temperature (°C), Rain (mm), Wind Speed (mph)

                                      Heat  Cool        Avg
    Mean                              Deg   Deg         Wind                 Dom
Day Temp  High   Time   Low    Time   Days  Days  Rain  Speed High   Time    Dir
----------------------------------------------------------------------------------
01  17.2  20.2   11:04  15.1   06:52   1.4   0.3   0.3   4.2  19.7   23:45   SSE
02  19.5  25.1   14:04  15.6   04:47   0.7   1.9   0.0   3.1  16.8   18:35   SSE
03  19.0  22.9   15:07  15.9   23:59   0.1   0.8  17.7   0.9  10.7   18:56    SW
04  17.7  22.8   16:59  14.3   01:55   1.7   1.1   0.0   1.7  15.2   14:37     W
05  18.8  24.6   17:47  12.8   06:06   1.4   1.8   0.0   1.3  11.4   13:49   SSW
06  18.3  21.9   13:59  15.0   02:35   1.0   1.0   0.0   1.4  11.4   10:58   SSE
07  17.5  21.8   13:18  13.0   23:55   1.4   0.6   0.0   1.9  12.1   10:35   SSW
08  15.2  19.8   15:22  10.6   05:05   3.2   0.2   0.0   2.5  18.3   14:20   SSW
09  14.5  19.6   16:49   9.3   06:11   4.0   0.1   0.0   1.9  13.6   14:36   SSW
10  13.1  17.0   17:37  10.1   05:54   5.2   0.0   3.6   2.1  16.8   17:23    SW
11  14.9  21.5   15:55   7.8   06:04   4.0   0.5   5.4   1.5  15.9   20:02   SSE
12  18.6  23.3   13:02  14.8   00:00   1.1   1.4   6.6   1.0  10.7   10:15    SE
13  18.5  22.6   14:42  15.7   23:54   0.8   1.0  24.6   1.9  14.5   19:31     W
14  17.6  20.4   14:02  14.7   02:57   1.1   0.4   0.0   2.3  13.0   21:53   SSW
15  18.6  22.2   12:31  16.1   22:35   0.5   0.8   6.9   3.4  21.3   13:37     S
16  15.2  17.4   17:31  13.0   06:58   3.1   0.0   4.8   3.2  16.8   12:41     S
17  15.1  16.9   14:43  12.8   00:37   3.2   0.0   0.3   4.4  22.1   14:15     S
18  17.8  21.1   15:34  15.9   07:51   0.9   0.5   0.0   3.8  20.6   01:53     S
19  18.5  21.0   12:05  16.8   06:43   0.5   0.7   4.8   2.3  12.1   13:30    SW
20  17.9  21.6   17:12  15.2   05:10   1.1   0.7   5.7   0.5   6.9   15:51    NW
21  18.5  21.9   15:44  16.1   05:31   0.8   1.0   0.0   1.3  15.9   18:12     S
22  17.3  21.0   11:16  12.0   23:51   1.4   0.3   0.0   2.7  19.7   10:57   SSW
23  13.1  17.9   14:16  10.6   23:24   5.2   0.0   4.8   1.8  16.8   15:34   SSW
24  11.5  15.2   14:01   9.9   23:17   6.8   0.0   6.3   3.0  18.3   13:41    SW
25  12.5  17.7   16:36   8.8   02:55   5.8   0.0   0.0   2.0  13.0   16:34     W
26  11.7  14.3   20:42   9.8   03:40   6.6   0.0   6.0   1.1  13.0   11:29    SE
27  14.2  17.3   16:05  11.7   03:44   4.1   0.0   1.5   3.3  19.7   12:20    SW
28  15.2  19.0   13:28  11.5   06:36   3.1   0.1   0.0   2.3  19.7   10:20     S
29  14.3  18.3   16:59  10.1   23:44   4.0   0.0   1.5   2.1  15.2   13:25     W
30  12.1  17.4   17:08   5.7   06:32   6.2   0.0   0.0   0.6   6.0   12:31    SW
31  13.9  20.1   15:20   7.7   06:48   4.6   0.3   0.0   1.6  14.5   13:20   SSE
----------------------------------------------------------------------------------
    16.1  25.1     2     5.7    30    85.0  15.5 100.8   2.2  22.1    17     SSW

Max >=  27.0  0
Max <=   0.0  0
Min <=   0.0  0
Min <= -18.0  0
Max Rain: 24.6 on day 13
Days of Rain: 16 (>= 0.2 mm)  12 (>= 2.0 mm)  1 (>= 20.0 mm)
Heat Base: 18.3  Cool Base: 18.3  Method: Integration
Update : 09/01/2019 01:15:03
Powered by Cumulus :v3.0.0 (3043)