pic 9

Clifton PWS

sun

Now
Today
Yesterday
This Month
This Year
Monthly records
All Time Records

Archive Charts Gauges NOAA Style reports Shap Weather Station

NOAA Style reports
Select a Year or Month report

Report for 2018 Jul
                   Monthly Climatological Summary for Jul 2018

Name: Clifton Weather Station   City: Clifton   State: Cumbria
Elevation: 159 m  Lat: N 54 37 51   Lon: W 002 43 06

                  Temperature (°C), Rain (mm), Wind Speed (mph)

                                      Heat  Cool        Avg
    Mean                              Deg   Deg         Wind                 Dom
Day Temp  High   Time   Low    Time   Days  Days  Rain  Speed High   Time    Dir
----------------------------------------------------------------------------------
01  20.5  28.4   15:56  13.0   05:03   1.5   3.7   0.0   1.3  12.1   11:59   ESE
02  19.6  26.0   14:42  12.5   04:31   1.5   2.8   0.0   1.0  11.4   11:26     E
03  18.7  26.0   16:01  11.4   05:29   2.0   2.4   0.0   1.2   9.8   15:27   ESE
04  19.4  26.8   16:07  12.5   04:23   1.7   2.8   0.0  ----  12.1   00:30    SE
05  19.1  25.9   14:44  11.5   04:58   1.8   2.5   0.0  ----  11.4   12:57   WNW
06  19.1  24.3   14:59  12.5   04:59   1.3   2.0   0.0  ----  13.0   16:03     W
07  20.0  26.2   13:22  12.2   05:14   1.3   2.9   0.0  ----  10.7   13:14     W
08  20.5  26.4   16:49  13.2   04:05   1.1   3.3   0.0  ----  13.6   14:51     W
09  19.2  25.0   16:51  14.7   04:52   0.9   1.7   0.0  ----  12.1   14:44   WNW
10  18.6  23.1   18:17  14.2   04:42   1.3   1.6   0.0  ----  10.7   16:50    NW
11  17.4  25.5   16:47  10.2   05:45   2.5   1.6   0.0  ----  10.7   11:38    SW
12  18.8  25.3   14:17  13.0   04:46   1.3   1.7   0.0  ----  10.7   14:28    SE
13  18.9  23.4   18:11  15.7   05:22   0.6   1.2   0.0  ----  10.7   11:10   SSE
14  19.2  25.7   17:02  12.4   05:04   1.5   2.4   0.0  ----  15.9   13:57     S
15  19.9  25.5   15:55  13.5   03:08   1.1   2.7   0.0  ----  21.3   16:50     S
16  17.5  20.9   10:11  13.8   23:21   1.1   0.3  10.2  ----  10.7   04:16   SSW
17  16.0  20.3   16:36  11.8   05:01   2.6   0.3   0.3  ----  12.1   14:46   SSW
18  16.4  21.2   15:51   9.7   05:26   2.8   0.9   0.0  ----   6.9   17:51     W
19  17.7  23.6   15:31  12.5   04:06   2.0   1.4   0.0  ----  13.6   16:21   SSW
20  15.1  18.7   15:16  10.2   05:11   3.2   0.0   3.9  ----  10.7   09:26     S
21  18.0  22.7   17:28  14.7   04:11   1.2   1.0   0.3  ----  13.6   18:36    SW
22  20.1  25.7   15:35  15.5   05:10   0.8   2.6   0.0  ----  10.7   18:25   SSW
23  20.1  23.4   11:21  17.1   05:29   0.2   2.0   0.9  ----  14.5   21:54     S
24  18.4  21.7   16:31  13.4   23:53   0.6   0.7   1.2  ----  15.9   02:07    SW
25  17.5  25.0   15:08   9.6   04:35   2.7   2.0   0.0  ----   9.2   14:40   SSW
26  20.5  28.6   17:35  11.7   05:07   1.7   3.9   0.0  ----  17.4   13:06   SSE
27  21.8  29.2   16:48  14.8   05:34   0.6   4.1   0.0  ----  17.4   13:51   SSE
28  15.8  19.1   00:00  11.9   20:18   2.5   0.0  14.4  ----  28.9   16:32   SSE
29  15.1  19.1   18:32  11.8   03:49   3.2   0.0  13.8  ----  22.8   01:12   SSE
30  16.5  23.3   14:00  12.0   23:48   2.4   0.6   5.7  ----  17.4   07:04   SSE
31  16.1  19.8   12:13  11.4   01:00   2.4   0.2   0.0  ----  26.6   16:17     S
----------------------------------------------------------------------------------
    18.4  29.2    27     9.6    25    51.4  55.3  50.7   1.2  28.9    28     ESE

Max >=  27.0  3
Max <=   0.0  0
Min <=   0.0  0
Min <= -18.0  0
Max Rain: 14.4 on day 28
Days of Rain: 9 (>= 0.2 mm)  5 (>= 2.0 mm)  0 (>= 20.0 mm)
Heat Base: 18.3  Cool Base: 18.3  Method: Integration
Update : 09/01/2019 01:15:03
Powered by Cumulus :v3.0.0 (3043)