pic 9

Clifton PWS

sun

Now
Today
Yesterday
This Month
This Year
Monthly records
All Time Records

Archive Charts Gauges NOAA Style reports Shap Weather Station

NOAA Style reports
Select a Year or Month report

Report for 2018 Jun
                   Monthly Climatological Summary for Jun 2018

Name: Clifton Weather Station   City: Clifton   State: Cumbria
Elevation: 159 m  Lat: N 54 37 51   Lon: W 002 43 06

                  Temperature (°C), Rain (mm), Wind Speed (mph)

                                      Heat  Cool        Avg
    Mean                              Deg   Deg         Wind                 Dom
Day Temp  High   Time   Low    Time   Days  Days  Rain  Speed High   Time    Dir
----------------------------------------------------------------------------------
01  19.7  26.0   12:04  14.1   04:57   0.7   2.1   3.9   0.6   8.3   13:11   SSE
02  17.8  21.9   10:15  14.7   23:50   1.2   0.7  17.7   0.3   4.5   16:52    NW
03  16.5  21.5   13:54  12.9   04:51   2.1   0.3   5.4   0.5   6.0   12:18   WNW
04  17.3  21.9   15:05  12.0   23:55   1.5   0.5   4.8   0.6   7.6   16:10     W
05  15.0  21.7   17:32  10.7   01:35   3.7   0.5   0.0   1.1   9.2   13:17    NW
06  14.5  20.3   18:46   7.7   05:10   4.1   0.3   0.0   1.1   7.6   09:51     W
07  16.9  24.6   17:57  10.3   02:53   2.9   1.5   0.0   1.0   9.2   14:48    NW
08  17.0  22.8   16:47  11.5   04:07   2.4   1.1   0.0   0.5   6.0   17:27     E
09  17.3  23.0   15:58  12.3   02:42   1.9   1.0   1.8   0.9  10.7   16:55   WSW
10  17.2  24.1   12:34  10.6   04:55   2.4   1.3   3.9   0.7   9.2   12:59   WNW
11  16.8  21.2   18:11  13.7   04:36   2.0   0.5   0.0   1.6  12.1   10:37    NW
12  15.8  21.7   14:36  11.4   02:54   2.8   0.4   0.3   1.0   7.6   16:09     W
13  14.5  19.0   13:46   8.4   05:36   3.9   0.0   0.0   4.2  32.0   22:04     S
14  15.1  18.1   16:02  12.2   23:19   3.2   0.0   2.7   8.4  47.2   09:39   SSW
15  13.4  16.4   17:32  10.7   00:37   4.9   0.0   0.0   3.2  15.9   12:59     S
16  13.1  18.3   16:37   8.6   02:34   5.2   0.0   1.8   2.6  17.4   15:12     S
17  14.5  18.5   13:04  10.3   00:01   3.8   0.0   0.0   2.5  15.9   11:45     S
18  15.1  18.4   14:20  12.8   05:37   3.2   0.0   0.3   4.1  21.3   17:24   SSW
19  14.2  17.4   13:33   9.9   05:29   4.0   0.0   2.1   3.3  25.1   23:58     S
20  15.6  17.6   16:00  10.7   23:17   2.7   0.0   2.1   5.2  26.6   03:41    SW
21  12.9  17.8   16:56   8.4   05:25   5.4   0.0   0.0   4.5  22.1   17:46   WNW
22  13.9  20.0   17:45   7.0   05:00   4.6   0.2   0.0   2.2  14.5   14:19     W
23  14.1  18.3   15:46   9.4   04:46   4.2   0.0   0.0   1.9  14.5   12:59     W
24  15.6  23.2   18:48   6.8   05:00   4.0   1.3   0.0   1.5  13.0   16:50   WNW
25  18.2  26.3   17:18   8.7   05:05   2.9   2.7   0.0   1.5  11.4   12:40   WNW
26  21.2  30.1   18:37  12.2   04:32   1.5   4.5   0.0   0.7   8.3   16:48    SE
27  22.5  30.2   16:48  13.8   05:02   0.8   5.0   0.0   1.0  12.1   14:09    SE
28  22.2  30.8   15:59  12.6   05:08   1.0   4.9   0.0   0.7   8.3   14:20   NNE
29  21.5  29.6   16:36  13.0   05:00   1.2   4.3   0.0   1.1  13.0   17:56   ESE
30  19.0  26.1   16:01  12.3   04:54   1.8   2.5   0.0   1.5  13.6   18:46   ESE
----------------------------------------------------------------------------------
    16.6  30.8    28     6.8    24    86.0  35.6  46.8   2.0  47.2    14      SW

Max >=  27.0  4
Max <=   0.0  0
Min <=   0.0  0
Min <= -18.0  0
Max Rain: 17.7 on day 2
Days of Rain: 12 (>= 0.2 mm)  8 (>= 2.0 mm)  0 (>= 20.0 mm)
Heat Base: 18.3  Cool Base: 18.3  Method: Integration
Update : 09/01/2019 01:15:03
Powered by Cumulus :v3.0.0 (3043)