pic 9

Clifton PWS

sun

Now
Today
Yesterday
This Month
This Year
Monthly records
All Time Records

Archive Charts Gauges NOAA Style reports Shap Weather Station

NOAA Style reports
Select a Year or Month report

Report for 2018 May
                   Monthly Climatological Summary for May 2018

Name: Clifton Weather Station   City: Clifton   State: Cumbria
Elevation: 159 m  Lat: N 54 37 51   Lon: W 002 43 06

                  Temperature (°C), Rain (mm), Wind Speed (mph)

                                      Heat  Cool        Avg
    Mean                              Deg   Deg         Wind                 Dom
Day Temp  High   Time   Low    Time   Days  Days  Rain  Speed High   Time    Dir
----------------------------------------------------------------------------------
01   6.9  13.5   14:14  -0.2   05:33  11.4   0.0   0.3   5.1  27.3   20:43   SSE
02   8.9  12.1   15:47   6.1   23:50   9.4   0.0   2.1   6.6  23.5   13:58    SW
03   9.4  13.0   11:52   6.0   00:52   8.9   0.0   0.0   4.8  21.3   18:40     S
04  13.6  18.9   15:35   9.7   23:55   4.7   0.0   0.0   2.5  14.5   11:12     S
05  13.5  21.0   16:03   5.8   05:45   5.3   0.4   0.0   1.6  14.5   16:33     S
06  16.1  23.3   15:03   7.6   06:15   3.7   1.5   0.0   2.3  16.8   13:20     S
07  16.9  24.0   17:09   8.7   05:43   3.0   1.7   0.0   1.8  15.9   16:58     S
08  14.1  17.7   12:43   9.7   23:37   4.2   0.0   0.0   1.7  14.5   11:57     S
09  10.6  14.4   09:23   6.3   03:41   7.7   0.0   2.4   2.7  20.6   11:27   SSE
10  10.3  14.5   17:15   6.5   23:59   8.0   0.0   0.9   3.7  19.7   12:53   SSW
11  11.5  16.7   15:38   5.9   03:10   6.8   0.0   0.3   2.8  22.8   14:53   ESE
12  11.1  17.8   15:14   5.0   05:55   7.2   0.0   6.9   0.8   7.6   11:26    NW
13  11.9  16.9   16:17   6.1   23:52   6.4   0.0   5.7   1.8  12.1   16:41   WSW
14  11.1  19.5   17:25   3.0   04:45   7.3   0.1   0.0   1.1   9.8   18:13    NW
15  12.7  19.1   17:38   6.1   05:06   5.6   0.0   0.6   1.9  13.0   19:50   WNW
16  11.8  15.7   17:14   5.7   23:58   6.5   0.0   4.2   1.3   9.2   16:04   NNW
17  10.8  17.9   17:54   2.8   04:21   7.5   0.0   0.0   1.2   6.9   11:29   WSW
18  12.0  19.5   15:25   3.9   05:00   6.4   0.0   0.0   0.7   8.3   17:00   NNW
19  13.7  21.0   17:16   5.7   04:59   5.1   0.5   0.0   1.8  15.9   17:53     S
20  15.8  21.6   15:04   9.2   03:33   3.3   0.9   0.0   2.0  17.4   11:21   SSE
21  16.4  23.6   13:50   8.5   05:01   3.1   1.1   0.0   1.6  13.6   17:19    NW
22  13.9  19.1   16:53   8.3   23:56   4.4   0.0   0.3   1.4  10.7   12:03   NNW
23  12.7  20.2   17:34   5.5   04:04   5.9   0.3   0.0   1.3  10.7   13:22   ESE
24  15.4  23.6   17:15   6.6   05:28   4.3   1.4   0.0   1.2  11.4   00:09     E
25  14.0  20.6   11:10   8.5   04:04   4.5   0.2   9.3   1.2  12.1   10:31   WNW
26  18.2  25.0   17:26  12.1   00:54   2.1   1.9   0.0   1.5  16.8   17:05    NE
27  18.3  25.6   15:01   9.9   03:04   2.5   2.5   0.0   1.7  17.4   13:18   ESE
28  19.1  26.9   16:34  12.0   05:30   1.7   2.6   0.0   1.2  10.7   04:00   ESE
29  17.4  23.1   15:28  12.5   05:17   1.9   1.0   0.0   1.1  12.1   15:11   NNE
30  15.6  23.2   12:34  10.6   04:50   3.2   0.5   3.0   0.9   8.3   11:57     W
31  19.3  26.3   16:04  14.4   02:46   1.3   2.3   0.0   0.8  10.7   16:24   SSE
----------------------------------------------------------------------------------
    13.6  26.9    28    -0.2     1   163.3  18.9  36.0   2.0  27.3     1       S

Max >=  27.0  0
Max <=   0.0  0
Min <=   0.0  1
Min <= -18.0  0
Max Rain: 9.3 on day 25
Days of Rain: 12 (>= 0.2 mm)  7 (>= 2.0 mm)  0 (>= 20.0 mm)
Heat Base: 18.3  Cool Base: 18.3  Method: Integration
Update : 09/01/2019 01:15:03
Powered by Cumulus :v3.0.0 (3043)