pic 9

Clifton PWS

sun

Now
Today
Yesterday
This Month
This Year
Monthly records
All Time Records

Archive Charts Gauges NOAA Style reports Shap Weather Station

NOAA Style reports
Select a Year or Month report

Report for 2018 Apr
                   Monthly Climatological Summary for Apr 2018

Name: Clifton Weather Station   City: Clifton   State: Cumbria
Elevation: 159 m  Lat: N 54 37 51   Lon: W 002 43 06

                  Temperature (°C), Rain (mm), Wind Speed (mph)

                                      Heat  Cool        Avg
    Mean                              Deg   Deg         Wind                 Dom
Day Temp  High   Time   Low    Time   Days  Days  Rain  Speed High   Time    Dir
----------------------------------------------------------------------------------
01   4.0   8.0   12:49   1.0   01:59  14.3   0.0   0.0   1.5  11.4   21:43     N
02   3.7   5.2   15:28   2.5   05:24  14.6   0.0   3.9   2.0  17.4   14:57     E
03   8.1  12.8   17:34   3.8   00:00  10.2   0.0   1.2   4.1  25.1   14:58     S
04   6.0  10.6   13:57   1.6   23:21  12.3   0.0  12.6   1.9  13.6   23:41    NW
05   4.7  10.3   17:27  -0.7   05:47  13.6   0.0   0.3   2.4  15.2   10:13    SW
06   9.1  13.6   13:49   5.1   05:26   9.2   0.0   0.0   2.1  19.7   13:52   ESE
07   8.5  10.7   12:44   6.4   05:42   9.4   0.0   6.3   1.2  13.0   00:46   SSW
08   8.5  13.9   14:24   3.7   06:42   9.8   0.0   0.0   0.7   6.0   01:26   WNW
09  10.2  17.0   15:58   6.1   08:04   8.1   0.0   0.6   1.6  16.8   23:22   ESE
10   7.3   8.2   13:06   6.4   06:08  11.0   0.0   8.1   1.7  15.2   02:26    NE
11   8.6  13.0   15:08   5.6   23:50   9.7   0.0   0.0   1.2   9.8   15:59     S
12   7.3  11.2   14:33   4.3   03:52  11.0   0.0   0.3   1.0   8.3   12:27     S
13   7.8  11.7   14:51   5.5   01:10  10.5   0.0   4.2   1.5   9.2   03:44    SW
14  10.6  15.9   15:32   6.9   23:52   7.7   0.0   0.0   1.2  11.4   15:57   SSE
15  10.4  16.1   13:50   6.0   00:48   7.9   0.0   4.2   1.3  16.8   16:08     E
16  10.9  13.9   15:30   8.7   05:30   7.4   0.0   0.6   5.4  25.9   16:41     S
17  11.4  13.9   15:59   9.4   03:25   6.9   0.0   3.0   5.8  28.9   15:49   SSE
18  14.6  19.3   17:10  11.3   02:08   3.7   0.1   0.6   4.0  22.8   14:40   SSE
19  16.2  20.7   14:53  12.5   22:47   2.7   0.6   0.0   3.3  15.2   01:05   SSE
20  12.8  17.0   14:09   7.7   23:59   5.5   0.0   0.0   2.1  19.0   14:57   WSW
21  12.7  20.5   16:06   4.2   05:05   5.9   0.3   4.8   1.4  17.4   16:28   SSE
22  12.6  14.6   01:01   8.4   23:58   5.7   0.0   6.6   5.5  22.8   12:00     S
23  10.3  13.0   13:30   8.1   00:29   8.0   0.0   1.5   6.8  26.6   16:39   SSW
24   9.6  12.3   11:19   6.9   23:56   8.7   0.0   1.5   4.2  19.0   08:35   SSW
25   9.2  12.5   15:24   6.9   00:00   9.1   0.0   0.3   4.5  22.1   15:03   SSW
26   9.0  12.2   14:42   7.1   05:21   9.3   0.0   0.0   7.1  25.1   11:33    SW
27   8.9  14.0   17:27   3.5   05:52   9.4   0.0   0.0   0.7   7.6   15:42   NNE
28   8.0  13.3   15:22   2.2   06:05  10.3   0.0   0.0   1.0   9.2   20:15   NNE
29   7.2  11.8   15:04   3.3   05:25  11.1   0.0   0.0   1.2   9.2   16:45     N
30   7.1  12.6   15:50   2.3   03:39  11.2   0.0   0.0   2.1  12.1   10:46   NNW
----------------------------------------------------------------------------------
     9.2  20.7    19    -0.7     5   274.2   1.0  60.6   2.7  28.9    17       S

Max >=  27.0  0
Max <=   0.0  0
Min <=   0.0  1
Min <= -18.0  0
Max Rain: 12.6 on day 4
Days of Rain: 18 (>= 0.2 mm)  9 (>= 2.0 mm)  0 (>= 20.0 mm)
Heat Base: 18.3  Cool Base: 18.3  Method: Integration
Update : 09/01/2019 01:15:03
Powered by Cumulus :v3.0.0 (3043)