pic 9

Clifton PWS

sun

Now
Today
Yesterday
This Month
This Year
Monthly records
All Time Records

Archive Charts Gauges NOAA Style reports Shap Weather Station

NOAA Style reports
Select a Year or Month report

Report for 2018 Mar
                   Monthly Climatological Summary for Mar 2018

Name: Clifton Weather Station   City: Clifton   State: Cumbria
Elevation: 159 m  Lat: N 54 37 51   Lon: W 002 43 06

                  Temperature (°C), Rain (mm), Wind Speed (mph)

                                      Heat  Cool        Avg
    Mean                              Deg   Deg         Wind                 Dom
Day Temp  High   Time   Low    Time   Days  Days  Rain  Speed High   Time    Dir
----------------------------------------------------------------------------------
01  -2.6  -0.9   14:39  -5.5   00:09  20.9   0.0   0.0   3.1  24.4   18:45    NE
02  -0.2   1.0   13:06  -1.0   00:00  18.5   0.0   0.0   4.6  25.1   09:52   ENE
03   0.6   4.1   13:56  -0.8   07:29  17.7   0.0   0.0   2.4  19.7   05:38     E
04   2.1   4.6   15:07  -0.8   00:04  16.1   0.0   1.2   1.3  15.9   08:50     E
05   3.9   7.8   12:56   0.1   06:33  14.4   0.0   1.2   0.7  10.7   16:19     E
06   3.7   6.2   14:59   1.2   05:24  14.6   0.0  15.0   1.2  12.1   14:36   SSW
07   4.6   7.7   14:28   2.1   06:30  13.7   0.0   0.3   3.0  15.9   11:24   SSE
08   3.8   7.8   15:11   0.7   06:02  14.5   0.0   0.0   2.2  14.5   12:59    SW
09   4.2   8.0   14:40   0.4   07:15  14.1   0.0   0.3   1.0  11.4   11:09   SSE
10   7.1  10.0   15:27   4.2   02:03  11.2   0.0   7.2   2.1  21.3   21:24   SSE
11   7.2  13.2   14:33   2.6   06:39  11.1   0.0   0.0   0.8   9.8   15:31   ESE
12   5.3   6.4   10:07   3.8   01:44  13.0   0.0   7.2   0.7   8.3   13:22    NW
13   5.7  10.2   13:46   1.3   22:59  12.6   0.0   0.0   1.0  13.0   17:04   SSW
14   6.5  11.6   12:53   0.3   02:07  11.8   0.0   0.0   2.6  20.6   19:17     E
15   6.1   7.7   14:02   5.1   08:31  12.2   0.0   2.1   2.8  21.3   02:24     E
16   5.1   6.6   09:30   3.0   23:14  13.2   0.0   0.0   2.7  21.3   18:58     E
17   0.0   3.1   00:00  -3.3   20:43  18.3   0.0   0.0   5.5  27.3   01:50    NE
18  -0.6   2.5   13:55  -3.4   00:27  18.9   0.0   1.8   4.3  19.7   09:19    NE
19   2.7   5.9   12:33  -0.4   06:49  15.6   0.0   0.3   3.2  15.9   00:04   NNE
20   3.9   9.5   15:21  -0.1   23:50  14.4   0.0   0.0   2.0  12.1   19:28     W
21   4.0   8.8   13:40  -2.5   06:25  14.3   0.0   0.0   3.6  20.6   22:46    SW
22   7.6   9.6   10:18   5.7   22:06  10.7   0.0   0.0   5.3  23.5   16:19     S
23   6.7   8.9   16:06   5.2   23:42  11.6   0.0   3.0   5.7  29.8   08:13     S
24   6.6  10.4   16:02   1.6   23:59  11.7   0.0   1.5   1.3  12.1   14:50   WNW
25   4.9  10.2   14:26  -0.6   06:29  12.8   0.0   0.0   2.7  17.4   13:13    SW
26   4.9  11.2   17:21  -1.2   07:46  13.4   0.0   0.0   1.3  13.0   17:51     S
27   6.7   9.9   11:42   3.9   00:22  11.6   0.0   5.1   3.2  18.3   17:08    SW
28   5.3   8.3   16:13   2.1   23:59  13.0   0.0   0.6   2.8  17.4   16:06   WSW
29   4.8  10.3   14:25   0.2   04:52  13.5   0.0   0.0   1.0  12.1   15:25   ENE
30   6.4  10.6   16:38   3.7   06:43  11.9   0.0   0.3   1.4   9.8   22:56    NE
31   4.0   6.4   14:58   2.2   22:57  14.3   0.0   0.6   3.0  15.9   03:47     N
----------------------------------------------------------------------------------
     4.2  13.2    11    -5.5     1   435.6   0.0  47.7   2.5  29.8    23      SE

Max >=  27.0  0
Max <=   0.0  1
Min <=   0.0 11
Min <= -18.0  0
Max Rain: 15.0 on day 6
Days of Rain: 16 (>= 0.2 mm)  6 (>= 2.0 mm)  0 (>= 20.0 mm)
Heat Base: 18.3  Cool Base: 18.3  Method: Integration
Update : 09/01/2019 01:15:03
Powered by Cumulus :v3.0.0 (3043)