pic 9

Clifton PWS

sun

Now
Today
Yesterday
This Month
This Year
Monthly records
All Time Records

Archive Charts Gauges NOAA Style reports Shap Weather Station

NOAA Style reports
Select a Year or Month report

Report for 2018 Feb
                   Monthly Climatological Summary for Feb 2018

Name: Clifton Weather Station   City: Clifton   State: Cumbria
Elevation: 159 m  Lat: N 54 37 51   Lon: W 002 43 06

                  Temperature (°C), Rain (mm), Wind Speed (mph)

                                      Heat  Cool        Avg
    Mean                              Deg   Deg         Wind                 Dom
Day Temp  High   Time   Low    Time   Days  Days  Rain  Speed High   Time    Dir
----------------------------------------------------------------------------------
01   3.7   6.0   13:29   1.6   00:43  14.6   0.0   0.3   5.5  22.8   13:13     W
02   3.5   5.8   15:02   0.6   21:34  14.8   0.0   0.0   2.6  15.2   00:14   WNW
03   2.4   3.6   13:37   1.1   00:00  15.9   0.0   4.2   0.8   7.6   21:12    NW
04   2.1   5.5   14:55  -0.3   23:00  16.2   0.0   0.0   1.0   7.6   13:24    NW
05   1.2   3.3   13:03  -0.1   00:12  17.1   0.0   0.0   0.4  13.0   18:06   SSW
06   0.5   2.5   12:23  -3.4   23:53  17.8   0.0   2.4   1.2  11.4   14:22     W
07  -2.0   1.3   13:25  -6.4   07:57  20.3   0.0   0.3   0.5   6.0   22:55   ENE
08   4.8   8.3   14:52   1.3   00:00  13.5   0.0   0.6   2.3  18.3   11:44   SSE
09   2.5   5.0   00:25  -0.7   23:33  15.8   0.0   6.6   3.1  19.0   07:09     W
10   4.4   8.3   14:16  -0.5   00:16  13.9   0.0   6.9   3.5  28.2   06:54   SSE
11   1.9   4.0   12:04   0.2   23:19  16.4   0.0   3.9   5.8  23.5   00:23   WSW
12   2.1   4.7   14:42   0.4   03:31  16.2   0.0   0.6   3.8  19.0   16:33   SSW
13   1.5   3.7   15:25  -1.6   23:12  16.8   0.0  11.1   2.2  20.6   02:13    SE
14   2.0   4.9   23:32  -1.7   00:25  16.3   0.0   3.6   3.0  25.9   11:50    SE
15   3.9   5.3   01:23   3.0   23:56  14.4   0.0   3.6   7.5  28.9   21:03   SSW
16   4.3   6.9   13:58   1.1   07:05  14.0   0.0   0.0   3.4  16.8   15:12     S
17   4.5   7.4   12:58   2.6   22:40  13.8   0.0   2.1   3.5  18.3   00:56     S
18   5.2   7.6   13:25   1.7   05:27  13.1   0.0   3.0   0.9  14.5   11:30    SE
19   8.7  11.6   13:55   6.1   00:00   9.6   0.0   3.3   1.3   9.8   12:33     W
20   6.5   9.4   13:58   3.0   23:42  11.8   0.0   1.2   3.0  17.4   00:52   WNW
21   3.8   7.8   14:17   0.3   07:39  14.5   0.0   0.0   0.9   6.9   20:07    SW
22   1.6   6.2   13:23  -1.6   07:15  16.7   0.0   0.0   1.1  13.0   10:55    SE
23   1.0   5.6   12:44  -2.2   06:58  17.3   0.0   0.3   1.4  16.8   14:04     E
24   1.6   6.4   15:05  -1.2   05:24  16.7   0.0   0.0   1.8  17.4   14:11     E
25   1.3   5.0   14:44  -1.6   23:35  17.0   0.0   0.0   2.1  16.8   11:54     E
26   0.3   2.7   13:40  -1.8   22:52  18.0   0.0   0.0   1.2  13.6   13:45   ENE
27  -1.0   2.2   11:23  -3.8   22:03  19.3   0.0   0.6   1.9  12.1   04:46   NNW
28  -3.4   1.3   12:15  -6.1   02:46  21.7   0.0   0.0   1.7  15.2   13:43    NE
----------------------------------------------------------------------------------
     2.5  11.6    19    -6.4     7   443.5   0.0  54.6   2.4  28.9    15     SSW

Max >=  27.0  0
Max <=   0.0  0
Min <=   0.0 15
Min <= -18.0  0
Max Rain: 11.1 on day 13
Days of Rain: 18 (>= 0.2 mm)  11 (>= 2.0 mm)  0 (>= 20.0 mm)
Heat Base: 18.3  Cool Base: 18.3  Method: Integration
Update : 09/01/2019 01:15:03
Powered by Cumulus :v3.0.0 (3043)