pic 9

Clifton PWS

sun

Now
Today
Yesterday
This Month
This Year
Monthly records
All Time Records

Archive Charts Gauges NOAA Style reports Shap Weather Station

NOAA Style reports
Select a Year or Month report

Report for 2018
                   Annual Climatological Summary for 2018

Name: Clifton Weather Station   City: Clifton   State: Cumbria
Elevation: 159 m  Lat: N 54 37 51   Lon: W 002 43 06

                  Temperature (°C), Heat Base: 18.3  Cool Base: 18.3
                          Dep.  Heat  Cool                       Max  Max  Min  Min
        Mean  Mean        From  Deg   Deg                        >=   <=   <=   <=
 YR MO  Max   Min   Mean  Norm  Days  Days  Hi  Date  Low  Date 27.0  0.0  0.0 -18.0
------------------------------------------------------------------------------------
 18  1   6.4   2.3   4.4   0.0   432     0  13.0  28  -2.8   20    0    0    4    0
 18  2   5.4  -0.4   2.5   0.0   444     0  11.6  19  -6.4    7    0    0   15    0
 18  3   7.7   1.0   4.2   0.0   436     0  13.2  11  -5.5    1    0    1   11    0
 18  4  13.3   5.6   9.2   0.0   274     1  20.7  19  -0.7    5    0    0    1    0
 18  5  19.8   7.4  13.6   0.0   163    19  26.9  28  -0.2    1    0    0    1    0
 18  6  22.2  11.0  16.6   0.0    86    36  30.8  28   6.8   24    4    0    0    0
 18  7  23.7  12.8  18.3   0.0    51    55  29.2  27   9.6   25    3    0    0    0
 18  8  20.1  12.5  16.1   0.0    85    16  25.1   2   5.7   30    0    0    0    0
 18  9  16.4   8.8  12.6   0.0   173     2  22.3   2   2.5   24    0    0    0    0
 18 10  13.2   5.8   9.6   0.0   270     0  21.1  10  -2.9   30    0    0    3    0
 18 11  10.0   5.2   7.6   0.0   322     0  13.9  14  -1.4   26    0    0    2    0
 18 12   8.3   3.4   5.9   0.0   383     0  12.7   6  -2.3    4    0    0    4    0
------------------------------------------------------------------------------------
        13.9   6.3  10.0   0.0  3118   128  30.8 Jun  -6.4  Feb    7    1   41    0

                                Precipitation (mm)

              Dep.   Max        Days of Rain
              From   Obs.           >=
 YR MO Total  Norm   Day Date  0.2  2.0 20.0
---------------------------------------------
 18  1 108.0   0.0  14.7  24    25   15    0
 18  2  54.6   0.0  11.1  13    18   11    0
 18  3  47.7   0.0  15.0   6    16    6    0
 18  4  60.6   0.0  12.6   4    18    9    0
 18  5  36.0   0.0   9.3  25    12    7    0
 18  6  46.8   0.0  17.7   2    12    8    0
 18  7  50.7   0.0  14.4  28     9    5    0
 18  8 100.8   0.0  24.6  13    16   12    1
 18  9 104.4   0.0  28.5  20    19   10    1
 18 10  96.6   0.0  35.7  13    18    5    2
 18 11 122.7   0.0  20.1  29    24   15    1
 18 12  81.6   0.0  15.0  15    20   12    0
---------------------------------------------
       910.5   0.0  35.7  Oct  207  115    5

                                Wind Speed (mph)
                          Dom
 YR MO   Avg.  Hi   Date  Dir
------------------------------
 18  1   4.2  46.3   24   SSW
 18  2   2.4  28.9   15    SW
 18  3   2.5  29.8   23   ESE
 18  4   2.7  28.9   17     S
 18  5   2.0  27.3    1     S
 18  6   2.0  47.2   14   SSW
 18  7   1.2  28.9   28   ESE
 18  8   2.2  22.1   17   SSW
 18  9   3.0  43.4   19   SSW
 18 10   3.0  38.7   12   SSW
 18 11   2.9  46.3   28    SE
 18 12   2.4  42.5    7   SSW
------------------------------
         2.5  47.2  Jun     S
Update : 09/01/2019 01:15:03
Powered by Cumulus :v3.0.0 (3043)