pic 9

Clifton PWS

sun

Now
Today
Yesterday
This Month
This Year
Monthly records
All Time Records

Archive Charts Gauges NOAA Style reports Shap Weather Station

NOAA Style reports
Select a Year or Month report

Report for 2017 Dec
                   Monthly Climatological Summary for Dec 2017

Name: Clifton Weather Station   City: Clifton   State: Cumbria
Elevation: 159 m  Lat: N 54 37 51   Lon: W 002 43 06

                  Temperature (°C), Rain (mm), Wind Speed (mph)

                                      Heat  Cool        Avg
    Mean                              Deg   Deg         Wind                 Dom
Day Temp  High   Time   Low    Time   Days  Days  Rain  Speed High   Time    Dir
----------------------------------------------------------------------------------
01   2.0   3.7   13:31   0.6   06:33  16.3   0.0   0.0   2.0  13.6   02:13   WNW
02   5.0   7.8   20:26   2.1   03:53  13.3   0.0   0.3   0.9   9.8   19:56     W
03   6.5   8.9   06:02   1.4   23:53  11.8   0.0   0.3   1.7  11.4   06:44     W
04   5.7   8.5   13:29   1.2   00:05  12.6   0.0   0.6   1.5  13.0   20:11   WSW
05   7.4   8.4   13:37   6.8   06:56  10.9   0.0   0.0   4.4  21.3   15:14    SW
06   9.7  11.1   14:05   8.2   00:00   8.5   0.0   6.3   6.7  32.7   22:46     S
07   6.1  12.2   02:46   1.4   23:26  12.2   0.0  14.1   9.3  40.3   01:33    SW
08   0.8   2.1   02:24  -0.3   23:59  17.5   0.0   0.0   4.3  20.6   10:57     W
09  -1.0   1.7   14:45  -3.4   08:15  19.3   0.0   0.0   1.0  13.0   00:39   WSW
10  -1.3   1.2   12:07  -5.1   23:59  19.6   0.0   0.0   0.8   6.9   16:53   WSW
11  -3.9  -1.0   22:32  -7.5   07:24  22.2   0.0   0.0   0.4   6.0   11:50   WSW
12  -0.3   4.6   23:58  -4.0   08:24  18.6   0.0   0.3   1.4  17.4   19:03   SSE
13   3.4   5.5   09:41   1.1   22:02  14.9   0.0  10.8   2.8  21.3   11:37    SW
14   2.3   4.4   11:56   0.7   04:45  16.0   0.0  12.0   3.0  16.8   12:20   SSW
15   1.4   3.9   13:27  -1.2   23:35  16.9   0.0   0.3   2.0  14.5   13:20     W
16  -0.6   1.3   13:11  -2.6   04:35  18.9   0.0   0.6   0.3   3.8   23:00    SW
17   3.6   8.9   15:33  -1.5   00:23  14.7   0.0   0.9   2.1  19.7   15:19    SW
18   1.2   4.3   13:51  -1.0   07:10  17.1   0.0   0.3   0.3   5.4   05:22     S
19   5.9   9.0   13:32   3.8   00:56  12.4   0.0   0.0   0.4   6.0   15:51   ENE
20   8.0  11.0   13:41   4.7   00:03  10.3   0.0   0.0   0.8  12.1   05:52    SW
21   7.3   8.6   14:08   5.9   05:12  11.0   0.0   0.3   0.2   5.4   04:42     E
22   8.0  10.2   13:33   4.9   23:28  10.3   0.0   0.3   0.3   4.5   11:07    SW
23   8.0  11.7   15:21   2.5   04:01  10.3   0.0   0.0   2.5  19.7   16:16     S
24  10.5  11.5   12:01   9.8   21:20   7.8   0.0   7.8   7.8  30.4   11:51   SSW
25   7.9  10.5   10:08   3.1   23:55  10.4   0.0  13.5   7.3  38.0   12:48     S
26   2.1   4.0   13:01  -0.6   21:38  16.2   0.0   4.8   2.2  13.6   00:51    SW
27  -0.1   1.4   13:24  -1.8   20:48  18.4   0.0   0.0   2.3  14.5   13:29     W
28   0.9   3.6   13:19  -2.4   23:06  17.4   0.0   0.0   2.9  18.3   12:27   WSW
29   1.4   5.0   20:51  -2.4   01:18  16.9   0.0   0.9   1.6  17.4   20:41     S
30   4.0   7.1   15:07   0.8   05:55  14.3   0.0   5.4   3.6  32.0   15:01   SSW
31   6.6   9.6   05:18   4.4   22:52  11.7   0.0   7.8   7.4  35.8   05:59   SSW
----------------------------------------------------------------------------------
     3.8  12.2     7    -7.5    11   448.7   0.0  87.6   2.7  40.3     7      SW

Max >=  27.0  0
Max <=   0.0  1
Min <=   0.0 13
Min <= -18.0  0
Max Rain: 14.1 on day 7
Days of Rain: 20 (>= 0.2 mm)  9 (>= 2.0 mm)  0 (>= 20.0 mm)
Heat Base: 18.3  Cool Base: 18.3  Method: Integration
Update : 09/01/2019 01:15:03
Powered by Cumulus :v3.0.0 (3043)