pic 9

Clifton PWS

sun

Now
Today
Yesterday
This Month
This Year
Monthly records
All Time Records

Archive Charts Gauges NOAA Style reports Shap Weather Station

NOAA Style reports
Select a Year or Month report

Report for 2017 Sep
                   Monthly Climatological Summary for Sep 2017

Name: Clifton Weather Station   City: Clifton   State: Cumbria
Elevation: 159 m  Lat: N 54 37 51   Lon: W 002 43 06

                  Temperature (°C), Rain (mm), Wind Speed (mph)

                                      Heat  Cool        Avg
    Mean                              Deg   Deg         Wind                 Dom
Day Temp  High   Time   Low    Time   Days  Days  Rain  Speed High   Time    Dir
----------------------------------------------------------------------------------
01  12.5  18.2   16:14   6.4   05:43   5.8   0.0   0.0   1.0   9.8   14:33   WNW
02  12.1  19.1   15:00   5.7   06:31   6.2   0.0   0.0   0.9  12.1   15:27   SSE
03  13.7  18.2   13:23   8.5   01:50   4.6   0.0   0.0   1.9  19.7   12:22   ESE
04  16.3  20.4   13:38  13.5   06:02   2.2   0.2   2.4   2.1  20.6   16:17   SSE
05  15.0  17.3   15:15  12.7   23:09   3.3   0.0   8.7   1.6  14.5   15:50   SSW
06  13.5  15.6   12:22  11.5   06:05   4.8   0.0   1.2   2.7  19.7   13:46   SSW
07  13.7  15.8   16:30  11.8   03:50   4.6   0.0   7.5   1.8  12.1   19:02     S
08  13.2  16.3   16:46  11.1   05:12   5.1   0.0   7.8   3.1  19.7   13:50   SSW
09  12.7  16.7   14:55   9.3   23:57   5.6   0.0  13.2   1.5  12.1   12:14   WNW
10  12.0  16.0   15:32   8.2   03:01   6.3   0.0   6.6   3.2  23.5   12:05     S
11  12.7  16.4   15:02  10.2   00:00   5.6   0.0   7.8   3.5  23.5   14:39   WSW
12  12.1  15.1   14:26   9.6   22:52   6.2   0.0  12.3   3.3  23.5   04:14    SW
13  10.2  13.8   12:59   8.0   05:41   8.1   0.0  16.5   3.3  18.3   09:01   WSW
14  11.5  14.9   12:00   8.3   23:21   6.8   0.0   0.3   2.7  18.3   17:55     W
15  11.5  15.6   15:12   8.4   00:00   6.8   0.0   6.3   1.7  12.1   10:51     W
16  10.5  13.5   15:08   8.2   01:48   7.8   0.0   1.2   1.5  11.4   10:43   WNW
17  12.3  17.1   15:55   9.0   00:24   6.0   0.0   3.0   1.5  12.1   13:00   WNW
18  10.9  14.3   13:56   6.8   23:52   7.4   0.0   0.6   0.8   6.9   13:13     W
19   9.2  15.9   16:21   3.0   06:55   9.0   0.0   0.0   0.9  10.7   15:17     S
20  14.1  17.5   13:04   9.9   01:02   4.2   0.0   0.6   2.5  22.1   22:23   SSE
21  13.7  15.7   14:30   7.9   23:30   4.6   0.0   6.3   4.0  22.1   00:40     S
22  11.1  15.8   14:50   6.6   01:58   7.2   0.0   2.7   1.7  18.3   15:11    SE
23  14.5  17.6   13:39  11.5   06:37   3.8   0.0   0.3   1.3  11.4   10:49   ESE
24  15.5  19.6   14:51  11.8   06:08   2.9   0.1   5.7   1.1  13.0   13:04    SE
25  15.1  18.8   17:21  13.5   07:41   3.3   0.0  12.6   0.1   6.0   19:21   ESE
26  14.6  18.4   13:50  11.2   07:42   3.7   0.0   0.0   0.5   9.8   11:41     E
27  14.6  17.6   13:22  12.2   04:01   3.7   0.0   3.0   1.6  15.2   13:35     E
28  13.1  14.8   22:36  12.7   05:42   5.2   0.0   1.2   0.5   9.8   23:57   ESE
29  13.4  15.8   13:41  10.6   22:14   4.9   0.0   2.1   3.5  19.7   13:03   SSE
30  10.3  14.5   16:45   5.5   23:31   8.0   0.0   9.0   1.6  10.7   01:08   SSE
----------------------------------------------------------------------------------
    12.9  20.4     4     3.0    19   163.7   0.3 138.9   1.9  23.5    10     SSW

Max >=  27.0  0
Max <=   0.0  0
Min <=   0.0  0
Min <= -18.0  0
Max Rain: 16.5 on day 13
Days of Rain: 25 (>= 0.2 mm)  18 (>= 2.0 mm)  0 (>= 20.0 mm)
Heat Base: 18.3  Cool Base: 18.3  Method: Integration
Update : 09/01/2019 01:15:03
Powered by Cumulus :v3.0.0 (3043)