pic 9

Clifton PWS

sun

Now
Today
Yesterday
This Month
This Year
Monthly records
All Time Records

Archive Charts Gauges NOAA Style reports Shap Weather Station

NOAA Style reports
Select a Year or Month report

Report for 2017 Aug
                   Monthly Climatological Summary for Aug 2017

Name: Clifton Weather Station   City: Clifton   State: Cumbria
Elevation: 159 m  Lat: N 54 37 51   Lon: W 002 43 06

                  Temperature (°C), Rain (mm), Wind Speed (mph)

                                      Heat  Cool        Avg
    Mean                              Deg   Deg         Wind                 Dom
Day Temp  High   Time   Low    Time   Days  Days  Rain  Speed High   Time    Dir
----------------------------------------------------------------------------------
01  15.3  19.3   14:50  12.7   05:40   3.1   0.1   3.9   2.8  15.2   15:50     S
02  16.1  20.2   17:36  12.8   05:07   2.4   0.2   2.1   1.9  15.9   17:44    SE
03  16.1  20.3   16:56  13.7   08:40   2.4   0.1  12.0   3.9  21.3   16:17     S
04  15.5  18.6   18:06  11.7   23:45   2.8   0.0   0.0   3.9  19.0   11:53    SW
05  14.0  17.7   18:14  10.9   03:45   4.3   0.0   0.9   3.2  16.8   14:17    SW
06  13.6  18.0   13:43   9.0   04:52   4.7   0.0   3.6   2.4  20.6   13:54   SSE
07  14.9  18.6   16:35  11.7   05:19   3.4   0.0   6.9   2.2  16.8   16:32     S
08  14.4  20.8   14:30  10.6   06:09   4.1   0.2   2.4   0.6   5.4   12:38   WNW
09  14.9  20.3   16:20  11.3   23:59   3.6   0.2   0.0   2.0  12.1   10:36   WNW
10  13.7  19.8   15:32   7.4   06:06   4.7   0.1   0.0   1.4  19.0   16:40   WSW
11  15.4  19.7   16:07  10.2   00:06   2.9   0.1   0.3   3.1  15.9   10:17     S
12  15.2  18.7   15:46  12.4   23:57   3.1   0.0   7.2   2.3  14.5   13:19   WSW
13  13.9  19.2   13:43   7.4   06:07   4.4   0.0   0.0   0.8   9.2   18:54     S
14  15.2  18.7   18:06  12.3   02:19   3.1   0.0   8.1   1.8  15.9   12:50    SE
15  15.6  19.7   17:30  12.7   23:19   2.8   0.1  12.6   2.3  15.2   09:05     S
16  15.7  19.8   14:04  11.6   02:35   2.7   0.1   0.3   3.7  21.3   18:25    SE
17  17.0  21.4   17:14  13.8   06:06   1.9   0.6   4.2   4.0  19.7   15:26   SSE
18  14.2  16.6   16:20  12.0   22:18   4.1   0.0   9.6   3.7  17.4   01:00     S
19  13.7  16.5   14:19  11.9   04:45   4.6   0.0   6.3   5.0  23.5   12:03    SW
20  14.7  18.5   14:58  10.1   23:52   3.6   0.0   0.0   2.0  11.4   01:49    SW
21  15.0  21.2   13:09   8.6   03:11   3.8   0.5   2.4   0.8  12.1   12:14    SE
22  19.5  24.9   15:37  15.6   03:02   0.8   2.1   0.0   0.6   9.8   23:58     E
23  18.3  21.3   12:57  13.2   23:28   0.7   0.7   0.3   1.8  12.1   13:47     S
24  16.0  20.1   16:30  11.9   05:10   2.5   0.2   0.3   2.0  15.2   15:39     S
25  16.4  18.8   10:09  13.3   23:53   1.9   0.0   0.3   2.0  14.5   14:45     S
26  15.7  19.3   15:48  12.6   05:45   2.6   0.1   0.0   1.5  13.6   13:49   WSW
27  16.9  21.4   15:01  12.4   06:10   1.9   0.5   0.0   2.0  19.0   15:13     S
28  17.6  20.9   16:08  15.1   23:46   1.0   0.3   1.5   3.0  23.5   10:57     S
29  13.9  16.0   10:56   9.7   23:57   4.4   0.0   0.3   1.6   9.8   10:03    SW
30  13.4  18.6   15:50   8.8   06:42   4.9   0.0   0.0   1.6  13.6   14:53    SW
31  13.5  17.9   11:56   9.6   23:51   4.8   0.0   0.3   0.7   8.3   11:58   WSW
----------------------------------------------------------------------------------
    15.3  24.9    22     7.4    10    98.0   6.2  85.8   2.3  23.5    19     SSW

Max >=  27.0  0
Max <=   0.0  0
Min <=   0.0  0
Min <= -18.0  0
Max Rain: 12.6 on day 15
Days of Rain: 22 (>= 0.2 mm)  13 (>= 2.0 mm)  0 (>= 20.0 mm)
Heat Base: 18.3  Cool Base: 18.3  Method: Integration
Update : 09/01/2019 01:15:03
Powered by Cumulus :v3.0.0 (3043)