pic 9

Clifton PWS

sun

Now
Today
Yesterday
This Month
This Year
Monthly records
All Time Records

Archive Charts Gauges NOAA Style reports Shap Weather Station

NOAA Style reports
Select a Year or Month report

Report for 2017 Jul
                   Monthly Climatological Summary for Jul 2017

Name: Clifton Weather Station   City: Clifton   State: Cumbria
Elevation: 159 m  Lat: N 54 37 51   Lon: W 002 43 06

                  Temperature (°C), Rain (mm), Wind Speed (mph)

                                      Heat  Cool        Avg
    Mean                              Deg   Deg         Wind                 Dom
Day Temp  High   Time   Low    Time   Days  Days  Rain  Speed High   Time    Dir
----------------------------------------------------------------------------------
01  15.3  20.2   14:49  12.4   05:14   3.1   0.1   0.0   2.5  19.0   15:11   SSW
02  14.6  18.6   17:40  11.8   05:41   3.7   0.0   0.0   3.7  16.8   10:29   SSW
03  15.5  18.8   17:01  12.4   23:43   2.9   0.0   0.9   2.5  13.6   16:06    SW
04  14.1  17.4   14:47  11.4   04:19   4.2   0.0  10.2   0.9  10.7   16:57     S
05  16.2  21.5   17:43  13.0   05:22   2.5   0.4   0.3   0.9  10.7   13:21     E
06  18.8  25.4   14:28  14.3   00:00   1.3   1.8   0.0   0.9  12.1   14:43    NW
07  16.9  21.0   12:33  12.4   23:58   1.8   0.5   3.0   1.9  15.9   13:30   SSW
08  14.9  20.3   17:20  10.2   04:53   3.6   0.2   0.0   2.0  13.0   17:49   WSW
09  17.0  20.9   14:29  10.9   01:35   2.0   0.7   0.0   2.2  15.9   11:55     S
10  15.5  19.5   15:49  13.1   22:43   2.9   0.1   3.3   1.7  14.5   17:30     W
11  14.6  19.6   18:12  10.8   23:53   3.8   0.1   6.0   0.4   7.6   19:13   ESE
12  14.7  20.7   16:04   8.2   04:46   4.0   0.4   0.0   1.2   7.6   13:26    SW
13  15.8  22.0   14:21   9.4   04:38   3.2   0.6   2.4   2.9  19.7   12:26     S
14  15.0  19.3   14:52  12.4   03:34   3.4   0.1   1.5   3.1  18.3   16:17   WSW
15  17.6  21.8   16:37  13.7   00:00   1.6   0.9   3.3   3.1  22.1   19:54     S
16  16.6  19.8   15:55  12.5   23:59   1.9   0.1   0.3   2.5  17.4   13:18   WSW
17  17.0  22.8   17:54  10.5   03:04   2.6   1.3   0.0   1.8  13.6   16:13     W
18  18.9  26.7   14:12  10.2   04:49   2.4   3.0   0.0   1.5  13.6   15:08     E
19  19.0  24.7   16:05  14.4   03:36   1.1   1.7   5.1   1.7  17.4   07:09     E
20  15.7  18.5   17:05  11.2   23:59   2.6   0.0   0.6   3.2  16.8   06:19   SSW
21  15.7  20.3   18:05  10.4   00:58   2.8   0.2   3.6   2.2  22.8   22:43     E
22  15.9  19.9   17:32  13.9   12:17   2.4   0.0  20.1   1.1  14.5   01:24   ENE
23  15.3  19.7   12:39  11.5   05:24   3.1   0.1   5.4   1.8  14.5   21:18   WNW
24  16.6  21.3   18:41  13.3   23:56   2.2   0.6   0.0   1.7  13.0   02:07    NW
25  15.9  21.4   17:56  10.2   03:47   3.0   0.6   0.0   0.5   6.0   16:04   WNW
26  16.0  20.2   12:24  12.8   23:49   2.5   0.2   5.7   2.9  19.0   11:28     S
27  14.3  18.3   17:29  10.7   05:13   4.0   0.0   1.5   2.4  17.4   17:52     S
28  15.0  19.9   17:49  12.4   05:56   3.4   0.1   4.8   2.9  15.9   16:20     S
29  15.1  18.7   16:40  13.0   07:15   3.2   0.0   3.3   3.2  18.3   17:40     S
30  15.3  19.2   13:04  12.1   05:25   3.1   0.1   3.0   3.3  25.1   16:45     S
31  15.2  18.6   14:34  12.2   05:40   3.1   0.0   2.7   4.1  20.6   14:25     S
----------------------------------------------------------------------------------
    15.9  26.7    18     8.2    12    87.4  13.9  87.0   2.2  25.1    30     SSW

Max >=  27.0  0
Max <=   0.0  0
Min <=   0.0  0
Min <= -18.0  0
Max Rain: 20.1 on day 22
Days of Rain: 21 (>= 0.2 mm)  15 (>= 2.0 mm)  1 (>= 20.0 mm)
Heat Base: 18.3  Cool Base: 18.3  Method: Integration
Update : 09/01/2019 01:15:03
Powered by Cumulus :v3.0.0 (3043)