pic 9

Clifton PWS

sun

Now
Today
Yesterday
This Month
This Year
Monthly records
All Time Records

Archive Charts Gauges NOAA Style reports Shap Weather Station

NOAA Style reports
Select a Year or Month report

Report for 2017 May
                   Monthly Climatological Summary for May 2017

Name: Clifton Weather Station   City: Clifton   State: Cumbria
Elevation: 159 m  Lat: N 54 37 51   Lon: W 002 43 06

                  Temperature (°C), Rain (mm), Wind Speed (mph)

                                      Heat  Cool        Avg
    Mean                              Deg   Deg         Wind                 Dom
Day Temp  High   Time   Low    Time   Days  Days  Rain  Speed High   Time    Dir
----------------------------------------------------------------------------------
01  12.3  18.6   15:04   8.4   23:57   6.0   0.0   0.0   1.0  13.6   13:21   NNE
02  11.8  17.3   17:29   7.2   05:03   6.5   0.0   0.0   0.7   6.9   13:39   NNE
03  10.9  17.5   16:52   5.1   05:43   7.4   0.0   0.0   1.9  16.8   15:25     N
04  11.0  16.7   13:46   6.4   05:55   7.3   0.0   0.0   2.5  15.9   15:27   NNE
05  10.3  16.4   14:37   4.3   04:19   8.0   0.0   0.0   1.9  13.6   15:24   NNE
06  10.3  16.5   16:42   4.9   04:00   8.0   0.0   0.0   1.1  13.0   01:25   NNE
07  10.0  15.5   13:22   5.3   05:05   8.3   0.0   0.0   1.3   9.2   22:25   NNW
08   9.2  14.0   15:28   3.9   23:58   9.1   0.0   0.0   2.0  16.8   11:27     N
09   7.8  14.9   18:14   0.8   05:50  10.5   0.0   0.0   1.3   7.6   10:57     W
10  10.4  18.4   17:05   2.0   05:24   7.9   0.0   0.0   0.8   9.2   12:35     W
11  12.3  20.7   16:29   3.4   05:46   6.3   0.3   0.0   1.2  16.8   12:33   ENE
12  13.4  20.9   13:06   8.7   04:29   4.9   0.1   0.0   1.0  13.0   13:33   ESE
13  12.7  16.1   17:49  11.0   01:27   5.6   0.0   2.1   3.7  28.9   16:58   SSE
14  13.3  17.3   15:10  10.1   06:27   5.0   0.0   0.9   4.3  25.9   16:29     S
15  12.8  16.1   17:13   8.9   02:54   5.5   0.0   2.7   4.5  24.4   13:18   SSE
16  14.7  17.2   18:34  10.6   23:05   3.6   0.0   2.4   4.4  28.2   14:37   SSE
17  13.6  18.2   14:44   9.8   23:56   4.7   0.0   0.0   0.9  10.7   10:05     S
18  12.2  17.9   14:32   5.4   04:24   6.1   0.0   0.0   1.6  16.8   11:00     S
19  12.0  17.5   15:10   6.7   04:04   6.3   0.0   0.0   0.8   8.3   13:56     W
20  11.7  15.4   17:28   8.4   05:28   6.6   0.0   0.0   2.8  23.5   12:08   SSE
21  13.2  18.4   16:51   8.7   00:50   5.1   0.0   0.3   2.4  18.3   15:45   SSE
22  15.4  22.0   15:12  10.5   03:42   3.2   0.3   0.0   2.8  22.1   19:16   SSE
23  15.5  21.1   17:43   9.7   05:43   3.1   0.3   0.0   2.0  13.6   09:55    SW
24  18.3  23.1   13:08  13.8   23:59   1.2   1.2   0.0   1.5  13.6   14:47     W
25  20.0  27.7   16:35  13.1   06:15   1.7   3.5   0.0   0.9  10.7   15:13   SSE
26  21.7  28.2   16:57  15.0   04:25   0.6   4.0   0.0   1.8  17.4   10:56   ESE
27  19.2  28.9   14:24  13.2   05:31   1.1   2.0   3.0   1.4  29.8   14:40   SSE
28  17.0  22.3   18:07  13.2   06:35   2.0   0.7   0.0   3.0  25.9   03:12    SW
29  14.5  16.0   15:00  13.2   10:01   3.8   0.0   2.7   1.0  10.7   14:50     E
30  15.1  19.4   13:51  10.4   23:21   3.2   0.0   0.9   2.5  19.7   14:46    SW
31  14.8  21.9   17:34   6.8   05:30   4.1   0.6   0.0   1.2  10.7   01:03   SSE
----------------------------------------------------------------------------------
    13.5  28.9    27     0.8     9   162.7  13.0  15.0   1.9  29.8    27     SSE

Max >=  27.0  3
Max <=   0.0  0
Min <=   0.0  0
Min <= -18.0  0
Max Rain: 3.0 on day 27
Days of Rain: 8 (>= 0.2 mm)  5 (>= 2.0 mm)  0 (>= 20.0 mm)
Heat Base: 18.3  Cool Base: 18.3  Method: Integration
Update : 09/01/2019 01:15:03
Powered by Cumulus :v3.0.0 (3043)