pic 9

Clifton PWS

sun

Now
Today
Yesterday
This Month
This Year
Monthly records
All Time Records

Archive Charts Gauges NOAA Style reports Shap Weather Station

NOAA Style reports
Select a Year or Month report

Report for 2017 Apr
                   Monthly Climatological Summary for Apr 2017

Name: Clifton Weather Station   City: Clifton   State: Cumbria
Elevation: 159 m  Lat: N 54 37 51   Lon: W 002 43 06

                  Temperature (°C), Rain (mm), Wind Speed (mph)

                                      Heat  Cool        Avg
    Mean                              Deg   Deg         Wind                 Dom
Day Temp  High   Time   Low    Time   Days  Days  Rain  Speed High   Time    Dir
----------------------------------------------------------------------------------
01  10.4  13.9   16:10   8.2   23:17   7.9   0.0   4.5   2.0  14.5   18:24   WSW
02   9.2  13.4   14:43   5.2   23:59   9.1   0.0   0.0   1.1   9.8   18:19     W
03   8.8  13.7   14:21   3.8   05:19   9.5   0.0   0.0   3.4  19.7   21:37   SSE
04   9.8  12.9   15:42   7.8   21:50   8.5   0.0   0.3   4.1  19.7   09:27     W
05   9.3  11.9   16:28   7.1   05:05   9.0   0.0   0.0   4.2  18.3   10:00     W
06   8.4  11.2   16:04   4.2   05:20   9.9   0.0   0.0   2.8  15.2   13:09    SW
07   8.8  12.0   14:52   3.5   23:58   9.5   0.0   0.0   2.4  11.4   06:40     W
08   8.2  17.8   16:54   0.1   05:56  10.1   0.0   0.0   0.9   9.8   18:20   SSE
09  10.6  17.4   13:27   5.1   06:17   7.7   0.0   0.0   3.6  25.1   19:18   SSW
10   8.8  12.9   15:48   5.9   01:36   9.5   0.0   0.0   4.2  18.3   16:00     W
11   9.1  11.8   16:31   5.7   01:40   9.2   0.0   0.0   5.6  25.9   18:38    SW
12   9.3  11.8   14:24   6.2   23:56   9.0   0.0   1.5   6.7  26.6   16:31   WSW
13   7.9  11.4   13:57   4.8   06:16  10.4   0.0   0.3   4.2  18.3   13:40    SW
14   9.2  13.1   12:59   7.2   23:40   9.1   0.0   0.3   4.3  19.7   11:43    SW
15   7.7  11.0   16:00   5.3   05:15  10.6   0.0   0.3   6.1  28.2   14:32   WSW
16   7.4  11.3   16:58   5.3   05:51  10.9   0.0   9.3   2.3  19.0   02:48    SW
17   7.8  11.6   16:49   4.6   04:47  10.5   0.0   0.9   1.1  10.7   17:08   WNW
18   5.9  12.8   16:03  -0.4   06:01  12.4   0.0   0.0   0.9   8.3   13:16    SW
19   9.0  13.8   16:31   5.1   02:35   9.3   0.0   0.3   1.1  13.0   15:08     S
20  11.2  13.6   11:52   9.1   02:26   7.1   0.0   0.0   2.9  16.8   12:41   WSW
21  11.3  14.4   14:58   7.8   23:59   7.0   0.0   0.0   4.6  24.4   15:35   WSW
22   8.5  12.8   14:53   3.8   04:22   9.8   0.0   0.0   2.3  15.9   16:12     W
23   8.0  13.5   14:36   1.2   05:51  10.3   0.0   0.0   2.4  17.4   18:49    SW
24   7.0  10.0   14:51   1.0   23:55  11.3   0.0   1.8   5.0  23.5   17:07     W
25   3.6   8.4   13:38  -0.2   03:07  14.7   0.0   0.9   3.4  19.7   09:28    NW
26   5.0   9.9   16:25   0.2   04:45  13.3   0.0   0.0   2.5  12.1   09:07   WNW
27   8.5  13.4   15:29   3.8   01:03   9.8   0.0   3.3   2.6  15.9   11:51     W
28   8.5  13.0   15:11   2.9   04:29   9.8   0.0   0.0   1.1   8.3   17:41    SW
29  10.3  14.8   15:19   7.0   06:06   8.0   0.0   0.3   1.4  12.1   11:50    SE
30  11.5  17.1   14:17   7.3   04:06   6.8   0.0   0.0   2.5  22.1   08:10     E
----------------------------------------------------------------------------------
     8.6  17.8     8    -0.4    18   290.0   0.0  24.0   3.1  28.2    15     WSW

Max >=  27.0  0
Max <=   0.0  0
Min <=   0.0  2
Min <= -18.0  0
Max Rain: 9.3 on day 16
Days of Rain: 13 (>= 0.2 mm)  3 (>= 2.0 mm)  0 (>= 20.0 mm)
Heat Base: 18.3  Cool Base: 18.3  Method: Integration
Update : 09/01/2019 01:15:03
Powered by Cumulus :v3.0.0 (3043)