pic 9

Clifton PWS

sun

Now
Today
Yesterday
This Month
This Year
Monthly records
All Time Records

Archive Charts Gauges NOAA Style reports Shap Weather Station

NOAA Style reports
Select a Year or Month report

Report for 2017 Feb
                   Monthly Climatological Summary for Feb 2017

Name: Clifton Weather Station   City: Clifton   State: Cumbria
Elevation: 159 m  Lat: N 54 37 51   Lon: W 002 43 06

                  Temperature (°C), Rain (mm), Wind Speed (mph)

                                      Heat  Cool        Avg
    Mean                              Deg   Deg         Wind                 Dom
Day Temp  High   Time   Low    Time   Days  Days  Rain  Speed High   Time    Dir
----------------------------------------------------------------------------------
01   7.8   9.7   14:59   6.6   03:27  10.5   0.0   1.5   2.3  21.3   11:56    SE
02   9.9  10.9   14:44   7.7   02:51   8.4   0.0   0.6   4.6  26.6   23:34   ESE
03   7.6   9.8   00:09   6.1   23:51  10.7   0.0   3.9   5.6  33.6   02:11    SE
04   4.3   6.6   13:30   2.0   21:45  14.0   0.0   0.6   2.8  17.4   01:29   SSE
05   3.4   7.0   14:27  -0.2   23:39  14.9   0.0   0.3   0.8   9.2   11:35   SSE
06   2.5   6.2   13:25  -0.9   05:09  15.8   0.0   2.1   1.9  21.3   17:55     E
07   5.0   7.9   13:04   3.3   00:00  13.3   0.0   2.4   1.1  11.4   02:33   SSE
08   3.5   5.3   12:13   1.0   23:54  14.8   0.0   0.3   0.6  10.7   10:33   ESE
09   1.9   3.5   11:53   0.8   00:20  16.4   0.0   0.0   0.3   9.8   10:19     E
10   1.5   3.5   14:14   0.3   21:54  16.8   0.0   0.0   1.2   9.2   22:57     N
11   2.4   3.9   12:09   0.3   00:15  15.9   0.0   1.8   4.0  17.4   20:53     N
12   2.9   4.1   12:17   1.4   07:35  15.4   0.0   0.3   6.1  27.3   05:02   NNE
13   4.7   8.3   14:59   2.6   19:48  13.6   0.0   0.0   1.7  24.4   01:35     E
14   4.7   7.0   14:35   2.7   06:53  13.6   0.0   0.3   2.6  20.6   07:49     E
15   7.7   9.7   12:02   5.9   00:00  10.6   0.0   0.9   1.6  15.2   16:54    SE
16   8.0   9.5   11:30   6.6   06:09  10.3   0.0   1.2   5.3  20.6   05:13   SSW
17   8.8  10.9   12:19   7.1   07:21   9.5   0.0   0.9   0.7   9.8   23:07    SE
18   9.2  11.1   10:25   7.2   05:07   9.1   0.0   0.3   4.6  23.5   12:53     S
19   9.3  11.7   13:48   7.0   06:38   9.0   0.0   0.0   3.3  18.3   00:00   SSW
20  10.7  12.6   08:32   7.6   21:00   7.7   0.0   1.2   7.0  25.9   14:24    SW
21   8.8  11.6   13:18   5.0   07:38   9.4   0.0   8.1   5.9  33.6   23:32   SSW
22   7.0  10.5   00:00   5.4   23:46  11.3   0.0   4.5   7.1  29.8   00:29    SW
23   4.7   8.3   05:59   2.5   20:57  13.6   0.0  13.2   4.2  27.3   06:32     W
24   4.6   7.2   13:14   1.4   07:44  13.7   0.0   0.3   4.0  15.9   04:47   SSW
25   8.5  12.4   15:04   5.5   00:03   9.8   0.0   6.6   6.9  33.6   03:00     S
26   7.4   9.2   16:41   4.7   23:43  10.9   0.0  11.7   7.3  39.6   15:26     S
27   4.6   7.4   12:25   1.5   23:59  13.7   0.0   3.9   2.6  15.2   02:21     S
28   2.7   7.4   14:31  -1.1   06:45  15.6   0.0   0.6   0.7  10.7   12:54    SW
----------------------------------------------------------------------------------
     5.9  12.6    20    -1.1    28   348.3   0.0  67.5   3.5  39.6    26       S

Max >=  27.0  0
Max <=   0.0  0
Min <=   0.0  3
Min <= -18.0  0
Max Rain: 13.2 on day 23
Days of Rain: 24 (>= 0.2 mm)  9 (>= 2.0 mm)  0 (>= 20.0 mm)
Heat Base: 18.3  Cool Base: 18.3  Method: Integration
Update : 09/01/2019 01:15:03
Powered by Cumulus :v3.0.0 (3043)