pic 9

Clifton PWS

sun

Now
Today
Yesterday
This Month
This Year
Monthly records
All Time Records

Archive Charts Gauges NOAA Style reports Shap Weather Station

NOAA Style reports
Select a Year or Month report

Report for 2017 Jan
                   Monthly Climatological Summary for Jan 2017

Name: Clifton Weather Station   City: Clifton   State: Cumbria
Elevation: 159 m  Lat: N 54 37 51   Lon: W 002 43 06

                  Temperature (°C), Rain (mm), Wind Speed (mph)

                                      Heat  Cool        Avg
    Mean                              Deg   Deg         Wind                 Dom
Day Temp  High   Time   Low    Time   Days  Days  Rain  Speed High   Time    Dir
----------------------------------------------------------------------------------
01   3.3   6.6   00:00   1.0   23:48  15.0   0.0   3.9   2.3  13.0   10:04    NW
02   0.5   4.1   23:35  -2.1   09:09  17.8   0.0   0.3   0.8   9.8   22:24   WSW
03   6.0   8.0   21:58   3.0   01:45  12.3   0.0   0.0   4.8  23.5   21:49   WSW
04   4.5   7.8   01:47   2.0   23:41  13.8   0.0   0.0   2.2  18.3   02:28   WNW
05   0.1   2.9   14:30  -3.1   08:25  18.2   0.0   0.0   0.9  14.5   22:01    SE
06   4.8   7.1   13:38   1.5   00:26  13.5   0.0   0.9   1.1  19.0   09:27   ESE
07   7.2   9.0   14:20   6.1   00:00  11.1   0.0   1.2   0.2   3.8   10:02   ENE
08   7.7  10.0   13:12   6.5   19:16  10.6   0.0   0.9   0.5  10.7   23:20    SE
09   7.1   9.6   04:19   5.2   17:47  11.2   0.0   6.3   7.5  28.9   06:08   SSW
10   7.4   8.9   17:46   5.6   01:30  10.9   0.0   0.3   5.7  23.5   01:55    SW
11   5.8  10.9   02:03   3.0   23:59  12.5   0.0   5.1  10.8  45.6   08:30   WSW
12   2.2   3.8   00:45   0.3   23:26  16.1   0.0   2.4   4.5  27.3   02:18    SW
13   1.4   3.9   12:55  -1.7   22:36  16.9   0.0   0.3   4.9  31.1   05:15     W
14   2.4   5.0   13:32   0.1   00:00  15.9   0.0   0.0   1.7  15.2   01:02   WNW
15   6.9   9.6   14:04   1.3   00:00  11.4   0.0   9.0   1.9  15.9   06:56     W
16   8.8  10.0   14:11   8.0   23:33   9.5   0.0   0.3   1.1   9.8   11:41   WNW
17   7.9   9.2   13:36   7.1   04:31  10.4   0.0   0.3   0.0   3.8   00:30   WSW
18   7.6   8.6   13:14   6.2   23:54  10.7   0.0   0.0   0.3   6.9   15:08   WSW
19   6.6   7.9   11:29   5.8   00:37  11.7   0.0   0.0   0.6   8.3   13:36    SW
20   4.7   6.3   15:13   0.4   23:10  13.6   0.0   0.3   0.2   7.6   12:44    SE
21   1.8   3.8   13:30  -1.7   08:25  16.5   0.0   0.0   0.5  11.4   13:35     E
22   2.2   3.6   00:02   1.1   20:02  16.1   0.0   0.3   0.6  10.7   08:58    SE
23   2.1   5.5   15:02  -0.9   08:42  16.2   0.0   0.0   0.3  10.7   21:58    SE
24   6.0   8.0   18:30   3.0   00:41  12.3   0.0   0.0   1.4  15.9   12:12    SE
25   5.8   7.8   13:47   2.1   21:47  12.5   0.0   0.0   1.9  13.6   14:32     E
26   0.3   3.0   13:42  -2.2   22:23  17.9   0.0   0.0   2.5  15.9   14:42    SE
27   0.8   4.8   13:19  -2.4   03:52  17.5   0.0   0.3   1.3  19.0   12:00   ESE
28   3.3   5.5   11:54   1.0   20:38  15.0   0.0   2.7   1.4  15.2   12:30   SSW
29   2.1   6.8   14:30  -0.4   23:46  16.2   0.0   1.8   1.0  12.1   00:34   SSE
30   3.2   6.5   14:18  -0.9   02:09  15.1   0.0   0.3   2.0  14.5   13:47   ESE
31   6.6   8.4   18:37   5.1   00:09  11.7   0.0   9.9   2.0  15.9   17:57     E
----------------------------------------------------------------------------------
     4.4  10.9    11    -3.1     5   430.1   0.0  46.8   2.2  45.6    11      SW

Max >=  27.0  0
Max <=   0.0  0
Min <=   0.0  9
Min <= -18.0  0
Max Rain: 9.9 on day 31
Days of Rain: 20 (>= 0.2 mm)  7 (>= 2.0 mm)  0 (>= 20.0 mm)
Heat Base: 18.3  Cool Base: 18.3  Method: Integration
Update : 09/01/2019 01:15:03
Powered by Cumulus :v3.0.0 (3043)