pic 9

Clifton PWS

sun

Now
Today
Yesterday
This Month
This Year
Monthly records
All Time Records

Archive Charts Gauges NOAA Style reports Shap Weather Station

NOAA Style reports
Select a Year or Month report
V/Λ2019 > Jan Feb Mar Apr May Jun Jul Aug Sep Oct Nov Dec
V/Λ2018 > Jan Feb Mar Apr May Jun Jul Aug Sep Oct Nov Dec
V/Λ2017 > Jan Feb Mar Apr May Jun Jul Aug Sep Oct Nov Dec
V/Λ2016 > Jan Feb Mar Apr May Jun Jul Aug Sep Oct Nov Dec
V/Λ2015 > Jan Feb Mar Apr May Jun Jul Aug Sep Oct Nov Dec
V/Λ2014 > Jan Feb Mar Apr May Jun Jul Aug Sep Oct Nov Dec
V/Λ2013 > Jan Feb Mar Apr May Jun Jul Aug Sep Oct Nov Dec
V/Λ2012 > Jan Feb Mar Apr May Jun Jul Aug Sep Oct Nov Dec
V/Λ2011 > Jan Feb Mar Apr May Jun Jul Aug Sep Oct Nov Dec
V/Λ2010 > Jan Feb Mar Apr May Jun Jul Aug Sep Oct Nov Dec
V/Λ2009 > Jan Feb Mar Apr May Jun Jul Aug Sep Oct Nov Dec

Report for 2017
                   Annual Climatological Summary for 2017

Name: Clifton Weather Station   City: Clifton   State: Cumbria
Elevation: 159 m  Lat: N 54 37 51   Lon: W 002 43 06

                  Temperature (°C), Heat Base: 18.3  Cool Base: 18.3
                          Dep.  Heat  Cool                       Max  Max  Min  Min
        Mean  Mean        From  Deg   Deg                        >=   <=   <=   <=
 YR MO  Max   Min   Mean  Norm  Days  Days  Hi  Date  Low  Date 27.0  0.0  0.0 -18.0
------------------------------------------------------------------------------------
 17  1   6.9   1.9   4.4   0.0   430     0  10.9  11  -3.1    5    0    0    9    0
 17  2   8.3   3.6   5.9   0.0   348     0  12.6  20  -1.1   28    0    0    3    0
 17  3  11.4   4.3   7.7   0.0   329     0  16.5  26  -0.5   25    0    0    2    0
 17  4  12.9   4.6   8.6   0.0   290     0  17.8   8  -0.4   18    0    0    2    0
 17  5  19.1   8.4  13.5   0.0   163    13  28.9  27   0.8    9    3    0    0    0
 17  6  19.6  11.4  15.4   0.0   106    18  27.9  21   6.7    3    1    0    0    0
 17  7  20.5  11.9  15.9   0.0    87    14  26.7  18   8.2   12    0    0    0    0
 17  8  19.4  11.5  15.3   0.0    98     6  24.9  22   7.4   10    0    0    0    0
 17  9  16.5   9.5  12.9   0.0   164     0  20.4   4   3.0   19    0    0    0    0
 17 10  14.5   8.8  11.7   0.0   206     0  18.4  16  -0.4   30    0    0    1    0
 17 11   8.8   2.8   6.0   0.0   370     0  13.8   1  -2.1   19    0    0    6    0
 17 12   6.5   1.0   3.8   0.0   449     0  12.2   7  -7.5   11    0    1   13    0
------------------------------------------------------------------------------------
        13.7   6.6  10.1   0.0  3040    51  28.9 May  -7.5  Dec    4    1   36    0

                                Precipitation (mm)

              Dep.   Max        Days of Rain
              From   Obs.           >=
 YR MO Total  Norm   Day Date  0.2  2.0 20.0
---------------------------------------------
 17  1  46.8   0.0   9.9  31    20    7    0
 17  2  67.5   0.0  13.2  23    24    9    0
 17  3 106.5   0.0  24.3  22    24   14    1
 17  4  24.0   0.0   9.3  16    13    3    0
 17  5  15.0   0.0   3.0  27     8    5    0
 17  6 144.3   0.0  26.7  29    20   13    2
 17  7  87.0   0.0  20.1  22    21   15    1
 17  8  85.8   0.0  12.6  15    22   13    0
 17  9 138.9   0.0  16.5  13    25   18    0
 17 10  90.9   0.0  17.4  19    20   15    0
 17 11  86.1   0.0  32.7  22    19    7    1
 17 12  87.6   0.0  14.1   7    20    9    0
---------------------------------------------
       980.4   0.0  32.7  Nov  236  128    5

                                Wind Speed (mph)
                          Dom
 YR MO   Avg.  Hi   Date  Dir
------------------------------
 17  1   2.2  45.6   11    SW
 17  2   3.5  39.6   26     S
 17  3   2.9  28.9   20   SSW
 17  4   3.1  28.2   15   WSW
 17  5   1.9  29.8   27   SSE
 17  6   3.0  34.2   11   SSW
 17  7   2.2  25.1   30   SSW
 17  8   2.3  23.5   19   SSW
 17  9   1.9  23.5   10   SSW
 17 10   3.5  51.0   16   SSW
 17 11   2.8  39.6   22    SW
 17 12   2.7  40.3    7    SW
------------------------------
         2.7  51.0  Oct   SSW
Update : 09/01/2019 01:15:03
Powered by Cumulus :v3.0.0 (3043)