pic 9

Clifton PWS

sun

Now
Today
Yesterday
This Month
This Year
Monthly records
All Time Records

Archive Charts Gauges NOAA Style reports Shap Weather Station

NOAA Style reports
Select a Year or Month report

Report for 2016 Dec
                   Monthly Climatological Summary for Dec 2016

Name: Clifton Weather Station   City: Clifton   State: Cumbria
Elevation: 159 m  Lat: N 54 37 51   Lon: W 002 43 06

                  Temperature (°C), Rain (mm), Wind Speed (mph)

                                      Heat  Cool        Avg
    Mean                              Deg   Deg         Wind                 Dom
Day Temp  High   Time   Low    Time   Days  Days  Rain  Speed High   Time    Dir
----------------------------------------------------------------------------------
01   8.1   9.9   12:42   5.7   19:58  10.2   0.0   0.0   2.5  15.2   02:33   WSW
02   5.0   7.2   13:37   2.1   04:57  13.3   0.0   0.6   0.2   9.8   07:24    SW
03   4.2   5.7   13:43   1.8   08:39  14.1   0.0   0.0   0.2   6.9   13:05     E
04   1.9   5.2   13:22  -1.6   08:35  16.4   0.0   0.0   0.7   9.8   14:01    SE
05   2.2   5.5   13:34   0.1   07:52  16.1   0.0   0.3   0.9   8.3   01:39    SE
06   6.0  10.2   23:58   1.7   00:00  12.3   0.0   0.9   1.1  15.2   22:34     E
07  11.9  13.8   16:32   9.5   03:25   6.4   0.0   0.6   4.6  25.1   13:13   SSE
08   9.4  12.1   01:01   4.7   22:04   8.9   0.0   8.4   1.1  13.0   01:14   SSW
09  10.6  12.7   12:47   7.0   00:00   7.7   0.0   1.8   2.5  16.8   06:43   SSE
10   9.2  10.8   13:06   7.3   23:53   9.1   0.0   0.0   3.0  19.0   08:00   SSW
11   8.2   9.9   13:26   6.3   23:49  10.1   0.0   0.3   3.8  17.4   06:48    SW
12   5.8   7.2   11:55   3.0   06:02  12.5   0.0   1.2   0.3   8.3   10:58    SE
13   7.8   9.5   12:45   6.7   00:00  10.5   0.0   0.9   0.5   8.3   15:12     E
14   9.7  11.9   13:43   7.7   18:06   8.6   0.0   0.0   1.7  17.4   15:58   ESE
15   8.5  10.1   12:27   5.9   03:13   9.8   0.0   1.2   1.8  15.2   11:54    SE
16   8.2   9.1   19:41   5.3   23:57  10.1   0.0   0.0   0.7  11.4   19:09     S
17   2.2   5.3   00:00   0.1   08:45  16.1   0.0   0.0   0.2   4.5   09:49     S
18   4.3   9.3   12:45   1.9   23:43  14.0   0.0   0.3   0.3   3.8   23:46   SSE
19   3.8   6.7   19:25   0.5   04:18  14.5   0.0   0.3   0.4   4.5   17:04    SW
20   5.5   6.1   13:14   4.9   19:29  12.8   0.0   0.9   4.3  23.5   16:13   SSE
21   5.3   6.6   11:57   4.1   17:13  13.0   0.0   8.1   4.0  25.1   12:21   SSW
22   6.4   7.2   18:14   5.2   00:00  11.9   0.0   4.5   6.7  26.6   20:23   SSW
23   6.9  10.1   14:37   5.4   23:41  11.4   0.0  16.8   9.0  41.2   12:20     S
24   7.3   9.3   21:35   5.2   03:16  11.0   0.0   6.9  10.6  39.6   12:37    SW
25   9.8  12.7   13:13   6.2   21:19   8.5   0.0   7.2   8.6  31.1   10:23   SSW
26   5.4   6.8   02:06   2.9   08:55  12.9   0.0   3.0  10.8  39.6   07:13    SW
27   4.7   6.3   13:31   1.4   22:32  13.6   0.0   0.0   1.2  13.0   00:09   SSW
28   0.8   4.1   13:51  -1.6   23:49  17.5   0.0   0.0   0.4   6.0   11:33     E
29   2.4   8.2   23:40  -2.5   05:15  15.8   0.0   0.3   1.5  16.8   22:29   SSE
30   9.9  11.3   14:16   6.9   01:34   8.4   0.0   0.0   3.4  17.4   06:12     S
31   9.7  10.7   01:49   6.6   23:49   8.6   0.0   9.3   5.1  24.4   18:47   SSW
----------------------------------------------------------------------------------
     6.5  13.8     7    -2.5    29   366.1   0.0  73.8   3.0  41.2    23     SSW

Max >=  27.0  0
Max <=   0.0  0
Min <=   0.0  3
Min <= -18.0  0
Max Rain: 16.8 on day 23
Days of Rain: 21 (>= 0.2 mm)  8 (>= 2.0 mm)  0 (>= 20.0 mm)
Heat Base: 18.3  Cool Base: 18.3  Method: Integration
Update : 09/01/2019 01:15:03
Powered by Cumulus :v3.0.0 (3043)