pic 9

Clifton PWS

sun

Now
Today
Yesterday
This Month
This Year
Monthly records
All Time Records

Archive Charts Gauges NOAA Style reports Shap Weather Station

NOAA Style reports
Select a Year or Month report

Report for 2016 Nov
                   Monthly Climatological Summary for Nov 2016

Name: Clifton Weather Station   City: Clifton   State: Cumbria
Elevation: 159 m  Lat: N 54 37 51   Lon: W 002 43 06

                  Temperature (°C), Rain (mm), Wind Speed (mph)

                                      Heat  Cool        Avg
    Mean                              Deg   Deg         Wind                 Dom
Day Temp  High   Time   Low    Time   Days  Days  Rain  Speed High   Time    Dir
----------------------------------------------------------------------------------
01   7.6   9.7   02:06   2.6   23:10  10.7   0.0   0.3   0.9  10.7   13:41   WNW
02   3.1   8.5   14:04   0.0   06:57  15.2   0.0   0.0   0.3   6.9   12:55   WNW
03   6.0   8.2   20:40   1.9   00:00  12.3   0.0   3.6   0.7   9.2   20:05     S
04   5.9   8.4   11:02   0.4   10:27  12.3   0.0   3.3   1.4  11.4   12:45   SSW
05   4.6   6.3   12:19   2.5   23:05  13.8   0.0   0.0   3.8  17.4   11:14   WNW
06   3.5   5.2   12:04   1.8   02:36  14.8   0.0   2.7   3.3  16.8   09:27    NW
07   3.6   6.6   14:43   0.6   22:46  14.7   0.0   0.0   1.6  10.7   14:46   WNW
08   1.1   3.9   14:18  -1.8   04:27  17.2   0.0   0.6   0.3   9.8   18:18   ENE
09   2.1   3.7   12:28   0.9   02:57  16.2   0.0  13.2   0.2   5.4   00:09     E
10   4.4   7.9   14:14   1.0   00:36  13.9   0.0   2.7   2.0  15.2   11:29     W
11   2.6   6.4   22:56  -0.5   07:49  15.7   0.0   0.3   1.1  21.3   21:40   ESE
12   8.1  11.6   12:25   5.9   23:53  10.2   0.0   3.9   2.0  18.3   00:24   SSW
13   5.9  10.0   23:57   2.2   06:14  12.4   0.0   3.6   0.5  10.7   23:19     S
14  11.9  14.2   23:59   9.7   01:28   6.4   0.0   1.8   1.6  18.3   23:06     S
15  10.5  14.5   01:14   5.2   19:52   7.9   0.0   0.3   2.9  21.3   03:01    SW
16   7.9  10.1   06:48   5.4   23:56  10.4   0.0   7.5   5.7  25.1   16:11   SSW
17   4.5   6.3   10:48   2.7   16:43  13.8   0.0  11.7   2.5  17.4   08:32   SSW
18   3.1   3.5   00:00   1.6   22:04  15.2   0.0   9.9   3.1   9.8   19:32    SW
19   2.1   5.0   13:35  -0.1   23:52  16.2   0.0   4.5   1.2  15.2   11:33     S
20   0.3   2.6   11:08  -1.5   05:09  18.0   0.0   0.3   1.0  11.4   08:10    SW
21   1.8   5.4   12:24  -3.2   04:45  16.5   0.0   3.3   3.2  28.2   16:51     N
22   4.5   5.4   13:58   3.3   04:10  13.8   0.0   5.4   3.7  22.1   00:03   WNW
23   2.3   5.3   13:31  -1.0   23:30  16.0   0.0   0.0   1.3   6.9   03:02    SW
24  -0.7   3.7   13:47  -3.1   07:59  19.0   0.0   0.0   0.7   5.4   11:49    SW
25  -1.6   3.2   14:23  -4.0   07:45  19.9   0.0   0.0   0.3   3.8   12:07    SW
26  -1.0   3.5   13:58  -5.1   04:47  19.3   0.0   0.3   0.3   6.9   19:40    SW
27   4.5   7.2   12:27   1.5   00:23  13.8   0.0   0.0   0.5   6.9   22:32     W
28   1.8   5.3   13:25  -1.3   23:15  16.5   0.0   0.0   0.3   4.5   03:48   SSW
29   0.2   3.8   14:56  -2.9   07:51  18.1   0.0   0.0   0.3   6.9   18:52    NE
30   7.0   8.6   22:48   1.8   00:00  11.3   0.0   0.0   3.0  15.2   15:15    SW
----------------------------------------------------------------------------------
     3.9  14.5    15    -5.1    26   431.5   0.0  79.2   1.7  28.2    21     WSW

Max >=  27.0  0
Max <=   0.0  0
Min <=   0.0 12
Min <= -18.0  0
Max Rain: 13.2 on day 9
Days of Rain: 20 (>= 0.2 mm)  13 (>= 2.0 mm)  0 (>= 20.0 mm)
Heat Base: 18.3  Cool Base: 18.3  Method: Integration
Update : 09/01/2019 01:15:03
Powered by Cumulus :v3.0.0 (3043)