pic 9

Clifton PWS

sun

Now
Today
Yesterday
This Month
This Year
Monthly records
All Time Records

Archive Charts Gauges NOAA Style reports Shap Weather Station

NOAA Style reports
Select a Year or Month report

Report for 2016 Oct
                   Monthly Climatological Summary for Oct 2016

Name: Clifton Weather Station   City: Clifton   State: Cumbria
Elevation: 159 m  Lat: N 54 37 51   Lon: W 002 43 06

                  Temperature (°C), Rain (mm), Wind Speed (mph)

                                      Heat  Cool        Avg
    Mean                              Deg   Deg         Wind                 Dom
Day Temp  High   Time   Low    Time   Days  Days  Rain  Speed High   Time    Dir
----------------------------------------------------------------------------------
01  10.0  14.4   12:54   7.0   23:48   8.3   0.0   7.5   0.3   5.4   16:41     W
02   9.2  15.2   14:53   5.7   07:08   9.1   0.0   0.0   0.4   6.9   22:52    SW
03   9.1  15.6   14:21   3.6   05:37   9.2   0.0   0.0   0.7  13.6   12:35   ESE
04  13.0  17.2   14:31   7.7   00:00   5.3   0.0   0.0   1.1  14.5   20:35     E
05  12.2  16.6   13:29   9.4   23:56   6.1   0.0   0.0   1.7  21.3   15:14   ESE
06  10.5  15.3   14:22   4.8   07:37   7.8   0.0   0.0   0.6  13.0   13:42     E
07  12.5  15.4   15:57  10.5   01:28   5.8   0.0   0.0   0.4  10.7   11:50   ESE
08  11.2  15.4   14:00   8.3   23:59   7.1   0.0   0.0   0.2   4.5   09:38    SW
09   9.6  14.3   15:09   6.5   07:56   8.7   0.0   0.0   0.3   5.4   09:47    SW
10   8.7  12.7   15:03   4.5   08:09   9.6   0.0   0.3   0.3   7.6   11:00     W
11  10.0  14.3   14:47   5.9   02:07   8.3   0.0   0.0   0.3   8.3   15:13     E
12  10.5  13.6   16:31   8.4   06:59   7.8   0.0   0.3   0.3  12.1   15:43   ESE
13  10.1  13.0   14:01   8.5   19:46   8.2   0.0   0.9   0.4  12.1   14:20   ESE
14  10.1  12.8   15:01   8.4   03:34   8.2   0.0   1.5   0.3  10.7   14:50   ESE
15  10.6  15.0   14:59   7.9   23:25   7.7   0.0   0.0   0.5  13.0   15:30    SE
16   9.8  13.5   15:50   6.2   06:14   8.5   0.0   3.3   1.6  19.7   23:09    SE
17  11.4  14.5   14:33   9.6   22:20   6.9   0.0   5.4   3.3  18.3   12:11   SSE
18   8.7  10.5   03:03   6.8   12:50   9.6   0.0  12.6   2.1  16.8   04:09     W
19   9.7  12.3   15:28   6.6   08:58   8.6   0.0   0.0   1.7  12.1   00:34   WNW
20   9.7  13.4   14:50   7.0   23:18   8.6   0.0   0.3   0.6   6.0   10:46     W
21   8.1  12.8   13:38   4.7   23:58  10.2   0.0   0.0   0.0   3.8   02:01   NNE
22   7.1  12.1   15:02   2.4   03:08  11.2   0.0   0.0   0.1   5.4   20:14     W
23   8.5  11.7   13:42   5.6   23:54   9.8   0.0   0.0   0.4  10.7   07:06    NE
24   6.4  11.9   15:13   1.9   06:07  11.9   0.0   0.3   0.4   4.5   02:34    SW
25   6.3  11.8   15:38   0.7   08:03  12.0   0.0   0.0   0.7  11.4   23:02   SSE
26  11.2  13.1   11:39   8.9   06:32   7.1   0.0   0.3   1.7  13.0   11:28   SSW
27  12.6  14.4   15:34   8.8   03:02   5.7   0.0   0.6   3.6  25.9   20:40     S
28  11.5  13.8   14:18   7.0   23:14   6.8   0.0   0.9   2.3  21.3   00:00    SW
29  11.8  16.2   14:34   7.3   00:00   6.5   0.0   0.0   0.3   8.3   13:51   SSE
30  11.2  13.9   14:10   8.7   07:29   7.4   0.0   0.0   0.1   4.5   01:23     S
31   9.5  12.6   12:41   5.3   07:04   8.8   0.0   0.3   0.4   8.3   15:17     W
----------------------------------------------------------------------------------
    10.0  17.2     4     0.7    25   256.8   0.0  34.5   0.9  25.9    27       S

Max >=  27.0  0
Max <=   0.0  0
Min <=   0.0  0
Min <= -18.0  0
Max Rain: 12.6 on day 18
Days of Rain: 14 (>= 0.2 mm)  4 (>= 2.0 mm)  0 (>= 20.0 mm)
Heat Base: 18.3  Cool Base: 18.3  Method: Integration
Update : 09/01/2019 01:15:03
Powered by Cumulus :v3.0.0 (3043)